261
CDUS41 KALY 120623
CLIALB


CLIMATE REPORT
NATIONAL WEATHER SERVICE ALBANY NY
223 AM EDT SAT MAY 12 2018


...................................

...THE ALBANY NY CLIMATE SUMMARY FOR MAY 11 2018...

CLIMATE NORMAL PERIOD 1981 TO 2010
CLIMATE RECORD PERIOD 1874 TO 2018


WEATHER ITEM   OBSERVED TIME   RECORD YEAR NORMAL DEPARTURE LAST
                VALUE   (LST)  VALUE       VALUE  FROM      YEAR
                                                  NORMAL
..................................................................
TEMPERATURE (F)
 YESTERDAY
  MAXIMUM         66    233 PM  90    1911  68     -2       66
  MINIMUM         49   1140 PM  29    2010  46      3       43
                                      1966
  AVERAGE         58                        57      1       55

PRECIPITATION (IN)
  YESTERDAY        0.00          1.16 1996   0.11  -0.11     0.00
  MONTH TO DATE    0.36                      1.19  -0.83     2.65
  SINCE MAR 1      7.59                      7.57   0.02     9.60
  SINCE JAN 1     13.06                     12.36   0.70    15.58

SNOWFALL (IN)
  YESTERDAY        0.0           0.5  1907   0.0    0.0      0.0
  MONTH TO DATE    0.0                       0.1   -0.1       T
  SINCE MAR 1     38.4                      13.4   25.0     19.6
  SINCE JUL 1     77.3                      60.3   17.0     60.8
  SNOW DEPTH       0

DEGREE DAYS
 HEATING
  YESTERDAY        7                         9     -2       10
  MONTH TO DATE   31                       112    -81      151
  SINCE MAR 1   1691                      1561    130     1549
  SINCE JUL 1   6233                      6505   -272     5712

 COOLING
  YESTERDAY        0                         0      0        0
  MONTH TO DATE   19                         0     19        0
  SINCE MAR 1     19                         4     15       22
  SINCE JAN 1     19                         4     15       22
..................................................................


WIND (MPH)
  HIGHEST WIND SPEED    24   HIGHEST WIND DIRECTION     W (270)
  HIGHEST GUST SPEED    30   HIGHEST GUST DIRECTION    NW (300)
  AVERAGE WIND SPEED    11.2


SKY COVER
  AVERAGE SKY COVER 0.6



RELATIVE HUMIDITY (PERCENT)
 HIGHEST    64
 LOWEST     24
 AVERAGE    44

..........................................................


THE ALBANY NY CLIMATE NORMALS FOR TODAY
                         NORMAL    RECORD    YEAR
 MAXIMUM TEMPERATURE (F)   68        91      1881
 MINIMUM TEMPERATURE (F)   46        29      1969


SUNRISE AND SUNSET
MAY 12 2018...........SUNRISE   536 AM EDT   SUNSET   808 PM EDT
MAY 13 2018...........SUNRISE   535 AM EDT   SUNSET   809 PM EDT


-  INDICATES NEGATIVE NUMBERS.
R  INDICATES RECORD WAS SET OR TIED.
MM INDICATES DATA IS MISSING.
T  INDICATES TRACE AMOUNT.




$$
