693
CDUS41 KALY 222057
CLIALB


CLIMATE REPORT
NATIONAL WEATHER SERVICE ALBANY NY
457 PM EDT TUE MAY 22 2018


...................................

...THE ALBANY NY CLIMATE SUMMARY FOR MAY 22 2018...
VALID TODAY AS OF 0400 PM LOCAL TIME.

CLIMATE NORMAL PERIOD 1981 TO 2010
CLIMATE RECORD PERIOD 1874 TO 2018


WEATHER ITEM   OBSERVED TIME   RECORD YEAR NORMAL DEPARTURE LAST
                VALUE   (LST)  VALUE       VALUE  FROM      YEAR
                                                  NORMAL
..................................................................
TEMPERATURE (F)
 TODAY
  MAXIMUM         63    259 PM  97    1911  71     -8       61
  MINIMUM         55   1215 AM  33    2002  49      6       49
  AVERAGE         59                        60     -1       55

PRECIPITATION (IN)
  TODAY            0.09          1.15 2013   0.12  -0.03     0.13
  MONTH TO DATE    1.43                      2.46  -1.03     3.86
  SINCE MAR 1      8.66                      8.84  -0.18    10.81
  SINCE JAN 1     14.13                     13.63   0.50    16.79

SNOWFALL (IN)
  TODAY            0.0           0.0    MM   0.0    0.0      0.0
  MONTH TO DATE    0.0                       0.1   -0.1       T
  SINCE MAR 1     38.4                      13.4   25.0     19.6
  SINCE JUL 1     77.3                      60.3   17.0     60.8
  SNOW DEPTH       0

DEGREE DAYS
 HEATING
  TODAY            6                         6      0       10
  MONTH TO DATE   79                       190   -111      220
  SINCE MAR 1   1739                      1639    100     1618
  SINCE JUL 1   6281                      6583   -302     5781

 COOLING
  TODAY            0                         1     -1        0
  MONTH TO DATE   28                        11     17       24
  SINCE MAR 1     28                        15     13       46
  SINCE JAN 1     28                        15     13       46
..................................................................


WIND (MPH)
  HIGHEST WIND SPEED    13   HIGHEST WIND DIRECTION     S (180)
  HIGHEST GUST SPEED    17   HIGHEST GUST DIRECTION     S (160)
  AVERAGE WIND SPEED     2.2


SKY COVER
  AVERAGE SKY COVER 1.0



RELATIVE HUMIDITY (PERCENT)
 HIGHEST    84          1200 PM
 LOWEST     67          1200 AM
 AVERAGE    76

..........................................................


THE ALBANY NY CLIMATE NORMALS FOR TOMORROW
                         NORMAL    RECORD    YEAR
 MAXIMUM TEMPERATURE (F)   72        93      1964
 MINIMUM TEMPERATURE (F)   49        36      1967


SUNRISE AND SUNSET
MAY 22 2018...........SUNRISE   526 AM EDT   SUNSET   818 PM EDT
MAY 23 2018...........SUNRISE   525 AM EDT   SUNSET   819 PM EDT


-  INDICATES NEGATIVE NUMBERS.
R  INDICATES RECORD WAS SET OR TIED.
MM INDICATES DATA IS MISSING.
T  INDICATES TRACE AMOUNT.




$$
