001
CXUS51 KALY 010856
CLMALB


CLIMATE REPORT
NATIONAL WEATHER SERVICE ALBANY NY
353 AM EST THU MAR 1 2018

...................................

...THE ALBANY NY CLIMATE SUMMARY FOR THE MONTH OF FEBRUARY 2018...

CLIMATE NORMAL PERIOD 1981 TO 2010
CLIMATE RECORD PERIOD 1874 TO 2018

WEATHER         OBSERVED          NORMAL  DEPART  LAST YEAR`S
                 VALUE   DATE(S)  VALUE   FROM    VALUE  DATE(S)
                                          NORMAL
................................................................
TEMPERATURE (F)
RECORD
 HIGH              74   02/24/2017
 LOW              -22   02/15/1943
HIGHEST            73   02/21        33      40       74  02/24
LOWEST              2   02/09        14     -12        3  02/10
AVG. MAXIMUM     41.6              34.6     7.0     42.7
AVG. MINIMUM     23.3              17.3     6.0     23.9
MEAN             32.4              25.9     6.5     33.3
DAYS MAX >= 90      0               0.0     0.0        0
DAYS MAX <= 32      6              11.0    -5.0        5
DAYS MIN <= 32     25              25.5    -0.5       24
DAYS MIN <= 0       0               1.8    -1.8        0

PRECIPITATION (INCHES)
RECORD
 MAXIMUM         5.19   1870
 MINIMUM         0.24   1987
TOTALS           3.08              2.20    0.88     2.85
DAILY AVG.       0.11              0.08    0.03     0.10
DAYS >= .01        15              10.4     4.6        9
DAYS >= .10         8               5.2     2.8        4
DAYS >= .50         2               1.5     0.5        4
DAYS >= 1.00        0               0.3    -0.3        0
GREATEST
 24 HR. TOTAL    0.67   02/07 TO 02/07

SNOWFALL (INCHES)
RECORDS
 TOTAL           40.7   1893
 24 HR TOTAL     23.5   02/14/1914 TO 02/14/1914
 SNOW DEPTH        22   02/08/1971
TOTALS           14.0              12.2     1.8     22.2
SINCE 7/1        38.9              46.9    -8.0     41.2
SNOWDEPTH AVG.      2
DAYS >= TRACE      14               7.6     6.4       16
DAYS >= 1.0         4               2.9     1.1        4
GREATEST
 SNOW DEPTH         7   02/08                         11  02/13
 24 HR TOTAL      6.2   02/07 TO 02/07

DEGREE_DAYS
HEATING TOTAL     904              1093    -189      880
 SINCE 7/1       4542              4944    -402     4163
COOLING TOTAL       0                 0       0        0
 SINCE 1/1          0                 0       0        0

FREEZE DATES
RECORD
 EARLIEST     09/24/1963
 LATEST       05/27/1969
EARLIEST      02/01             10/10
LATEST                          04/28
.................................................................

WIND (MPH)
AVERAGE WIND SPEED              9.0
HIGHEST WIND SPEED/DIRECTION    36/280    DATE  02/02
HIGHEST GUST SPEED/DIRECTION    52/290    DATE  02/02

SKY COVER
AVERAGE SKY COVER           0.80

AVERAGE RH (PERCENT)     68

WEATHER CONDITIONS. NUMBER OF DAYS WITH
THUNDERSTORM              0     MIXED PRECIP               0
HEAVY RAIN                0     RAIN                       3
LIGHT RAIN               13     FREEZING RAIN              0
LT FREEZING RAIN          5     HAIL                       0
HEAVY SNOW                0     SNOW                       4
LIGHT SNOW               13     SLEET                      2
FOG                      18     FOG W/VIS <= 1/4 MILE      6
HAZE                      3

-  INDICATES NEGATIVE NUMBERS.
R  INDICATES RECORD WAS SET OR TIED.
MM INDICATES DATA IS MISSING.
T  INDICATES TRACE AMOUNT.

$$
