871
CXUS51 KALY 010917
CLMALB


CLIMATE REPORT
NATIONAL WEATHER SERVICE ALBANY NY
415 AM EST THU FEB 1 2018

...................................

...THE ALBANY NY CLIMATE SUMMARY FOR THE MONTH OF JANUARY 2018...

CLIMATE NORMAL PERIOD 1981 TO 2010
CLIMATE RECORD PERIOD 1874 TO 2018

WEATHER         OBSERVED          NORMAL  DEPART  LAST YEAR`S
                 VALUE   DATE(S)  VALUE   FROM    VALUE  DATE(S)
                                          NORMAL
................................................................
TEMPERATURE (F)
RECORD
 HIGH              71   01/06/2007
                        01/13/1932
 LOW              -28   01/19/1971
HIGHEST            63   01/12        30      33       54  01/12
LOWEST            -10   01/01        11     -21        4  01/09
AVG. MAXIMUM     31.7              30.6     1.1     37.1
AVG. MINIMUM     14.8              14.5     0.3     24.0
MEAN             23.3              22.6     0.7     30.6
DAYS MAX >= 90      0               0.0     0.0        0
DAYS MAX <= 32     18              16.5     1.5        8
DAYS MIN <= 32     27              28.6    -1.6       22
DAYS MIN <= 0       4               4.5    -0.5        0

PRECIPITATION (INCHES)
RECORD
 MAXIMUM         7.30   1836
 MINIMUM         0.08   1860
TOTALS           2.39              2.59   -0.20     3.13
DAILY AVG.       0.08              0.08    0.00     0.10
DAYS >= .01         9              12.8    -3.8       13
DAYS >= .10         6               5.7     0.3        6
DAYS >= .50         2               1.9     0.1        2
DAYS >= 1.00        0               0.3    -0.3        1
GREATEST
 24 HR. TOTAL    0.69   01/23 TO 01/23

SNOWFALL (INCHES)
RECORDS
 TOTAL           47.8   1987
 24 HR TOTAL     21.2   01/15/1983 TO 01/16/1983
 SNOW DEPTH        36   01/01/1970
TOTALS           12.8              17.9    -5.1      4.6
SINCE 7/1        24.9              34.7    -9.8     19.0
SNOWDEPTH AVG.      2
DAYS >= TRACE      15              10.3     4.7       17
DAYS >= 1.0         3               4.2    -1.2        2
GREATEST
 SNOW DEPTH         5   01/18                          1  01/27
                        01/08                             01/26
                        01/07                             01/25
 24 HR TOTAL      4.9   01/17 TO 01/17

DEGREE_DAYS
HEATING TOTAL    1284              1316     -32     1060
 SINCE 7/1       3637              3851    -214     3283
COOLING TOTAL       0                 0       0        0
 SINCE 1/1          0                 0       0        0

FREEZE DATES
RECORD
 EARLIEST     09/24/1963
 LATEST       05/27/1969
EARLIEST                        10/10
LATEST                          04/28
.................................................................

WIND (MPH)
AVERAGE WIND SPEED              9.2
HIGHEST WIND SPEED/DIRECTION    37/300    DATE  01/05
HIGHEST GUST SPEED/DIRECTION    52/280    DATE  01/05

SKY COVER
AVERAGE SKY COVER           0.70

AVERAGE RH (PERCENT)     64

WEATHER CONDITIONS. NUMBER OF DAYS WITH
THUNDERSTORM              0     MIXED PRECIP               0
HEAVY RAIN                0     RAIN                       5
LIGHT RAIN                8     FREEZING RAIN              0
LT FREEZING RAIN          2     HAIL                       0
HEAVY SNOW                0     SNOW                       3
LIGHT SNOW               15     SLEET                      3
FOG                      10     FOG W/VIS <= 1/4 MILE      1
HAZE                      3

-  INDICATES NEGATIVE NUMBERS.
R  INDICATES RECORD WAS SET OR TIED.
MM INDICATES DATA IS MISSING.
T  INDICATES TRACE AMOUNT.

$$
