000
CXUS51 KALY 011334
CLMALB


CLIMATE REPORT
NATIONAL WEATHER SERVICE ALBANY NY
932 AM EDT TUE MAY 1 2018

...................................

...THE ALBANY NY CLIMATE SUMMARY FOR THE MONTH OF APRIL 2018...

CLIMATE NORMAL PERIOD 1981 TO 2010
CLIMATE RECORD PERIOD 1874 TO 2018

WEATHER         OBSERVED          NORMAL  DEPART  LAST YEAR`S
                 VALUE   DATE(S)  VALUE   FROM    VALUE  DATE(S)
                                          NORMAL
................................................................
TEMPERATURE (F)
RECORD
 HIGH              93   04/20/1941
 LOW               13   04/07/1982
                        04/12/1874
HIGHEST            70   04/24        58      12       87  04/16
                                                          04/11
LOWEST             19   04/08        35     -16       27  04/09
                        04/06
AVG. MAXIMUM     50.6              58.3    -7.7     63.3
AVG. MINIMUM     31.6              37.3    -5.7     42.7
MEAN             41.1              47.8    -6.7     53.0
DAYS MAX >= 90      0               0.1    -0.1        0
DAYS MAX <= 32      0               0.1    -0.1        0
DAYS MIN <= 32     17               7.9     9.1        2
DAYS MIN <= 0       0               0.0     0.0        0

PRECIPITATION (INCHES)
RECORD
 MAXIMUM         7.95   1983
 MINIMUM         0.56   1892
TOTALS           4.17              3.17    1.00     2.88
DAILY AVG.       0.14              0.11    0.03     0.10
DAYS >= .01        17              11.9     5.1       16
DAYS >= .10        11               6.9     4.1        7
DAYS >= .50         2               1.9     0.1        2
DAYS >= 1.00        2               0.5     1.5        0
GREATEST
 24 HR. TOTAL    1.24   04/16 TO 04/16

SNOWFALL (INCHES)
RECORDS
 TOTAL           17.7   1982
 24 HR TOTAL     17.7   04/06/1982 TO 04/07/1982
 SNOW DEPTH        13   04/07/1982
TOTALS            2.4               2.3     0.1      0.2
SINCE 7/1        77.3              60.2    17.1     60.8
SNOWDEPTH AVG.      0
DAYS >= TRACE      13               1.2    11.8        2
DAYS >= 1.0         1               0.5     0.5        0
GREATEST
 SNOW DEPTH         1   04/07                          0  MM
                        04/02
 24 HR TOTAL      1.3   04/07 TO 04/07

DEGREE_DAYS
HEATING TOTAL     709               520     189      373
 SINCE 7/1       6202              6393    -191     5561
COOLING TOTAL       0                 4      -4       22
 SINCE 1/1          0                 4      -4       22

FREEZE DATES
RECORD
 EARLIEST     09/24/1963
 LATEST       05/27/1969
EARLIEST                        10/10
LATEST                          04/28
.................................................................

WIND (MPH)
AVERAGE WIND SPEED              9.2
HIGHEST WIND SPEED/DIRECTION    36/280    DATE  04/04
HIGHEST GUST SPEED/DIRECTION    51/310    DATE  04/05

SKY COVER
AVERAGE SKY COVER           0.70

AVERAGE RH (PERCENT)     61

-  INDICATES NEGATIVE NUMBERS.
R  INDICATES RECORD WAS SET OR TIED.
MM INDICATES DATA IS MISSING.
T  INDICATES TRACE AMOUNT.

$$
