000
CXUS55 KPUB 012046
CF6ALS
PRELIMINARY LOCAL CLIMATOLOGICAL DATA (WS FORM: F-6)
STATION: ALAMOSA CO
MONTH: JULY
YEAR: 2023
LATITUDE: 37 27 N
LONGITUDE: 105 52 W
TEMPERATURE IN F: :PCPN: SNOW: WIND :SUNSHINE: SKY :PK WND
================================================================================
1 2 3 4 5 6A 6B 7 8 9 10 11 12 13 14 15 16 17 18
12Z AVG MX 2MIN
DY MAX MIN AVG DEP HDD CDD WTR SNW DPTH SPD SPD DIR MIN PSBL S-S WX SPD DR
================================================================================
1 83 42 63 -1 2 0 0.00 0.0 0 7.0 18 110 M M 1 27 110
2 82 45 64 0 1 0 T 0.0 0 6.8 31 310 M M 2 40 320
3 85 40 63 -1 2 0 0.00 0.0 0 6.1 18 230 M M 0 26 260
4 90 46 68 3 0 3 0.00 0.0 0 7.0 29 310 M M 0 3 37 320
5 89 50 70 5 0 5 0.00 0.0 0 10.7 31 230 M M 0 43 220
6 88 39 64 -1 1 0 0.00 0.0 0 9.4 29 250 M M 0 41 230
7 89 44 67 2 0 2 0.00 0.0 0 11.7 33 250 M M 0 8 44 260
8 87 48 68 3 0 3 0.00 0.0 0 11.1 30 260 M M 0 8 41 250
9 88 43 66 1 0 1 0.00 0.0 0 5.2 13 160 M M 0 19 160
10 86 49 68 3 0 3 T 0.0 0 8.2 35 300 M M 2 49 290
11 90 43 67 2 0 2 T 0.0 0 6.0 23 310 M M 3 3 33 310
12 90 49 70 4 0 5 0.00 0.0 0 4.5 15 140 M M 1 19 10
13 90 50 70 4 0 5 0.00 0.0 0 6.1 28 350 M M 1 36 340
14 91 50 71 5 0 6 T 0.0 0 7.2 33 330 M M 1 8 49 330
15 89 48 69 3 0 4 0.00 0.0 0 5.9 24 340 M M 0 36 350
16 92 41 67 1 0 2 0.00 0.0 0 5.1 16 350 M M 0 22 360
17 95 42 69 3 0 4 0.00 0.0 0 5.8 17 140 M M 0 21 140
18 93 47 70 4 0 5 0.00 0.0 0 4.5 16 160 M M 0 21 170
19 87 59 73 7 0 8 T 0.0 0 8.7 26 300 M M 3 3 38 290
20 93 49 71 5 0 6 T 0.0 0 7.0 26 360 M M 1 8 35 320
21 90 55 73 7 0 8 0.00 0.0 0 9.3 28 110 M M 0 39 120
22 88 51 70 4 0 5 0.00 0.0 0 7.4 22 60 M M 1 32 40
23 89 46 68 2 0 3 0.00 0.0 0 5.8 32 250 M M 0 41 250
24 93 48 71 5 0 6 T 0.0 0 6.7 22 90 M M 1 39 260
25 94 48 71 5 0 6 0.00 0.0 0 5.6 16 10 M M 0 22 360
26 91 48 70 4 0 5 T 0.0 0 5.8 30 300 M M 2 3 39 310
27 87 50 69 3 0 4 0.01 0.0 0 6.5 32 340 M M 2 38 45 320
28 87 47 67 2 0 2 0.00 0.0 0 8.0 21 280 M M 0 29 310
29 90 52 71 6 0 6 0.00 0.0 0 8.0 30 270 M M 1 37 280
30 88 46 67 2 0 2 0.00 0.0 0 7.0 32 200 M M 1 3 46 210
31 90 48 69 4 0 4 0.00 0.0 0 5.5 18 300 M M 1 35 290
================================================================================
SM 2764 1463 6 115 0.01 0.0 219.6 M 24
================================================================================
AV 89.2 47.2 7.1 FASTST M M 1 MAX(MPH)
MISC ----> 35 300 #49 330
================================================================================
NOTES:
# LAST OF SEVERAL OCCURRENCES
COLUMN 17 PEAK WIND IN M.P.H.
PRELIMINARY LOCAL CLIMATOLOGICAL DATA (WS FORM: F-6) , PAGE 2
STATION: ALAMOSA CO
MONTH: JULY
YEAR: 2023
LATITUDE: 37 27 N
LONGITUDE: 105 52 W
[TEMPERATURE DATA] [PRECIPITATION DATA] SYMBOLS USED IN COLUMN 16
AVERAGE MONTHLY: 68.2 TOTAL FOR MONTH: 0.01 1 = FOG OR MIST
DPTR FM NORMAL: 2.9 DPTR FM NORMAL: -1.03 2 = FOG REDUCING VISIBILITY
HIGHEST: 95 ON 17 GRTST 24HR 0.01 ON 26 TO 1/4 MILE OR LESS
LOWEST: 39 ON 6 3 = THUNDER
SNOW, ICE PELLETS, HAIL 4 = ICE PELLETS
TOTAL MONTH: 0.0 INCH 5 = HAIL
GRTST 24HR 0.0 6 = FREEZING RAIN OR DRIZZLE
GRTST DEPTH: 0 7 = DUSTSTORM OR SANDSTORM:
VSBY 1/2 MILE OR LESS
8 = SMOKE OR HAZE
[NO. OF DAYS WITH] [WEATHER - DAYS WITH] 9 = BLOWING SNOW
X = TORNADO
MAX 32 OR BELOW: 0 0.01 INCH OR MORE: 1
MAX 90 OR ABOVE: 15 0.10 INCH OR MORE: 0
MIN 32 OR BELOW: 0 0.50 INCH OR MORE: 0
MIN 0 OR BELOW: 0 1.00 INCH OR MORE: 0
[HDD (BASE 65) ]
TOTAL THIS MO. 6 CLEAR (SCALE 0-3) 31
DPTR FM NORMAL -28 PTCLDY (SCALE 4-7) 0
TOTAL FM JUL 1 6 CLOUDY (SCALE 8-10) 0
DPTR FM NORMAL -29
[CDD (BASE 65) ]
TOTAL THIS MO. 115
DPTR FM NORMAL 72 [PRESSURE DATA]
TOTAL FM JAN 1 122 HIGHEST SLP 30.25 ON 30
DPTR FM NORMAL 69 LOWEST SLP 29.75 ON 7
[REMARKS]
#FINAL-07-23#