000
CXUS54 KAMA 010710
CF6AMA
PRELIMINARY LOCAL CLIMATOLOGICAL DATA (WS FORM: F-6)
STATION: AMARILLO
MONTH: JUNE
YEAR: 2022
LATITUDE: 35 13 N
LONGITUDE: 101 42 W
TEMPERATURE IN F: :PCPN: SNOW: WIND :SUNSHINE: SKY :PK WND
================================================================================
1 2 3 4 5 6A 6B 7 8 9 10 11 12 13 14 15 16 17 18
12Z AVG MX 2MIN
DY MAX MIN AVG DEP HDD CDD WTR SNW DPTH SPD SPD DIR MIN PSBL S-S WX SPD DR
================================================================================
1 65 53 59 -13 6 0 0.09 0.0 0 15.9 25 30 M M 10 13 32 30
2 67 51 59 -14 6 0 0.37 0.0 0 9.7 15 110 M M 9 13 20 110
3 79 59 69 -4 0 4 0.03 0.0 0 15.8 25 170 M M 5 1 40 150
4 90 57 74 1 0 9 0.00 0.0 0 16.1 26 150 M M 2 1 36 210
5 98 63 81 7 0 16 0.00 0.0 0 11.1 21 220 M M 0 35 300
6 92 63 78 4 0 13 0.00 0.0 0 13.4 22 120 M M 2 128 28 60
7 87 66 77 3 0 12 0.00 0.0 0 13.8 31 20 M M 4 43 20
8 74 58 66 -8 0 1 1.53 0.0 0 15.0 52 30 M M 6 138 72 40
9 93 62 78 3 0 13 0.08 0.0 M 16.3 28 200 M M 4 13 40 320
10 99 63 81 6 0 16 0.00 0.0 0 10.8 22 230 M M 0 29 230
11 106 69 88 13 0 23 0.00 0.0 0 11.4 23 220 M M 0 8 34 180
12 106 78 92 16 0 27 0.00 0.0 M 19.9 32 200 M M 0 44 200
13 99 77 88 12 0 23 0.00 0.0 0 26.1 36 210 M M 1 47 190
14 102 74 88 12 0 23 0.00 0.0 0 21.7 32 180 M M 0 42 200
15 93 73 83 7 0 18 0.00 0.0 0 15.6 32 200 M M 0 43 200
16 96 72 84 8 0 19 0.00 0.0 0 16.7 25 170 M M 0 34 190
17 95 68 82 5 0 17 0.00 0.0 0 15.6 29 160 M M 0 38 160
18 92 64 78 1 0 13 0.00 0.0 0 15.3 26 150 M M 1 37 150
19 94 67 81 4 0 16 0.00 0.0 0 16.7 29 180 M M 1 38 180
20 93 69 81 4 0 16 0.00 0.0 0 15.0 30 190 M M 1 38 200
21 94 64 79 2 0 14 0.00 0.0 0 13.3 29 320 M M 1 42 290
22 95 62 79 1 0 14 0.00 0.0 0 8.4 15 150 M M 1 22 230
23 98 68 83 5 0 18 0.00 0.0 0 15.5 26 200 M M 1 41 230
24 101 74 88 10 0 23 0.00 0.0 0 17.8 30 230 M M 0 40 230
25 96 70 83 5 0 18 T 0.0 0 16.8 33 40 M M 1 3 45 30
26 70 58 64 -14 1 0 0.15 0.0 0 14.9 28 40 M M 8 13 35 40
27 82 54 68 -10 0 3 0.00 0.0 0 7.7 16 110 M M 3 21 110
28 89 60 75 -3 0 10 0.00 0.0 0 11.3 22 120 M M 4 26 120
29 94 63 79 1 0 14 0.00 0.0 0 13.2 22 140 M M 1 31 140
30 99 67 83 4 0 18 0.00 0.0 0 14.0 23 220 M M 0 30 240
================================================================================
SM 2738 1946 13 411 2.25 0.0 444.8 M 66
================================================================================
AV 91.3 64.9 14.8 FASTST M M 2 MAX(MPH)
MISC ----> 52 30 72 40
================================================================================
NOTES:
# LAST OF SEVERAL OCCURRENCES
COLUMN 17 PEAK WIND IN M.P.H.
PRELIMINARY LOCAL CLIMATOLOGICAL DATA (WS FORM: F-6) , PAGE 2
STATION: AMARILLO
MONTH: JUNE
YEAR: 2022
LATITUDE: 35 13 N
LONGITUDE: 101 42 W
[TEMPERATURE DATA] [PRECIPITATION DATA] SYMBOLS USED IN COLUMN 16
AVERAGE MONTHLY: 78.1 TOTAL FOR MONTH: 2.25 1 = FOG OR MIST
DPTR FM NORMAL: 2.0 DPTR FM NORMAL: -0.60 2 = FOG REDUCING VISIBILITY
HIGHEST: 106 ON 12,11 GRTST 24HR 1.53 ON 8- 8 TO 1/4 MILE OR LESS
LOWEST: 51 ON 2 3 = THUNDER
SNOW, ICE PELLETS, HAIL 4 = ICE PELLETS
TOTAL MONTH: 0.0 INCH 5 = HAIL
GRTST 24HR 0.0 6 = FREEZING RAIN OR DRIZZLE
GRTST DEPTH: 0 7 = DUSTSTORM OR SANDSTORM:
VSBY 1/2 MILE OR LESS
8 = SMOKE OR HAZE
[NO. OF DAYS WITH] [WEATHER - DAYS WITH] 9 = BLOWING SNOW
X = TORNADO
MAX 32 OR BELOW: 0 0.01 INCH OR MORE: 6
MAX 90 OR ABOVE: 22 0.10 INCH OR MORE: 3
MIN 32 OR BELOW: 0 0.50 INCH OR MORE: 1
MIN 0 OR BELOW: 0 1.00 INCH OR MORE: 1
[HDD (BASE 65) ]
TOTAL THIS MO. 13 CLEAR (SCALE 0-3) 22
DPTR FM NORMAL 10 PTCLDY (SCALE 4-7) 6
TOTAL FM JUL 1 3479 CLOUDY (SCALE 8-10) 2
DPTR FM NORMAL -389
[CDD (BASE 65) ]
TOTAL THIS MO. 411
DPTR FM NORMAL 76 [PRESSURE DATA]
TOTAL FM JAN 1 699 HIGHEST SLP M ON M
DPTR FM NORMAL 203 LOWEST SLP 29.44 ON 5
[REMARKS]
#FINAL-06-22#