000
CXUS52 KJAX 040755
CF6AMG
PRELIMINARY LOCAL CLIMATOLOGICAL DATA (WS FORM: F-6)
STATION: ALMA
MONTH: MARCH
YEAR: 2022
LATITUDE: 31 32 N
LONGITUDE: 82 30 W
TEMPERATURE IN F: :PCPN: SNOW: WIND :SUNSHINE: SKY :PK WND
================================================================================
1 2 3 4 5 6A 6B 7 8 9 10 11 12 13 14 15 16 17 18
12Z AVG MX 2MIN
DY MAX MIN AVG DEP HDD CDD WTR SNW DPTH SPD SPD DIR MIN PSBL S-S WX SPD DR
================================================================================
1 71 40 56 -1 9 0 0.00 0.0 0 2.8 13 330 M M 0 18 310
2 77 36 57 0 8 0 0.00 0.0 0 2.0 12 360 M M 0 8 15 320
3 81 40 61 3 4 0 0.00 0.0 0 1.9 12 220 M M 0 18 17 210
4 81 42 62 4 3 0 0.00 0.0 0 3.9 15 120 M M 2 18 23 120
5 78 57 68 10 0 3 0.00 0.0 0 4.9 17 160 M M 6 1 24 160
6 84 51 68 10 0 3 0.00 0.0 0 5.8 16 180 M M 2 12 28 160
7 85 62 74 16 0 9 0.00 0.0 0 8.5 17 210 M M 5 26 180
8 80 61 71 12 0 6 0.10 0.0 0 4.7 15 150 M M 7 1 22 150
9 75 63 69 10 0 4 0.14 0.0 0 6.3 17 240 M M 7 13 28 210
10 74 58 66 7 0 1 0.15 0.0 0 2.6 16 150 M M 8 1 22 170
11 67 60 64 5 1 0 0.04 0.0 0 5.1 12 200 M M 10 1 17 200
12 68 33 51 -8 14 0 0.22 0.0 0 15.3 29 310 M M 5 1 45 300
13 57 26 42 -18 23 0 0.00 0.0 0 2.8 8 140 M M 0 15 60
14 70 30 50 -10 15 0 0.00 0.0 0 4.2 12 110 M M 2 19 110
15 72 47 60 0 5 0 0.22 0.0 0 5.5 16 130 M M 7 1 26 130
16 80 58 69 9 0 4 0.02 0.0 0 6.7 16 250 M M 8 1 23 220
17 78 52 65 5 0 0 0.00 0.0 0 1.9 12 270 M M 2 12 22 320
18 79 50 65 4 0 0 1.91 0.0 0 5.4 31 330 M M 8 123 47 320
19 78 60 69 8 0 4 0.11 0.0 0 8.6 21 270 M M 5 13 33 270
20 72 44 58 -3 7 0 0.00 0.0 0 7.3 18 10 M M 0 27 10
21 76 39 58 -3 7 0 0.00 0.0 0 4.1 14 140 M M 0 20 100
22 78 50 64 3 1 0 0.00 0.0 0 6.0 17 160 M M 2 25 130
23 73 64 69 7 0 4 0.91 0.0 0 10.5 21 190 M M 6 13 32 190
24 67 56 62 0 3 0 0.59 0.0 0 4.6 12 200 M M 10 1 18 190
25 72 48 60 -2 5 0 0.00 0.0 0 7.3 20 250 M M 1 31 270
26 72 43 58 -4 7 0 0.00 0.0 0 8.4 24 290 M M 0 38 310
27 74 40 57 -5 8 0 0.00 0.0 0 6.7 20 300 M M 0 32 300
28 77 44 61 -1 4 0 0.00 0.0 0 2.9 14 310 M M 0 22 310
29 80 46 63 0 2 0 0.00 0.0 0 4.2 12 120 M M 0 18 100
30 85 56 71 8 0 6 0.00 0.0 0 8.3 21 180 M M 1 1 29 150
31 76 65 71 8 0 6 1.37 0.0 0 11.6 23 170 M M 5 13 37 160
================================================================================
SM 2337 1521 126 50 5.78 0.0 180.8 M 109
================================================================================
AV 75.4 49.1 5.8 FASTST M M 4 MAX(MPH)
MISC ----> 31 330 47 320
================================================================================
NOTES:
# LAST OF SEVERAL OCCURRENCES
COLUMN 17 PEAK WIND IN M.P.H.
PRELIMINARY LOCAL CLIMATOLOGICAL DATA (WS FORM: F-6) , PAGE 2
STATION: ALMA
MONTH: MARCH
YEAR: 2022
LATITUDE: 31 32 N
LONGITUDE: 82 30 W
[TEMPERATURE DATA] [PRECIPITATION DATA] SYMBOLS USED IN COLUMN 16
AVERAGE MONTHLY: 62.2 TOTAL FOR MONTH: 5.78 1 = FOG OR MIST
DPTR FM NORMAL: 2.0 DPTR FM NORMAL: 1.61 2 = FOG REDUCING VISIBILITY
HIGHEST: 85 ON 30, 7 GRTST 24HR 2.01 ON 18-19 TO 1/4 MILE OR LESS
LOWEST: 26 ON 13 3 = THUNDER
SNOW, ICE PELLETS, HAIL 4 = ICE PELLETS
TOTAL MONTH: 0.0 INCH 5 = HAIL
GRTST 24HR 0.0 6 = FREEZING RAIN OR DRIZZLE
GRTST DEPTH: 0 7 = DUSTSTORM OR SANDSTORM:
VSBY 1/2 MILE OR LESS
8 = SMOKE OR HAZE
[NO. OF DAYS WITH] [WEATHER - DAYS WITH] 9 = BLOWING SNOW
X = TORNADO
MAX 32 OR BELOW: 0 0.01 INCH OR MORE: 12
MAX 90 OR ABOVE: 0 0.10 INCH OR MORE: 10
MIN 32 OR BELOW: 2 0.50 INCH OR MORE: 4
MIN 0 OR BELOW: 0 1.00 INCH OR MORE: 2
[HDD (BASE 65) ]
TOTAL THIS MO. 126 CLEAR (SCALE 0-3) 17
DPTR FM NORMAL -63 PTCLDY (SCALE 4-7) 11
TOTAL FM JUL 1 1450 CLOUDY (SCALE 8-10) 3
DPTR FM NORMAL -128
[CDD (BASE 65) ]
TOTAL THIS MO. 50
DPTR FM NORMAL 12 [PRESSURE DATA]
TOTAL FM JAN 1 89 HIGHEST SLP 30.49 ON 13
DPTR FM NORMAL 31 LOWEST SLP 29.51 ON 12
[REMARKS]
#FINAL-03-22#