688
CXUS52 KJAX 211628
CF6AMG
PRELIMINARY LOCAL CLIMATOLOGICAL DATA (WS FORM: F-6)
STATION: ALMA
MONTH: OCTOBER
YEAR: 2020
LATITUDE: 31 32 N
LONGITUDE: 82 30 W
TEMPERATURE IN F: :PCPN: SNOW: WIND :SUNSHINE: SKY :PK WND
================================================================================
1 2 3 4 5 6A 6B 7 8 9 10 11 12 13 14 15 16 17 18
12Z AVG MX 2MIN
DY MAX MIN AVG DEP HDD CDD WTR SNW DPTH SPD SPD DIR MIN PSBL S-S WX SPD DR
================================================================================
1 83 52 68 -5 0 3 0.00 0.0 0 1.8 9 290 M M 0 1 12 290
2 75 55 65 -8 0 0 0.00 0.0 0 5.1 14 350 M M 0 19 350
3 75 54 65 -7 0 0 0.00 0.0 0 3.4 10 10 M M 0 16 10
4 78 55 67 -5 0 2 0.00 0.0 0 4.6 10 340 M M 0 16 340
5 79 56 68 -4 0 3 0.00 0.0 0 3.6 9 10 M M 4 13 30
6 83 65 74 2 0 9 0.00 0.0 0 2.2 9 70 M M 5 13 60
7 87 69 78 7 0 13 0.00 0.0 0 1.1 8 350 M M 5 1 10 360
8 90 69 80 9 0 15 0.00 0.0 0 1.6 9 340 M M 4 12 14 340
9 85 69 77 6 0 12 T 0.0 0 4.4 14 110 M M 7 12 19 120
10 88 73 81 11 0 16 T 0.0 0 8.0 17 210 M M 7 1 24 200
11 88 73 81 11 0 16 0.03 0.0 0 6.9 16 210 M M 7 1 24 200
12 83 66 75 5 0 10 0.00 0.0 0 4.1 13 300 M M 8 16 320
13 90 63 77 8 0 12 0.00 0.0 0 2.4 12 260 M M 2 1 17 250
14 87 62 75 6 0 10 0.00 0.0 0 3.9 9 160 M M 1 1 14 40
15 87 68 78 9 0 13 0.00 0.0 0 1.8 9 150 M M 6 12 12 140
16 86 62 74 6 0 9 0.00 0.0 0 6.1 16 300 M M 1 1 21 320
17 75 51 63 -5 2 0 0.00 0.0 0 6.0 13 120 M M 1 20 120
18 81 59 70 2 0 5 0.00 0.0 0 4.0 10 100 M M 5 15 70
19 84 59 72 4 0 7 0.00 0.0 0 2.9 12 60 M M 2 17 50
20 81 63 72 5 0 7 T 0.0 0 2.9 9 30 M M 3 15 30
21 86 69 78 11 0 13 0.13 0.0 0 4.4 16 130 M M 6 1 22 110
22 84 69 77 10 0 12 0.07 0.0 0 3.5 17 110 M M 5 1 25 100
23 84 65 75 9 0 10 0.00 0.0 0 3.0 10 130 M M 7 1 16 110
24 84 63 74 8 0 9 0.19 0.0 0 2.8 10 150 M M 6 12 14 140
25 84 64 74 8 0 9 0.00 0.0 0 2.2 8 320 M M 5 12 10 340
26 83 64 74 9 0 9 0.00 0.0 0 2.9 10 100 M M 7 12 16 100
27 82 65 74 9 0 9 T 0.0 0 4.0 10 130 M M 6 1 15 110
28 87 71 79 14 0 14 T 0.0 0 6.2 14 140 M M 7 1 21 130
29 81 64 73 8 0 8 1.98 0.0 0 11.6 21 190 M M 7 13 29 190
30 72 50 61 -3 4 0 0.00 0.0 0 7.5 20 290 M M 0 28 290
31 72 53 63 -1 2 0 0.01 0.0 0 4.7 10 10 M M 6 1 16 50
================================================================================
SM 2564 1940 8 255 2.41 0.0 129.6 M 130
================================================================================
AV 82.7 62.6 4.2 FASTST M M 4 MAX(MPH)
MISC ----> 21 190 29 190
================================================================================
NOTES:
# LAST OF SEVERAL OCCURRENCES
COLUMN 17 PEAK WIND IN M.P.H.
PRELIMINARY LOCAL CLIMATOLOGICAL DATA (WS FORM: F-6) , PAGE 2
STATION: ALMA
MONTH: OCTOBER
YEAR: 2020
LATITUDE: 31 32 N
LONGITUDE: 82 30 W
[TEMPERATURE DATA] [PRECIPITATION DATA] SYMBOLS USED IN COLUMN 16
AVERAGE MONTHLY: 72.6 TOTAL FOR MONTH: 2.41 1 = FOG OR MIST
DPTR FM NORMAL: 4.2 DPTR FM NORMAL: -0.62 2 = FOG REDUCING VISIBILITY
HIGHEST: 90 ON 13, 8 GRTST 24HR 1.98 ON 29-29 TO 1/4 MILE OR LESS
LOWEST: 50 ON 30 3 = THUNDER
SNOW, ICE PELLETS, HAIL 4 = ICE PELLETS
TOTAL MONTH: 0.0 INCH 5 = HAIL
GRTST 24HR 0.0 6 = FREEZING RAIN OR DRIZZLE
GRTST DEPTH: 0 7 = DUSTSTORM OR SANDSTORM:
VSBY 1/2 MILE OR LESS
8 = SMOKE OR HAZE
[NO. OF DAYS WITH] [WEATHER - DAYS WITH] 9 = BLOWING SNOW
X = TORNADO
MAX 32 OR BELOW: 0 0.01 INCH OR MORE: 6
MAX 90 OR ABOVE: 2 0.10 INCH OR MORE: 3
MIN 32 OR BELOW: 0 0.50 INCH OR MORE: 1
MIN 0 OR BELOW: 0 1.00 INCH OR MORE: 1
[HDD (BASE 65) ]
TOTAL THIS MO. 8 CLEAR (SCALE 0-3) 10
DPTR FM NORMAL -40 PTCLDY (SCALE 4-7) 20
TOTAL FM JUL 1 8 CLOUDY (SCALE 8-10) 1
DPTR FM NORMAL -41
[CDD (BASE 65) ]
TOTAL THIS MO. 255
DPTR FM NORMAL 100 [PRESSURE DATA]
TOTAL FM JAN 1 2672 HIGHEST SLP 30.28 ON 31
DPTR FM NORMAL 247 LOWEST SLP 29.69 ON 29
[REMARKS]
#FINAL-10-20#