000
CXUS53 KDMX 130321
CF6AMW
PRELIMINARY LOCAL CLIMATOLOGICAL DATA (WS FORM: F-6)
STATION: AMES IA
MONTH: JULY
YEAR: 2022
LATITUDE: 41 59 N
LONGITUDE: 93 37 W
TEMPERATURE IN F: :PCPN: SNOW: WIND :SUNSHINE: SKY :PK WND
================================================================================
1 2 3 4 5 6A 6B 7 8 9 10 11 12 13 14 15 16 17 18
12Z AVG MX 2MIN
DY MAX MIN AVG DEP HDD CDD WTR SNW DPTH SPD SPD DIR MIN PSBL S-S WX SPD DR
================================================================================
1 83 62 73 0 0 8 0.00 0.0 0 5.3 14 210 M M 1 20 10
2 85 57 71 -2 0 6 0.00 0.0 0 5.1 16 160 M M 0 1 22 170
3 87 59 73 0 0 8 0.00 0.0 0 8.3 18 140 M M 1 25 140
4 93 71 82 9 0 17 1.34 0.0 0 8.0 21 180 M M 3 13 28 200
5 94 70 82 9 0 17 0.07 0.0 0 7.9 32 320 M M 0 13 48 330
6 78 69 74 1 0 9 0.01 0.0 0 3.4 15 100 M M 5 12 21 50
7 83 67 75 2 0 10 0.01 0.0 0 4.2 15 150 M M 7 12 19 170
8 81 71 76 3 0 11 0.49 0.0 0 7.0 20 40 M M 7 1 28 30
9 85 67 76 2 0 11 0.00 0.0 0 3.9 10 40 M M 1 1 15 20
10 88 66 77 3 0 12 0.02 0.0 0 9.8 25 190 M M 1 1 36 190
11 83 66 75 1 0 10 0.06 0.0 0 11.7 41 270 M M 1 38 57 270
12 83 60 72 -2 0 7 0.00 0.0 0 8.4 16 300 M M 0 26 290
13 87 63 75 1 0 10 0.00 0.0 0 5.1 10 290 M M 3 17 290
14 90 64 77 3 0 12 0.00 0.0 0 7.1 17 150 M M 1 22 150
15 89 73 81 7 0 16 0.23 0.0 0 9.3 20 140 M M 5 13 27 140
16 80 71 76 2 0 11 0.00 0.0 0 4.9 12 80 M M 7 1 16 80
17 86 66 76 2 0 11 0.04 0.0 0 4.8 14 360 M M 4 1 18 40
18 88 63 76 2 0 11 0.00 0.0 0 4.1 12 190 M M 0 16 200
19 92 66 79 5 0 14 0.00 0.0 0 11.7 25 180 M M 0 33 180
20 87 69 78 4 0 13 0.00 0.0 0 12.2 24 330 M M 0 8 35 320
21 89 63 76 3 0 11 0.00 0.0 0 7.1 20 340 M M 1 27 330
22 92 63 78 5 0 13 T 0.0 0 6.5 18 180 M M 1 26 180
23 95 71 83 10 0 18 0.37 0.0 0 7.0 22 360 M M 1 3 30 350
24 83 66 75 2 0 10 T 0.0 0 10.8 20 10 M M 1 26 340
25 77 57 67 -6 0 2 0.00 0.0 0 2.0 7 360 M M 0 11 350
26 83 55 69 -4 0 4 T 0.0 0 2.9 10 180 M M 3 14 140
27 85 68 77 4 0 12 0.12 0.0 0 6.5 22 340 M M 2 1 33 330
28 78 60 69 -4 0 4 0.26 0.0 0 7.3 25 350 M M 3 13 34 350
29 81 54 68 -5 0 3 0.00 0.0 0 4.9 14 310 M M 1 20 300
30 84 53 69 -4 0 4 0.00 0.0 0 3.5 12 140 M M 1 1 17 170
31 86 60 73 0 0 8 0.00 0.0 0 8.0 20 170 M M 2 27 170
================================================================================
SM 2655 1990 0 313 3.02 0.0 208.7 M 63
================================================================================
AV 85.6 64.2 6.7 FASTST M M 2 MAX(MPH)
MISC ----> 41 270 57 270
================================================================================
NOTES:
# LAST OF SEVERAL OCCURRENCES
COLUMN 17 PEAK WIND IN M.P.H.
PRELIMINARY LOCAL CLIMATOLOGICAL DATA (WS FORM: F-6) , PAGE 2
STATION: AMES IA
MONTH: JULY
YEAR: 2022
LATITUDE: 41 59 N
LONGITUDE: 93 37 W
[TEMPERATURE DATA] [PRECIPITATION DATA] SYMBOLS USED IN COLUMN 16
AVERAGE MONTHLY: 74.9 TOTAL FOR MONTH: 3.02 1 = FOG OR MIST
DPTR FM NORMAL: 1.6 DPTR FM NORMAL: -1.42 2 = FOG REDUCING VISIBILITY
HIGHEST: 95 ON 23 GRTST 24HR 1.34 ON 4- 4 TO 1/4 MILE OR LESS
LOWEST: 53 ON 30 3 = THUNDER
SNOW, ICE PELLETS, HAIL 4 = ICE PELLETS
TOTAL MONTH: 0.0 INCH 5 = HAIL
GRTST 24HR 0.0 6 = FREEZING RAIN OR DRIZZLE
GRTST DEPTH: 0 7 = DUSTSTORM OR SANDSTORM:
VSBY 1/2 MILE OR LESS
8 = SMOKE OR HAZE
[NO. OF DAYS WITH] [WEATHER - DAYS WITH] 9 = BLOWING SNOW
X = TORNADO
MAX 32 OR BELOW: 0 0.01 INCH OR MORE: 12
MAX 90 OR ABOVE: 6 0.10 INCH OR MORE: 6
MIN 32 OR BELOW: 0 0.50 INCH OR MORE: 1
MIN 0 OR BELOW: 0 1.00 INCH OR MORE: 1
[HDD (BASE 65) ]
TOTAL THIS MO. 0 CLEAR (SCALE 0-3) 25
DPTR FM NORMAL -4 PTCLDY (SCALE 4-7) 6
TOTAL FM JUL 1 0 CLOUDY (SCALE 8-10) 0
DPTR FM NORMAL 0
[CDD (BASE 65) ]
TOTAL THIS MO. 313
DPTR FM NORMAL 50 [PRESSURE DATA]
TOTAL FM JAN 1 677 HIGHEST SLP 30.20 ON 9
DPTR FM NORMAL 171 LOWEST SLP 29.64 ON 19
[REMARKS]
#FINAL-07-22#