000
CXUS54 KBMX 011010
CF6ANB
PRELIMINARY LOCAL CLIMATOLOGICAL DATA (WS FORM: F-6)
STATION: ANNISTON
MONTH: APRIL
YEAR: 2023
LATITUDE: 33 35 N
LONGITUDE: 85 51 W
TEMPERATURE IN F: :PCPN: SNOW: WIND :SUNSHINE: SKY :PK WND
================================================================================
1 2 3 4 5 6A 6B 7 8 9 10 11 12 13 14 15 16 17 18
12Z AVG MX 2MIN
DY MAX MIN AVG DEP HDD CDD WTR SNW DPTH SPD SPD DIR MIN PSBL S-S WX SPD DR
================================================================================
1 81 56 69 10 0 4 0.76 0.0 0 11.8 29 260 M M 4 13 40 250
2 72 45 59 0 6 0 0.00 0.0 0 3.5 12 360 M M 0 15 30
3 62 49 56 -4 9 0 0.65 M M 7.0 15 90 M M 8 1 22 100
4 85 60 73 13 0 8 0.00 0.0 0 6.8 14 170 M M 6 19 160
5 88 64 76 16 0 11 0.00 0.0 0 5.9 18 190 M M 1 26 170
6 82 62 72 12 0 7 0.00 0.0 0 3.7 12 360 M M 6 15 350
7 76 58 67 7 0 2 T 0.0 0 8.1 17 70 M M 6 3 23 70
8 58 47 53 -8 12 0 1.13 0.0 0 10.6 20 90 M M 10 1 27 100
9 70 46 58 -3 7 0 0.00 0.0 0 8.2 18 60 M M 3 26 80
10 70 43 57 -4 8 0 0.00 0.0 0 6.0 15 70 M M 0 22 100
11 75 39 57 -5 8 0 0.00 0.0 0 4.0 14 70 M M 0 21 50
12 80 42 61 -1 4 0 0.00 0.0 0 3.6 13 20 M M 0 19 60
13 68 55 62 0 3 0 0.35 0.0 0 7.3 18 80 M M 8 13 28 60
14 71 57 64 2 1 0 0.02 0.0 0 2.2 14 230 M M 8 1 19 250
15 82 52 67 5 0 2 0.01 0.0 0 2.8 12 250 M M 4 12 15 170
16 72 48 60 -3 5 0 0.05 0.0 0 8.4 21 250 M M 5 1 31 310
17 72 40 56 -7 9 0 0.00 0.0 0 6.2 20 250 M M 0 29 280
18 80 40 60 -3 5 0 0.00 0.0 0 2.3 13 260 M M 0 17 260
19 84 46 65 2 0 0 0.00 0.0 0 3.2 14 230 M M 0 21 200
20 85 50 68 4 0 3 0.00 0.0 0 4.1 14 160 M M 0 23 180
21 79 54 67 3 0 2 0.31 0.0 0 6.0 17 250 M M 2 13 26 250
22 72 46 59 -5 6 0 0.01 0.0 0 4.8 21 360 M M 3 1 32 360
23 68 45 57 -7 8 0 T 0.0 0 4.8 13 340 M M 2 21 10
24 67 45 56 -9 9 0 0.00 0.0 0 5.7 17 20 M M 3 24 20
25 73 44 59 -6 6 0 0.00 0.0 M 3.9 12 360 M M 3 18 10
26 63 55 59 -6 6 0 0.18 0.0 0 7.4 17 360 M M 9 18 23 360
27 69 56 63 -3 2 0 0.32 0.0 0 5.7 10 70 M M 8 1 18 80
28 77 55 66 0 0 1 0.00 0.0 0 6.7 22 260 M M 5 32 250
29 73 51 62 -4 3 0 0.06 0.0 0 2.4 8 160 M M 4 1 11 190
30 71 52 62 -4 3 0 0.51 0.0 0 9.5 24 260 M M 6 1 36 250
================================================================================
SM 2225 1502 120 40 4.36 0.0 172.6 M 114
================================================================================
AV 74.2 50.1 5.8 FASTST M M 4 MAX(MPH)
MISC ----> 29 260 40 250
================================================================================
NOTES:
# LAST OF SEVERAL OCCURRENCES
COLUMN 17 PEAK WIND IN M.P.H.
PRELIMINARY LOCAL CLIMATOLOGICAL DATA (WS FORM: F-6) , PAGE 2
STATION: ANNISTON
MONTH: APRIL
YEAR: 2023
LATITUDE: 33 35 N
LONGITUDE: 85 51 W
[TEMPERATURE DATA] [PRECIPITATION DATA] SYMBOLS USED IN COLUMN 16
AVERAGE MONTHLY: 62.1 TOTAL FOR MONTH: 4.36 1 = FOG OR MIST
DPTR FM NORMAL: -0.5 DPTR FM NORMAL: -0.07 2 = FOG REDUCING VISIBILITY
HIGHEST: 88 ON 5 GRTST 24HR 1.13 ON 7- 8 TO 1/4 MILE OR LESS
LOWEST: 39 ON 11 3 = THUNDER
SNOW, ICE PELLETS, HAIL 4 = ICE PELLETS
TOTAL MONTH: 0.0 INCH 5 = HAIL
GRTST 24HR 0.0 6 = FREEZING RAIN OR DRIZZLE
GRTST DEPTH: 0 7 = DUSTSTORM OR SANDSTORM:
VSBY 1/2 MILE OR LESS
8 = SMOKE OR HAZE
[NO. OF DAYS WITH] [WEATHER - DAYS WITH] 9 = BLOWING SNOW
X = TORNADO
MAX 32 OR BELOW: 0 0.01 INCH OR MORE: 13
MAX 90 OR ABOVE: 0 0.10 INCH OR MORE: 8
MIN 32 OR BELOW: 0 0.50 INCH OR MORE: 4
MIN 0 OR BELOW: 0 1.00 INCH OR MORE: 1
[HDD (BASE 65) ]
TOTAL THIS MO. 120 CLEAR (SCALE 0-3) 14
DPTR FM NORMAL -8 PTCLDY (SCALE 4-7) 13
TOTAL FM JUL 1 2110 CLOUDY (SCALE 8-10) 3
DPTR FM NORMAL -500
[CDD (BASE 65) ]
TOTAL THIS MO. 40
DPTR FM NORMAL -16 [PRESSURE DATA]
TOTAL FM JAN 1 93 HIGHEST SLP 30.42 ON 10
DPTR FM NORMAL 19 LOWEST SLP 29.51 ON 30
[REMARKS]
#FINAL-04-23#