000
CXUS54 KBMX 011010
CF6ANB
PRELIMINARY LOCAL CLIMATOLOGICAL DATA (WS FORM: F-6)
STATION: ANNISTON
MONTH: SEPTEMBER
YEAR: 2023
LATITUDE: 33 35 N
LONGITUDE: 85 51 W
TEMPERATURE IN F: :PCPN: SNOW: WIND :SUNSHINE: SKY :PK WND
================================================================================
1 2 3 4 5 6A 6B 7 8 9 10 11 12 13 14 15 16 17 18
12Z AVG MX 2MIN
DY MAX MIN AVG DEP HDD CDD WTR SNW DPTH SPD SPD DIR MIN PSBL S-S WX SPD DR
================================================================================
1 85 71 78 0 0 13 0.05 0.0 0 7.2 16 130 M M 8 1 30 90
2 85 68 77 -1 0 12 0.01 0.0 0 5.1 12 70 M M 5 19 60
3 89 64 77 -1 0 12 0.00 0.0 0 3.8 10 80 M M 0 15 70
4 91 65 78 0 0 13 0.00 0.0 M 1.9 7 110 M M 1 11 50
5 92 69 81 4 0 16 0.00 0.0 M 2.2 10 230 M M 0 16 280
6 93 67 80 3 0 15 0.00 0.0 M 2.5 12 240 M M 1 1 16 240
7 90 66 78 1 0 13 0.00 0.0 M 4.7 15 250 M M 1 23 270
8 85 60 73 -4 0 8 0.00 0.0 0 2.8 15 270 M M 2 21 250
9 90 62 76 0 0 11 0.00 0.0 0 3.2 13 360 M M 1 3 16 360
10 91 67 79 3 0 14 0.00 0.0 0 3.4 12 360 M M 1 16 340
11 94 68 81 5 0 16 0.00 0.0 0 3.8 10 50 M M 2 15 70
12 94 69 82 6 0 17 1.37 0.0 0 3.3 18 250 M M 4 13 24 240
13 85 69 77 1 0 12 T 0.0 0 3.5 10 350 M M 5 14 350
14 83 65 74 -1 0 9 T 0.0 0 4.3 13 350 M M 2 17 10
15 80 68 74 -1 0 9 T 0.0 0 5.0 14 60 M M 9 21 50
16 77 67 72 -3 0 7 1.41 0.0 0 6.4 14 90 M M 10 13 19 100
17 83 58 71 -3 0 6 0.00 0.0 0 3.7 14 360 M M 4 1 22 350
18 83 54 69 -5 0 4 0.00 0.0 0 1.6 12 340 M M 1 1 17 350
19 84 55 70 -4 0 5 0.00 0.0 0 2.8 8 350 M M 2 11 220
20 83 60 72 -2 0 7 0.00 0.0 0 4.1 12 60 M M 0 15 60
21 84 62 73 0 0 8 0.00 0.0 0 3.9 13 50 M M 2 18 100
22 84 59 72 -1 0 7 0.00 0.0 0 3.0 14 80 M M 1 20 130
23 88 55 72 -1 0 7 0.00 0.0 0 2.5 15 10 M M 1 1 22 360
24 86 55 71 -1 0 6 0.00 0.0 0 2.8 13 230 M M 0 19 230
25 89 60 75 3 0 10 0.00 0.0 0 2.6 10 250 M M 1 14 250
26 88 67 78 6 0 13 0.00 0.0 0 4.4 10 70 M M 2 16 80
27 81 66 74 3 0 9 0.00 0.0 M 5.6 14 100 M M 4 21 100
28 81 62 72 1 0 7 0.00 0.0 M 5.4 13 70 M M 3 19 70
29 88 60 74 4 0 9 0.00 0.0 0 3.9 10 10 M M 1 14 10
30 89 60 75 5 0 10 0.00 0.0 0 3.1 12 360 M M 1 14 60
================================================================================
SM 2595 1898 0 305 2.84 0.0 112.5 M 75
================================================================================
AV 86.5 63.3 3.8 FASTST M M 3 MAX(MPH)
MISC ----> 18 250 30 90
================================================================================
NOTES:
# LAST OF SEVERAL OCCURRENCES
COLUMN 17 PEAK WIND IN M.P.H.
PRELIMINARY LOCAL CLIMATOLOGICAL DATA (WS FORM: F-6) , PAGE 2
STATION: ANNISTON
MONTH: SEPTEMBER
YEAR: 2023
LATITUDE: 33 35 N
LONGITUDE: 85 51 W
[TEMPERATURE DATA] [PRECIPITATION DATA] SYMBOLS USED IN COLUMN 16
AVERAGE MONTHLY: 74.9 TOTAL FOR MONTH: 2.84 1 = FOG OR MIST
DPTR FM NORMAL: 0.3 DPTR FM NORMAL: -0.27 2 = FOG REDUCING VISIBILITY
HIGHEST: 94 ON 12,11 GRTST 24HR 1.41 ON 16-16 TO 1/4 MILE OR LESS
LOWEST: 54 ON 18 3 = THUNDER
SNOW, ICE PELLETS, HAIL 4 = ICE PELLETS
TOTAL MONTH: 0.0 INCH 5 = HAIL
GRTST 24HR 0.0 6 = FREEZING RAIN OR DRIZZLE
GRTST DEPTH: 0 7 = DUSTSTORM OR SANDSTORM:
VSBY 1/2 MILE OR LESS
8 = SMOKE OR HAZE
[NO. OF DAYS WITH] [WEATHER - DAYS WITH] 9 = BLOWING SNOW
X = TORNADO
MAX 32 OR BELOW: 0 0.01 INCH OR MORE: 4
MAX 90 OR ABOVE: 8 0.10 INCH OR MORE: 2
MIN 32 OR BELOW: 0 0.50 INCH OR MORE: 2
MIN 0 OR BELOW: 0 1.00 INCH OR MORE: 2
[HDD (BASE 65) ]
TOTAL THIS MO. 0 CLEAR (SCALE 0-3) 22
DPTR FM NORMAL -7 PTCLDY (SCALE 4-7) 6
TOTAL FM JUL 1 0 CLOUDY (SCALE 8-10) 2
DPTR FM NORMAL -4
[CDD (BASE 65) ]
TOTAL THIS MO. 305
DPTR FM NORMAL 11 [PRESSURE DATA]
TOTAL FM JAN 1 1899 HIGHEST SLP 30.21 ON 2
DPTR FM NORMAL 25 LOWEST SLP 29.81 ON 7
[REMARKS]
#FINAL-09-23#