000
CXUS52 KGSP 010817
CF6AND
PRELIMINARY LOCAL CLIMATOLOGICAL DATA (WS FORM: F-6)
STATION: ANDERSON SC
MONTH: SEPTEMBER
YEAR: 2023
LATITUDE: 34 30 N
LONGITUDE: 82 43 W
TEMPERATURE IN F: :PCPN: SNOW: WIND :SUNSHINE: SKY :PK WND
================================================================================
1 2 3 4 5 6A 6B 7 8 9 10 11 12 13 14 15 16 17 18
12Z AVG MX 2MIN
DY MAX MIN AVG DEP HDD CDD WTR SNW DPTH SPD SPD DIR MIN PSBL S-S WX SPD DR
================================================================================
1 83 66 75 -2 0 10 0.00 M M 6.9 15 90 M M 0 23 70
2 84 63 74 -3 0 9 0.00 M M 2.4 10 70 M M 0 17 290
3 89 61 75 -2 0 10 0.00 M M 1.5 12 220 M M 1 12 14 100
4 90 64 77 1 0 12 0.00 M M 2.8 10 210 M M 0 19 260
5 91 65 78 2 0 13 0.00 M M 2.6 10 260 M M 0 13 270
6 93 70 82 6 0 17 0.00 M M 3.8 12 270 M M 0 1 16 270
7 92 70 81 5 0 16 0.03 M M 6.1 20 130 M M 2 3 29 150
8 86 66 76 0 0 11 0.00 M M 2.7 8 110 M M 3 12 130
9 87 67 77 2 0 12 0.62 M M 5.7 20 310 M M 2 13 24 300
10 85 64 75 0 0 10 0.01 M M 3.1 14 320 M M 4 13 16 20
11 88 65 77 2 0 12 0.00 M M 2.5 10 140 M M 0 12 320
12 89 68 79 4 0 14 T M M 2.6 25 300 M M 2 3 34 260
13 86 69 78 4 0 13 0.01 M M 3.3 15 90 M M 4 3 21 60
14 84 69 77 3 0 12 0.00 M M 7.0 16 70 M M 6 20 50
15 81 66 74 0 0 9 0.00 M M 6.2 20 60 M M 5 24 60
16 82 62 72 -1 0 7 T M M 2.7 10 280 M M 7 1 13 240
17 80 63 72 -1 0 7 0.48 M M 4.0 12 220 M M 7 1 15 250
18 80 57 69 -4 0 4 0.00 M M 3.1 12 260 M M 1 15 260
19 82 59 71 -1 0 6 0.00 M M 2.3 10 80 M M 4 13 190
20 82 59 71 -1 0 6 0.00 M M 2.2 10 80 M M 4 13 130
21 83 60 72 0 0 7 0.00 M M 5.3 17 60 M M 3 22 70
22 81 62 72 0 0 7 0.00 M M 7.2 20 60 M M 2 24 70
23 84 56 70 -1 0 5 0.00 M M 4.3 13 280 M M 0 16 290
24 84 56 70 -1 0 5 0.00 M M 2.5 12 270 M M 0 14 250
25 84 60 72 2 0 7 0.00 M M 2.2 10 250 M M 0 14 300
26 83 65 74 4 0 9 0.00 M M 9.3 16 70 M M 1 25 100
27 73 59 66 -4 0 1 T M M 9.5 17 60 M M 8 21 70
28 77 59 68 -1 0 3 0.00 M M 5.0 18 70 M M 4 22 70
29 84 57 71 2 0 6 0.00 M M 2.9 9 70 M M 2 13 60
30 86 60 73 4 0 8 0.00 M M 3.0 9 100 M M 1 14 110
================================================================================
SM 2533 1887 0 268 1.15 M 124.7 M 73
================================================================================
AV 84.4 62.9 4.2 FASTST M M 2 MAX(MPH)
MISC ----> 25 300 34 260
================================================================================
NOTES:
# LAST OF SEVERAL OCCURRENCES
COLUMN 17 PEAK WIND IN M.P.H.
PRELIMINARY LOCAL CLIMATOLOGICAL DATA (WS FORM: F-6) , PAGE 2
STATION: ANDERSON SC
MONTH: SEPTEMBER
YEAR: 2023
LATITUDE: 34 30 N
LONGITUDE: 82 43 W
[TEMPERATURE DATA] [PRECIPITATION DATA] SYMBOLS USED IN COLUMN 16
AVERAGE MONTHLY: 73.7 TOTAL FOR MONTH: 1.15 1 = FOG OR MIST
DPTR FM NORMAL: 0.4 DPTR FM NORMAL: -2.59 2 = FOG REDUCING VISIBILITY
HIGHEST: 93 ON 6 GRTST 24HR 0.63 ON 9-10 TO 1/4 MILE OR LESS
LOWEST: 56 ON 24,23 3 = THUNDER
SNOW, ICE PELLETS, HAIL 4 = ICE PELLETS
TOTAL MONTH: M 5 = HAIL
GRTST 24HR M ON M 6 = FREEZING RAIN OR DRIZZLE
GRTST DEPTH: M ON M 7 = DUSTSTORM OR SANDSTORM:
VSBY 1/2 MILE OR LESS
8 = SMOKE OR HAZE
[NO. OF DAYS WITH] [WEATHER - DAYS WITH] 9 = BLOWING SNOW
X = TORNADO
MAX 32 OR BELOW: 0 0.01 INCH OR MORE: 5
MAX 90 OR ABOVE: 4 0.10 INCH OR MORE: 2
MIN 32 OR BELOW: 0 0.50 INCH OR MORE: 1
MIN 0 OR BELOW: 0 1.00 INCH OR MORE: 0
[HDD (BASE 65) ]
TOTAL THIS MO. 0 CLEAR (SCALE 0-3) 19
DPTR FM NORMAL -9 PTCLDY (SCALE 4-7) 11
TOTAL FM JUL 1 0 CLOUDY (SCALE 8-10) 0
DPTR FM NORMAL -7
[CDD (BASE 65) ]
TOTAL THIS MO. 268
DPTR FM NORMAL 10 [PRESSURE DATA]
TOTAL FM JAN 1 1725 HIGHEST SLP 30.25 ON 2
DPTR FM NORMAL -21 LOWEST SLP 29.76 ON 7
[REMARKS]
#FINAL-09-23#