000
CXUS53 KAPX 010730
CF6ANJ
PRELIMINARY LOCAL CLIMATOLOGICAL DATA (WS FORM: F-6)
STATION: SAULT STE MARIE MI
MONTH: AUGUST
YEAR: 2021
LATITUDE: 46 28 N
LONGITUDE: 84 21 W
TEMPERATURE IN F: :PCPN: SNOW: WIND :SUNSHINE: SKY :PK WND
================================================================================
1 2 3 4 5 6A 6B 7 8 9 10 11 12 13 14 15 16 17 18
12Z AVG MX 2MIN
DY MAX MIN AVG DEP HDD CDD WTR SNW DPTH SPD SPD DIR MIN PSBL S-S WX SPD DR
================================================================================
1 74 58 66 -1 0 1 T 0.0 0 7.2 18 320 M M 6 18 27 330
2 77 57 67 0 0 2 0.00 0.0 0 6.8 13 270 M M 2 21 280
3 82 60 71 4 0 6 0.00 0.0 0 3.9 9 310 M M 2 138 16 280
4 83 58 71 4 0 6 0.00 0.0 0 3.5 10 210 M M 2 128 15 220
5 84 63 74 7 0 9 0.00 0.0 0 5.5 17 230 M M 0 18 24 230
6 75 66 71 4 0 6 T 0.0 0 7.6 16 210 M M 9 22 210
7 81 64 73 6 0 8 0.00 0.0 0 4.0 10 130 M M 7 18 20 120
8 75 64 70 4 0 5 0.75 0.0 0 7.0 17 60 M M 9 13 30 50
9 80 69 75 9 0 10 0.26 0.0 0 4.1 17 210 M M 8 128 24 210
10 85 69 77 11 0 12 T 0.0 0 3.3 26 140 M M 7 18 41 150
11 80 67 74 8 0 9 0.65 0.0 0 7.7 18 230 M M 5 13 29 270
12 79 61 70 4 0 5 0.00 0.0 0 8.2 18 200 M M 4 1 28 230
13 75 54 65 -1 0 0 T 0.0 0 7.7 20 310 M M 2 27 300
14 73 54 64 -2 1 0 0.00 0.0 0 4.7 13 320 M M 1 19 320
15 83 54 69 3 0 4 0.00 0.0 0 5.4 17 200 M M 0 23 210
16 84 62 73 7 0 8 0.00 0.0 0 4.2 14 190 M M 1 17 190
17 81 60 71 5 0 6 0.00 0.0 0 4.0 12 200 M M 1 19 140
18 83 61 72 6 0 7 0.00 0.0 0 2.3 8 140 M M 3 12 13 120
19 86 62 74 8 0 9 0.00 0.0 0 3.0 10 320 M M 0 128 16 300
20 88 64 76 11 0 11 0.00 0.0 0 1.8 10 230 M M 1 18 14 230
21 88 67 78 13 0 13 0.00 0.0 0 7.4 20 310 M M 4 1 32 300
22 75 62 69 4 0 4 0.00 0.0 0 7.5 16 300 M M 1 26 340
23 83 55 69 4 0 4 0.00 0.0 0 3.7 13 210 M M 2 12 20 300
24 82 67 75 10 0 10 0.00 0.0 0 2.8 12 330 M M 5 12 16 280
25 85 65 75 10 0 10 0.00 0.0 0 4.0 13 310 M M 5 128 18 290
26 80 60 70 6 0 5 0.00 0.0 0 4.4 12 330 M M 0 18 20 330
27 67 58 63 -1 2 0 0.16 0.0 0 8.6 14 110 M M 8 1 27 130
28 82 58 70 6 0 5 0.03 0.0 0 5.8 13 110 M M 8 21 110
29 83 64 74 10 0 9 0.72 0.0 0 9.8 26 230 M M 5 1238 37 240
30 73 63 68 4 0 3 0.00 0.0 0 9.7 17 300 M M 3 30 310
31 74 57 66 3 0 1 0.00 0.0 0 5.4 15 310 M M 0 1 22 280
================================================================================
SM 2480 1903 3 188 2.57 0.0 171.0 M 111
================================================================================
AV 80.0 61.4 5.5 FASTST M M 4 MAX(MPH)
MISC ----> # 26 140 41 150
================================================================================
NOTES:
# LAST OF SEVERAL OCCURRENCES
COLUMN 17 PEAK WIND IN M.P.H.
PRELIMINARY LOCAL CLIMATOLOGICAL DATA (WS FORM: F-6) , PAGE 2
STATION: SAULT STE MARIE MI
MONTH: AUGUST
YEAR: 2021
LATITUDE: 46 28 N
LONGITUDE: 84 21 W
[TEMPERATURE DATA] [PRECIPITATION DATA] SYMBOLS USED IN COLUMN 16
AVERAGE MONTHLY: 70.7 TOTAL FOR MONTH: 2.57 1 = FOG OR MIST
DPTR FM NORMAL: 5.1 DPTR FM NORMAL: -0.62 2 = FOG REDUCING VISIBILITY
HIGHEST: 88 ON 21,20 GRTST 24HR 0.77 ON 8- 9 TO 1/4 MILE OR LESS
LOWEST: 54 ON 15,14 3 = THUNDER
SNOW, ICE PELLETS, HAIL 4 = ICE PELLETS
TOTAL MONTH: 0.0 INCH 5 = HAIL
GRTST 24HR 0.0 6 = FREEZING RAIN OR DRIZZLE
GRTST DEPTH: 0 7 = DUSTSTORM OR SANDSTORM:
VSBY 1/2 MILE OR LESS
8 = SMOKE OR HAZE
[NO. OF DAYS WITH] [WEATHER - DAYS WITH] 9 = BLOWING SNOW
X = TORNADO
MAX 32 OR BELOW: 0 0.01 INCH OR MORE: 6
MAX 90 OR ABOVE: 0 0.10 INCH OR MORE: 5
MIN 32 OR BELOW: 0 0.50 INCH OR MORE: 3
MIN 0 OR BELOW: 0 1.00 INCH OR MORE: 0
[HDD (BASE 65) ]
TOTAL THIS MO. 3 CLEAR (SCALE 0-3) 17
DPTR FM NORMAL -57 PTCLDY (SCALE 4-7) 12
TOTAL FM JUL 1 23 CLOUDY (SCALE 8-10) 2
DPTR FM NORMAL -101
[CDD (BASE 65) ]
TOTAL THIS MO. 188
DPTR FM NORMAL 109 [PRESSURE DATA]
TOTAL FM JAN 1 421 HIGHEST SLP 30.26 ON 27
DPTR FM NORMAL 211 LOWEST SLP 29.58 ON 11
[REMARKS]
#FINAL-08-21#