000
CXUS53 KIWX 010810
CF6AOH
PRELIMINARY LOCAL CLIMATOLOGICAL DATA (WS FORM: F-6)
STATION: LIMA
MONTH: APRIL
YEAR: 2021
LATITUDE: 40 42 N
LONGITUDE: 84 1 W
TEMPERATURE IN F: :PCPN: SNOW: WIND :SUNSHINE: SKY :PK WND
================================================================================
1 2 3 4 5 6A 6B 7 8 9 10 11 12 13 14 15 16 17 18
12Z AVG MX 2MIN
DY MAX MIN AVG DEP HDD CDD WTR SNW DPTH SPD SPD DIR MIN PSBL S-S WX SPD DR
================================================================================
1 34 24 29 -16 36 0 T M M 12.6 25 310 M M 5 33 350
2 45 21 33 -13 32 0 0.00 0.0 0 5.8 13 10 M M 0 21 350
3 63 30 47 1 18 0 T 0.0 0 13.8 25 220 M M 0 36 220
4 72 41 57 11 8 0 0.00 0.0 0 4.6 14 230 M M 0 18 230
5 71 48 60 13 5 0 0.15 0.0 0 9.5 20 210 M M 3 13 26 210
6 78 53 66 19 0 1 T M M 9.2 20 220 M M 2 26 240
7 81 56 69 21 0 4 0.00 M M 8.1 18 180 M M 2 25 190
8 73 55 64 16 1 0 0.16 M M 12.2 25 180 M M 6 1 36 170
9 76 53 65 17 0 0 T M M 14.1 29 180 M M 4 42 180
10 74 52 63 14 2 0 0.10 M M 10.0 23 170 M M 5 1 30 170
11 58 48 53 4 12 0 0.19 M M 11.5 22 190 M M 8 1 30 200
12 62 48 55 5 10 0 0.01 M M 11.5 22 280 M M 8 1 27 270
13 65 41 53 3 12 0 0.00 M M 9.1 21 250 M M 0 27 250
14 62 40 51 1 14 0 0.00 M M 10.8 24 270 M M 2 30 250
15 47 38 43 -8 22 0 0.00 M M 14.4 23 280 M M 9 35 270
16 60 38 49 -2 16 0 0.00 M M 10.3 18 310 M M 5 26 340
17 59 35 47 -5 18 0 T M M 3.1 13 310 M M 3 14 310
18 59 38 49 -3 16 0 0.00 M M 4.7 15 290 M M 3 20 290
19 66 39 53 1 12 0 T M M 12.9 30 270 M M 5 41 260
20 43 31 37 -15 28 0 0.27 M M 8.6 17 360 M M 10 1 26 20
21 44 30 37 -16 28 0 0.07 M M 10.0 20 290 M M 6 12 25 280
22 49 27 38 -15 27 0 0.00 M M 9.5 25 270 M M 3 1 35 260
23 60 38 49 -5 16 0 0.00 M M 9.3 20 240 M M 2 27 200
24 58 42 50 -4 15 0 0.02 M M 6.6 20 160 M M 8 1 25 160
25 57 40 49 -5 16 0 0.02 M M 8.8 18 320 M M 5 128 25 310
26 71 36 54 -1 11 0 0.00 M M 10.4 21 160 M M 0 29 150
27 83 57 70 15 0 5 0.00 M M 14.9 25 220 M M 0 39 200
28 75 63 69 14 0 4 0.35 M M 11.4 24 250 M M 4 1 33 250
29 66 51 59 3 6 0 1.08 M M 10.7 22 300 M M 9 1 29 290
30 61 41 51 -5 14 0 0.01 M M 13.8 26 320 M M 2 37 300
================================================================================
SM 1872 1254 395 14 2.43 0.0 302.2 M 119
================================================================================
AV 62.4 41.8 10.1 FASTST M M 4 MAX(MPH)
MISC ----> 30 270 42 180
================================================================================
NOTES:
# LAST OF SEVERAL OCCURRENCES
COLUMN 17 PEAK WIND IN M.P.H.
PRELIMINARY LOCAL CLIMATOLOGICAL DATA (WS FORM: F-6) , PAGE 2
STATION: LIMA
MONTH: APRIL
YEAR: 2021
LATITUDE: 40 42 N
LONGITUDE: 84 1 W
[TEMPERATURE DATA] [PRECIPITATION DATA] SYMBOLS USED IN COLUMN 16
AVERAGE MONTHLY: 52.1 TOTAL FOR MONTH: 2.43 1 = FOG OR MIST
DPTR FM NORMAL: 1.3 DPTR FM NORMAL: -1.01 2 = FOG REDUCING VISIBILITY
HIGHEST: 83 ON 27 GRTST 24HR 1.43 ON 28-29 TO 1/4 MILE OR LESS
LOWEST: 21 ON 2 3 = THUNDER
SNOW, ICE PELLETS, HAIL 4 = ICE PELLETS
TOTAL MONTH: 0.0 INCH 5 = HAIL
GRTST 24HR 0.0 6 = FREEZING RAIN OR DRIZZLE
GRTST DEPTH: 0 7 = DUSTSTORM OR SANDSTORM:
VSBY 1/2 MILE OR LESS
8 = SMOKE OR HAZE
[NO. OF DAYS WITH] [WEATHER - DAYS WITH] 9 = BLOWING SNOW
X = TORNADO
MAX 32 OR BELOW: 0 0.01 INCH OR MORE: 12
MAX 90 OR ABOVE: 0 0.10 INCH OR MORE: 7
MIN 32 OR BELOW: 6 0.50 INCH OR MORE: 1
MIN 0 OR BELOW: 0 1.00 INCH OR MORE: 1
[HDD (BASE 65) ]
TOTAL THIS MO. 395 CLEAR (SCALE 0-3) 15
DPTR FM NORMAL -40 PTCLDY (SCALE 4-7) 10
TOTAL FM JUL 1 5134 CLOUDY (SCALE 8-10) 5
DPTR FM NORMAL -511
[CDD (BASE 65) ]
TOTAL THIS MO. 14
DPTR FM NORMAL 5 [PRESSURE DATA]
TOTAL FM JAN 1 14 HIGHEST SLP M ON M
DPTR FM NORMAL 4 LOWEST SLP 29.39 ON 11
[REMARKS]
#FINAL-04-21#