000
CXUS53 KIWX 010800
CF6AOH
PRELIMINARY LOCAL CLIMATOLOGICAL DATA (WS FORM: F-6)
STATION: LIMA
MONTH: APRIL
YEAR: 2020
LATITUDE: 40 42 N
LONGITUDE: 84 1 W
TEMPERATURE IN F: :PCPN: SNOW: WIND :SUNSHINE: SKY :PK WND
================================================================================
1 2 3 4 5 6A 6B 7 8 9 10 11 12 13 14 15 16 17 18
12Z AVG MX 2MIN
DY MAX MIN AVG DEP HDD CDD WTR SNW DPTH SPD SPD DIR MIN PSBL S-S WX SPD DR
================================================================================
1 51 39 45 0 20 0 0.03 0.0 0 5.7 14 360 M M 10 1 20 20
2 59 34 47 1 18 0 0.00 0.0 M 5.5 16 310 M M 2 12 22 320
3 65 37 51 5 14 0 0.00 0.0 M 3.9 10 310 M M 0 14 350
4 67 44 56 10 9 0 T M 0 9.2 21 320 M M 6 26 300
5 52 37 45 -2 20 0 0.06 M 0 7.7 13 30 M M 7 1 17 30
6 65 31 48 1 17 0 0.00 M M 5.5 13 230 M M 1 1 17 250
7 75 49 62 14 3 0 0.81 M 0 10.6 22 240 M M 4 13 30 230
8 71 54 63 15 2 0 0.22 0.0 0 6.5 32 350 M M 4 138 46 350
9 54 35 45 -3 20 0 T M 0 19.6 36 280 M M 7 52 280
10 44 32 38 -11 27 0 0.00 0.0 0 14.4 28 290 M M 5 36 300
11 59 30 45 -4 20 0 0.00 0.0 0 8.7 17 180 M M 4 24 190
12 68 45 57 7 8 0 0.12 M 0 11.7 23 170 M M 9 1 36 170
13 55 37 46 -4 19 0 0.05 M 0 15.8 38 280 M M 8 1 51 280
14 43 29 36 -14 29 0 0.00 M M 11.9 24 260 M M 2 34 280
15 45 28 37 -14 28 0 0.05 M M 13.4 32 230 M M 5 18 45 250
16 45 25 35 -16 30 0 0.00 M M 10.3 26 240 M M 2 39 280
17 44 33 39 -13 26 0 0.19 M M 8.5 15 330 M M 10 1 22 340
18 53 31 42 -10 23 0 0.00 M M 11.6 22 240 M M 4 1 30 250
19 61 41 51 -1 14 0 0.00 M M 12.1 22 230 M M 1 30 230
20 60 32 46 -6 19 0 0.00 M M 9.9 25 230 M M 2 8 35 240
21 54 34 44 -9 21 0 0.08 M 0 18.4 35 280 M M 4 1 45 270
22 57 26 42 -11 23 0 0.01 M 0 7.0 22 120 M M 7 27 120
23 58 45 52 -2 13 0 0.21 0.0 0 9.9 16 90 M M 8 1 23 100
24 61 41 51 -3 14 0 0.01 0.0 0 6.5 14 10 M M 7 128 18 10
25 65 47 56 2 9 0 0.01 M 0 13.5 23 40 M M 8 8 35 50
26 56 38 47 -8 18 0 0.44 M 0 14.5 29 10 M M 7 1 46 30
27 64 33 49 -6 16 0 0.03 M 0 6.9 23 240 M M 2 1 29 240
28 72 50 61 6 4 0 0.10 0.0 0 9.5 16 190 M M 8 25 200
29 67 54 61 5 4 0 0.05 0.0 0 14.9 33 170 M M 7 1 44 150
30 54 43 49 -7 16 0 0.08 0.0 0 15.0 22 240 M M 10 18 28 250
================================================================================
SM 1744 1134 504 0 2.55 0.0 318.6 M 161
================================================================================
AV 58.1 37.8 10.6 FASTST M M 5 MAX(MPH)
MISC ----> # 38 280 # 52 280
================================================================================
NOTES:
# LAST OF SEVERAL OCCURRENCES
COLUMN 17 PEAK WIND IN M.P.H.
PRELIMINARY LOCAL CLIMATOLOGICAL DATA (WS FORM: F-6) , PAGE 2
STATION: LIMA
MONTH: APRIL
YEAR: 2020
LATITUDE: 40 42 N
LONGITUDE: 84 1 W
[TEMPERATURE DATA] [PRECIPITATION DATA] SYMBOLS USED IN COLUMN 16
AVERAGE MONTHLY: 48.0 TOTAL FOR MONTH: 2.55 1 = FOG OR MIST
DPTR FM NORMAL: -2.8 DPTR FM NORMAL: -0.89 2 = FOG REDUCING VISIBILITY
HIGHEST: 75 ON 7 GRTST 24HR 0.81 ON 7- 7 TO 1/4 MILE OR LESS
LOWEST: 25 ON 16 3 = THUNDER
SNOW, ICE PELLETS, HAIL 4 = ICE PELLETS
TOTAL MONTH: 0.0 INCH 5 = HAIL
GRTST 24HR 0.0 6 = FREEZING RAIN OR DRIZZLE
GRTST DEPTH: 0 7 = DUSTSTORM OR SANDSTORM:
VSBY 1/2 MILE OR LESS
8 = SMOKE OR HAZE
[NO. OF DAYS WITH] [WEATHER - DAYS WITH] 9 = BLOWING SNOW
X = TORNADO
MAX 32 OR BELOW: 0 0.01 INCH OR MORE: 18
MAX 90 OR ABOVE: 0 0.10 INCH OR MORE: 7
MIN 32 OR BELOW: 9 0.50 INCH OR MORE: 1
MIN 0 OR BELOW: 0 1.00 INCH OR MORE: 0
[HDD (BASE 65) ]
TOTAL THIS MO. 504 CLEAR (SCALE 0-3) 8
DPTR FM NORMAL 69 PTCLDY (SCALE 4-7) 17
TOTAL FM JUL 1 4975 CLOUDY (SCALE 8-10) 5
DPTR FM NORMAL -670
[CDD (BASE 65) ]
TOTAL THIS MO. 0
DPTR FM NORMAL -9 [PRESSURE DATA]
TOTAL FM JAN 1 0 HIGHEST SLP 30.31 ON 16
DPTR FM NORMAL -10 LOWEST SLP 29.31 ON 13
[REMARKS]
#FINAL-04-20#