000
CXUS55 KBOU 010900
CF6APA
PRELIMINARY LOCAL CLIMATOLOGICAL DATA (WS FORM: F-6)
STATION: CENTENNIAL CO
MONTH: JUNE
YEAR: 2021
LATITUDE: 39 33 N
LONGITUDE: 104 51 W
TEMPERATURE IN F: :PCPN: SNOW: WIND :SUNSHINE: SKY :PK WND
================================================================================
1 2 3 4 5 6A 6B 7 8 9 10 11 12 13 14 15 16 17 18
12Z AVG MX 2MIN
DY MAX MIN AVG DEP HDD CDD WTR SNW DPTH SPD SPD DIR MIN PSBL S-S WX SPD DR
================================================================================
1 68 40 54 -8 11 0 T M M 6.9 20 270 M M 4 27 260
2 74 46 60 -2 5 0 0.00 M M 5.7 13 160 M M 4 19 60
3 80 49 65 2 0 0 0.00 M M 7.0 15 170 M M 2 20 40
4 85 53 69 6 0 4 0.00 M M 5.6 14 170 M M 1 18 40
5 90 55 73 10 0 8 T M M 9.8 37 240 M M 3 3 53 230
6 86 59 73 9 0 8 T M M 10.2 29 200 M M 7 3 38 190
7 88 55 72 8 0 7 0.00 M M 9.3 21 170 M M 6 29 140
8 90 55 73 9 0 8 0.00 M M 10.8 29 170 M M 2 42 180
9 88 56 72 7 0 7 0.00 M M 8.1 22 170 M M 2 31 160
10 94 65 80 15 0 15 0.00 M M 11.6 25 200 M M 5 36 210
11 78 54 66 1 0 1 0.00 M M 10.4 21 200 M M 1 29 200
12 90 52 71 5 0 6 0.00 M M 10.4 22 170 M M 1 29 170
13 92 58 75 9 0 10 0.09 M M 9.7 24 170 M M 3 35 30 170
14 96 60 78 12 0 13 0.00 M M 7.5 18 160 M M 2 27 180
15 99 60 80 13 0 15 0.00 M M 7.4 16 160 M M 3 22 200
16 97 25 61 -6 4 0 0.00 M M 6.9 21 360 M M 4 27 20
17 98 64 81 14 0 16 0.00 M M 9.7 21 200 M M 5 43 240
18 87 62 75 7 0 10 0.00 M M 7.8 21 200 M M 8 26 200
19 85 59 72 4 0 7 0.03 M M 7.9 26 280 M M 6 3 38 270
20 82 54 68 0 0 3 0.02 M M 9.8 24 20 M M 5 34 20
21 70 50 60 -9 5 0 0.11 M M 5.9 17 180 M M 7 1 23 50
22 92 53 73 4 0 8 0.00 M M 7.3 18 170 M M 4 8 27 160
23 94 59 77 8 0 12 0.00 M M 8.2 20 240 M M 7 27 210
24 82 62 72 3 0 7 T M M 8.5 30 220 M M 8 39 230
25 81 54 68 -2 0 3 2.06 M M 6.2 30 10 M M 7 13 41 20
26 69 54 62 -8 3 0 0.24 M M 7.3 28 360 M M 8 13 36 10
27 71 54 63 -7 2 0 0.20 M M 4.7 22 310 M M 8 3 29 310
28 70 52 61 -9 4 0 T M M 5.7 21 350 M M 7 26 350
29 76 50 63 -8 2 0 0.00 M M 8.0 18 170 M M 7 27 150
30 82 56 69 -2 0 4 0.00 M M 9.0 21 160 M M 6 27 160
================================================================================
SM 2534 1625 36 172 2.75 M 243.3 M 143
================================================================================
AV 84.5 54.2 8.1 FASTST M M 5 MAX(MPH)
MISC ----> 37 240 53 230
================================================================================
NOTES:
# LAST OF SEVERAL OCCURRENCES
COLUMN 17 PEAK WIND IN M.P.H.
PRELIMINARY LOCAL CLIMATOLOGICAL DATA (WS FORM: F-6) , PAGE 2
STATION: CENTENNIAL CO
MONTH: JUNE
YEAR: 2021
LATITUDE: 39 33 N
LONGITUDE: 104 51 W
[TEMPERATURE DATA] [PRECIPITATION DATA] SYMBOLS USED IN COLUMN 16
AVERAGE MONTHLY: 69.3 TOTAL FOR MONTH: 2.75 1 = FOG OR MIST
DPTR FM NORMAL: 2.6 DPTR FM NORMAL: 0.77 2 = FOG REDUCING VISIBILITY
HIGHEST: 99 ON 15 GRTST 24HR 2.26 ON 25-26 TO 1/4 MILE OR LESS
LOWEST: 25 ON 16 3 = THUNDER
SNOW, ICE PELLETS, HAIL 4 = ICE PELLETS
TOTAL MONTH: M 5 = HAIL
GRTST 24HR M ON M 6 = FREEZING RAIN OR DRIZZLE
GRTST DEPTH: M ON M 7 = DUSTSTORM OR SANDSTORM:
VSBY 1/2 MILE OR LESS
8 = SMOKE OR HAZE
[NO. OF DAYS WITH] [WEATHER - DAYS WITH] 9 = BLOWING SNOW
X = TORNADO
MAX 32 OR BELOW: 0 0.01 INCH OR MORE: 7
MAX 90 OR ABOVE: 11 0.10 INCH OR MORE: 4
MIN 32 OR BELOW: 1 0.50 INCH OR MORE: 1
MIN 0 OR BELOW: 0 1.00 INCH OR MORE: 1
[HDD (BASE 65) ]
TOTAL THIS MO. 36 CLEAR (SCALE 0-3) 7
DPTR FM NORMAL -27 PTCLDY (SCALE 4-7) 22
TOTAL FM JUL 1 5926 CLOUDY (SCALE 8-10) 1
DPTR FM NORMAL -88
[CDD (BASE 65) ]
TOTAL THIS MO. 172
DPTR FM NORMAL 58 [PRESSURE DATA]
TOTAL FM JAN 1 176 HIGHEST SLP M ON M
DPTR FM NORMAL 47 LOWEST SLP 29.55 ON 10
[REMARKS]
#FINAL-06-21#