804
CXUS53 KAPX 011415
CF6APN
PRELIMINARY LOCAL CLIMATOLOGICAL DATA (WS FORM: F-6)
STATION: ALPENA MI
MONTH: AUGUST
YEAR: 2020
LATITUDE: 45 4 N
LONGITUDE: 83 34 W
TEMPERATURE IN F: :PCPN: SNOW: WIND :SUNSHINE: SKY :PK WND
================================================================================
1 2 3 4 5 6A 6B 7 8 9 10 11 12 13 14 15 16 17 18
12Z AVG MX 2MIN
DY MAX MIN AVG DEP HDD CDD WTR SNW DPTH SPD SPD DIR MIN PSBL S-S WX SPD DR
================================================================================
1 81 54 68 1 0 3 0.00 0.0 0 3.2 12 100 M M 1 17 120
2 74 63 69 2 0 4 0.09 0.0 0 7.4 16 330 M M 7 1 20 330
3 63 58 61 -6 4 0 0.26 0.0 0 7.4 16 10 M M 10 1 20 10
4 69 55 62 -5 3 0 0.04 0.0 0 8.5 16 350 M M 8 1 23 360
5 74 51 63 -4 2 0 0.00 0.0 0 4.9 14 280 M M 3 23 330
6 80 49 65 -2 0 0 0.00 0.0 0 3.9 14 90 M M 2 18 100
7 80 54 67 0 0 2 0.00 0.0 0 3.2 13 130 M M 1 1 18 80
8 83 52 68 2 0 3 T 0.0 0 6.4 17 170 M M 2 24 210
9 87 61 74 8 0 9 0.04 0.0 0 5.0 31 190 M M 3 13 46 200
10 91 68 80 14 0 15 0.39 0.0 0 6.5 16 270 M M 4 13 31 250
11 82 56 69 3 0 4 0.08 0.0 0 6.1 21 340 M M 2 1 28 330
12 86 56 71 5 0 6 0.00 0.0 0 4.2 12 120 M M 0 15 120
13 84 56 70 4 0 5 0.00 0.0 0 2.9 10 110 M M 0 1 16 120
14 83 58 71 5 0 6 0.00 0.0 0 5.9 17 130 M M 0 24 140
15 84 58 71 5 0 6 T 0.0 0 6.3 18 170 M M 2 23 150
16 81 61 71 5 0 6 0.73 0.0 0 5.5 18 330 M M 3 13 25 320
17 77 55 66 1 0 1 0.09 0.0 0 5.6 18 340 M M 2 13 26 330
18 71 54 63 -2 2 0 0.00 0.0 0 8.8 20 350 M M 2 27 360
19 73 50 62 -3 3 0 0.00 0.0 0 4.9 12 130 M M 2 18 100
20 87 55 71 6 0 6 0.37 0.0 0 7.0 17 260 M M 6 13 32 230
21 79 60 70 5 0 5 0.10 0.0 0 2.0 13 130 M M 6 123 17 140
22 79 57 68 3 0 3 T 0.0 0 3.1 10 170 M M 4 12 15 150
23 86 64 75 11 0 10 0.17 0.0 0 4.0 14 170 M M 4 1 22 220
24 88 62 75 11 0 10 0.00 0.0 0 4.4 15 270 M M 2 12 24 270
25 82 60 71 7 0 6 0.00 0.0 0 7.7 20 320 M M 1 26 320
26 71 60 66 2 0 1 0.78 0.0 0 6.7 16 350 M M 6 13 20 360
27 81 60 71 7 0 6 0.00 0.0 0 6.4 17 320 M M 3 1 27 320
28 73 59 66 3 0 1 0.24 0.0 0 6.4 16 120 M M 7 1 22 110
29 72 57 65 2 0 0 0.13 0.0 0 10.8 24 350 M M 6 1 34 350
30 68 50 59 -4 6 0 0.00 0.0 0 4.4 12 130 M M 6 16 290
31 76 47 62 -1 3 0 0.00 0.0 0 6.7 22 150 M M 5 1 27 160
================================================================================
SM 2445 1760 23 118 3.51 0.0 176.2 M 110
================================================================================
AV 78.9 56.8 5.7 FASTST M M 4 MAX(MPH)
MISC ----> # 31 190 # 46 200
================================================================================
NOTES:
# LAST OF SEVERAL OCCURRENCES
COLUMN 17 PEAK WIND IN M.P.H.
PRELIMINARY LOCAL CLIMATOLOGICAL DATA (WS FORM: F-6) , PAGE 2
STATION: ALPENA MI
MONTH: AUGUST
YEAR: 2020
LATITUDE: 45 4 N
LONGITUDE: 83 34 W
[TEMPERATURE DATA] [PRECIPITATION DATA] SYMBOLS USED IN COLUMN 16
AVERAGE MONTHLY: 67.8 TOTAL FOR MONTH: 3.51 1 = FOG OR MIST
DPTR FM NORMAL: 2.4 DPTR FM NORMAL: 0.28 2 = FOG REDUCING VISIBILITY
HIGHEST: 91 ON 10 GRTST 24HR 0.78 ON 26-26 TO 1/4 MILE OR LESS
LOWEST: 47 ON 31 3 = THUNDER
SNOW, ICE PELLETS, HAIL 4 = ICE PELLETS
TOTAL MONTH: 0.0 INCH 5 = HAIL
GRTST 24HR 0.0 6 = FREEZING RAIN OR DRIZZLE
GRTST DEPTH: 0 7 = DUSTSTORM OR SANDSTORM:
VSBY 1/2 MILE OR LESS
8 = SMOKE OR HAZE
[NO. OF DAYS WITH] [WEATHER - DAYS WITH] 9 = BLOWING SNOW
X = TORNADO
MAX 32 OR BELOW: 0 0.01 INCH OR MORE: 14
MAX 90 OR ABOVE: 1 0.10 INCH OR MORE: 9
MIN 32 OR BELOW: 0 0.50 INCH OR MORE: 2
MIN 0 OR BELOW: 0 1.00 INCH OR MORE: 0
[HDD (BASE 65) ]
TOTAL THIS MO. 23 CLEAR (SCALE 0-3) 15
DPTR FM NORMAL -48 PTCLDY (SCALE 4-7) 14
TOTAL FM JUL 1 27 CLOUDY (SCALE 8-10) 2
DPTR FM NORMAL -88
[CDD (BASE 65) ]
TOTAL THIS MO. 118
DPTR FM NORMAL 37 [PRESSURE DATA]
TOTAL FM JAN 1 461 HIGHEST SLP M ON M
DPTR FM NORMAL 195 LOWEST SLP 29.45 ON 29
[REMARKS]
#FINAL-08-20#