000
CXUS53 KAPX 011638
CF6APX
PRELIMINARY LOCAL CLIMATOLOGICAL DATA (WS FORM: F-6)
STATION: GAYLORD WFO
MONTH: FEBRUARY
YEAR: 2021
LATITUDE: 45 4 N
LONGITUDE: 84 43 W
TEMPERATURE IN F: :PCPN: SNOW: WIND :SUNSHINE: SKY :PK WND
================================================================================
1 2 3 4 5 6A 6B 7 8 9 10 11 12 13 14 15 16 17 18
12Z AVG MX 2MIN
DY MAX MIN AVG DEP HDD CDD WTR SNW DPTH SPD SPD DIR MIN PSBL S-S WX SPD DR
================================================================================
1 26 13 20 4 45 0 0.00 0.0 7 M M M M M M M M
2 29 16 23 6 42 0 T T 7 M M M M M M M M
3 40 13 27 10 38 0 0.00 0.0 7 M M M M M M M M
4 39 24 32 15 33 0 0.15 2.5 7 M M M M M M M M
5 29 10 20 3 45 0 0.35 5.7 11 M M M M M M M M
6 13 8 11 -6 54 0 0.06 1.1 13 M M M M M M M M
7 10 1 6 -11 59 0 0.07 0.8 13 M M M M M M M M
8 13 2 8 -9 57 0 0.01 0.2 12 M M M M M M M M
9 13 6 10 -8 55 0 T 0.3 12 M M M M M M M M
10 14 3 9 -9 56 0 0.04 1.6 13 M M M M M M M M
11 17 2 10 -8 55 0 T T 13 M M M M M M M M
12 19 10 15 -3 50 0 0.05 0.6 13 M M M M M M M M
13 19 8 14 -4 51 0 0.08 1.0 13 M M M M M M M M
14 14 4 9 -9 56 0 0.03 0.9 13 M M M M M M M M
15 12 2 7 -12 58 0 0.00 0.0 13 M M M M M M M M
16 15 5 10 -9 55 0 0.10 1.4 14 M M M M M M M M
17 23 4 14 -5 51 0 T T 14 M M M M M M M M
18 23 11 17 -2 48 0 T T 13 M M M M M M M M
19 27 12 20 0 45 0 0.02 0.8 13 M M M M M M M M
20 29 9 19 -1 46 0 T 0.2 14 M M M M M M M M
21 32 13 23 3 42 0 0.03 0.5 14 M M M M M M M M
22 34 23 29 9 36 0 0.08 0.9 14 M M M M M M M M
23 40 30 35 14 30 0 0.06 0.8 14 M M M M M M M M
24 33 20 27 6 38 0 0.09 0.8 12 M M M M M M 1 M M
25 32 13 23 2 42 0 T T 12 M M M M M M M M
26 40 13 27 5 38 0 0.00 0.0 12 M M M M M M M M
27 46 26 36 14 29 0 0.02 0.6 12 M M M M M M M M
28 44 27 36 14 29 0 T 0.0 12 M M M M M M M M
================================================================================
SM 725 328 1283 0 1.24 20.7 M M M
================================================================================
AV 25.9 11.7 M FASTST M M M MAX(MPH)
MISC ----> M M M M
================================================================================
NOTES:
# LAST OF SEVERAL OCCURRENCES
COLUMN 17 PEAK WIND IN M.P.H.
PRELIMINARY LOCAL CLIMATOLOGICAL DATA (WS FORM: F-6) , PAGE 2
STATION: GAYLORD WFO
MONTH: FEBRUARY
YEAR: 2021
LATITUDE: 45 4 N
LONGITUDE: 84 43 W
[TEMPERATURE DATA] [PRECIPITATION DATA] SYMBOLS USED IN COLUMN 16
AVERAGE MONTHLY: 18.8 TOTAL FOR MONTH: 1.24 1 = FOG OR MIST
DPTR FM NORMAL: 0.0 DPTR FM NORMAL: -0.73 2 = FOG REDUCING VISIBILITY
HIGHEST: 46 ON 27 GRTST 24HR 0.35 ON 5- 5 TO 1/4 MILE OR LESS
LOWEST: 1 ON 7 3 = THUNDER
SNOW, ICE PELLETS, HAIL 4 = ICE PELLETS
TOTAL MONTH: 20.7 INCHES 5 = HAIL
GRTST 24HR 5.7 ON 5- 5 6 = FREEZING RAIN OR DRIZZLE
GRTST DEPTH: 14 ON 23,22 7 = DUSTSTORM OR SANDSTORM:
VSBY 1/2 MILE OR LESS
8 = SMOKE OR HAZE
[NO. OF DAYS WITH] [WEATHER - DAYS WITH] 9 = BLOWING SNOW
X = TORNADO
MAX 32 OR BELOW: 20 0.01 INCH OR MORE: 16
MAX 90 OR ABOVE: 0 0.10 INCH OR MORE: 3
MIN 32 OR BELOW: 28 0.50 INCH OR MORE: 0
MIN 0 OR BELOW: 0 1.00 INCH OR MORE: 0
[HDD (BASE 65) ]
TOTAL THIS MO. 1283 CLEAR (SCALE 0-3) 0
DPTR FM NORMAL -9 PTCLDY (SCALE 4-7) 0
TOTAL FM JUL 1 5482 CLOUDY (SCALE 8-10) 28
DPTR FM NORMAL -566
[CDD (BASE 65) ]
TOTAL THIS MO. 0
DPTR FM NORMAL 0 [PRESSURE DATA]
TOTAL FM JAN 1 0 HIGHEST SLP M ON M
DPTR FM NORMAL 0 LOWEST SLP M ON M
[REMARKS]
#FINAL-02-21#