000
CXUS51 KALY 010710
CF6AQW
PRELIMINARY LOCAL CLIMATOLOGICAL DATA (WS FORM: F-6)
STATION: NORTH ADAMS MA ASOS
MONTH: APRIL
YEAR: 2022
LATITUDE: 42 42 N
LONGITUDE: 73 10 W
TEMPERATURE IN F: :PCPN: SNOW: WIND :SUNSHINE: SKY :PK WND
================================================================================
1 2 3 4 5 6A 6B 7 8 9 10 11 12 13 14 15 16 17 18
12Z AVG MX 2MIN
DY MAX MIN AVG DEP HDD CDD WTR SNW DPTH SPD SPD DIR MIN PSBL S-S WX SPD DR
================================================================================
1 56 37 47 8 18 0 0.27 M M 15.1 29 260 M M 9 1 49 270
2 52 33 43 3 22 0 T M M 10.5 28 270 M M 3 36 280
3 52 30 41 1 24 0 0.07 M M 5.1 13 110 M M 6 1 18 290
4 54 35 45 5 20 0 T M M 6.7 15 260 M M 7 23 280
5 64 29 47 6 18 0 0.00 M M 1.7 10 250 M M 2 14 220
6 57 41 49 8 16 0 0.00 M M 11.6 25 100 M M 7 39 110
7 50 45 48 6 17 0 0.90 M M 18.2 38 110 M M 10 8 51 120
8 59 36 48 6 17 0 0.52 M M 7.5 24 110 M M 8 18 33 110
9 52 35 44 2 21 0 0.16 M M 3.6 20 270 M M 8 12 24 260
10 47 33 40 -3 25 0 0.01 M M 11.0 21 260 M M 9 128 27 250
11 66 33 50 7 15 0 0.02 M M 5.5 13 240 M M 2 17 280
12 68 44 56 12 9 0 0.13 M M 7.2 24 260 M M 5 1 30 270
13 79 35 57 13 8 0 0.00 M M 4.2 16 240 M M 4 24 250
14 76 52 64 19 1 0 0.14 M M 11.2 20 270 M M 4 27 90
15 68 37 53 8 12 0 0.00 M M 9.8 23 270 M M 3 35 270
16 65 39 52 7 13 0 0.37 M M 6.6 24 210 M M 7 1 37 200
17 48 35 42 -4 23 0 0.02 M M 9.2 26 270 M M 8 8 31 270
18 60 28 44 -2 21 0 0.19 M M 9.3 30 100 M M 3 39 110
19 44 37 41 -6 24 0 0.93 M M 12.6 25 110 M M 10 1 36 120
20 53 32 43 -4 22 0 0.00 M M 12.0 28 270 M M 6 36 270
21 62 31 47 -1 18 0 T M M 7.3 22 110 M M 4 33 110
22 61 35 48 0 17 0 0.00 M M 9.1 25 270 M M 4 34 260
23 63 31 47 -1 18 0 0.01 M M 2.9 10 340 M M 4 15 280
24 67 46 57 8 8 0 0.00 M M 8.1 17 110 M M 5 22 110
25 71 47 59 10 6 0 0.00 M M 12.2 22 110 M M 2 30 110
26 58 50 54 4 11 0 0.50 M M 3.2 13 110 M M 10 18 16 120
27 54 40 47 -3 18 0 0.03 M M 16.6 30 270 M M 10 40 260
28 54 37 46 -4 19 0 0.00 M M 11.9 24 280 M M 5 34 280
29 60 33 47 -4 18 0 0.00 M M 8.5 22 270 M M 0 31 280
30 63 29 46 -5 19 0 0.00 M M 4.9 18 340 M M 0 25 270
================================================================================
SM 1783 1105 498 0 4.27 M 263.3 M 165
================================================================================
AV 59.4 36.8 8.8 FASTST M M 6 MAX(MPH)
MISC ----> 38 110 51 120
================================================================================
NOTES:
# LAST OF SEVERAL OCCURRENCES
COLUMN 17 PEAK WIND IN M.P.H.
PRELIMINARY LOCAL CLIMATOLOGICAL DATA (WS FORM: F-6) , PAGE 2
STATION: NORTH ADAMS MA ASOS
MONTH: APRIL
YEAR: 2022
LATITUDE: 42 42 N
LONGITUDE: 73 10 W
[TEMPERATURE DATA] [PRECIPITATION DATA] SYMBOLS USED IN COLUMN 16
AVERAGE MONTHLY: 48.1 TOTAL FOR MONTH: 4.27 1 = FOG OR MIST
DPTR FM NORMAL: 2.9 DPTR FM NORMAL: 1.15 2 = FOG REDUCING VISIBILITY
HIGHEST: 79 ON 13 GRTST 24HR 1.40 ON 7- 8 TO 1/4 MILE OR LESS
LOWEST: 28 ON 18 3 = THUNDER
SNOW, ICE PELLETS, HAIL 4 = ICE PELLETS
TOTAL MONTH: M 5 = HAIL
GRTST 24HR M ON M 6 = FREEZING RAIN OR DRIZZLE
GRTST DEPTH: M ON M 7 = DUSTSTORM OR SANDSTORM:
VSBY 1/2 MILE OR LESS
8 = SMOKE OR HAZE
[NO. OF DAYS WITH] [WEATHER - DAYS WITH] 9 = BLOWING SNOW
X = TORNADO
MAX 32 OR BELOW: 0 0.01 INCH OR MORE: 16
MAX 90 OR ABOVE: 0 0.10 INCH OR MORE: 10
MIN 32 OR BELOW: 7 0.50 INCH OR MORE: 4
MIN 0 OR BELOW: 0 1.00 INCH OR MORE: 0
[HDD (BASE 65) ]
TOTAL THIS MO. 498 CLEAR (SCALE 0-3) 7
DPTR FM NORMAL -98 PTCLDY (SCALE 4-7) 17
TOTAL FM JUL 1 5155 CLOUDY (SCALE 8-10) 6
DPTR FM NORMAL -1407
[CDD (BASE 65) ]
TOTAL THIS MO. 0
DPTR FM NORMAL -2 [PRESSURE DATA]
TOTAL FM JAN 1 0 HIGHEST SLP M ON M
DPTR FM NORMAL -2 LOWEST SLP 29.46 ON 1
[REMARKS]
#FINAL-04-22#