000
CXUS51 KALY 010710
CF6AQW
PRELIMINARY LOCAL CLIMATOLOGICAL DATA (WS FORM: F-6)
STATION: NORTH ADAMS MA ASOS
MONTH: OCTOBER
YEAR: 2023
LATITUDE: 42 42 N
LONGITUDE: 73 10 W
TEMPERATURE IN F: :PCPN: SNOW: WIND :SUNSHINE: SKY :PK WND
================================================================================
1 2 3 4 5 6A 6B 7 8 9 10 11 12 13 14 15 16 17 18
12Z AVG MX 2MIN
DY MAX MIN AVG DEP HDD CDD WTR SNW DPTH SPD SPD DIR MIN PSBL S-S WX SPD DR
================================================================================
1 77 54 66 11 0 1 0.00 M M 3.5 14 260 M M 4 12 19 260
2 76 49 63 9 2 0 0.00 M M 1.3 9 270 M M 4 128 13 310
3 82 47 65 11 0 0 0.00 M M 1.5 8 270 M M 3 128 10 250
4 88 57 73 19 0 8 0.00 M M 1.1 10 130 M M 4 128 12 140
5 84 54 69 16 0 4 0.00 M M 5.0 16 130 M M 1 128 21 140
6 71 58 65 12 0 0 0.03 M M 8.2 16 110 M M 7 18 23 160
7 73 50 62 10 3 0 1.85 M M 7.8 18 120 M M 10 18 28 120
8 62 43 53 1 12 0 0.11 M M 6.7 22 250 M M 8 18 29 240
9 62 39 51 -1 14 0 0.00 M M 4.3 15 260 M M 8 12 20 250
10 62 40 51 0 14 0 0.00 M M 2.2 13 230 M M 9 18 17 240
11 65 47 56 5 9 0 T M M 3.7 13 270 M M 9 18 21 200
12 64 42 53 3 12 0 0.00 M M 2.0 12 260 M M 8 17 260
13 61 36 49 -1 16 0 0.00 M M 3.2 17 280 M M 2 1 24 270
14 57 40 49 -1 16 0 0.00 M M 1.5 8 350 M M 2 13 350
15 58 40 49 0 16 0 T M M 4.7 14 270 M M 9 1 21 280
16 56 46 51 2 14 0 0.05 M M 3.8 10 260 M M 9 1 15 290
17 57 43 50 1 15 0 0.00 M M 1.4 8 320 M M 10 128 11 280
18 59 48 54 6 11 0 0.01 M M 0.8 5 160 M M 10 7 320
19 64 43 54 6 11 0 0.00 M M 4.0 16 230 M M 4 1 22 210
20 62 53 58 10 7 0 0.85 M M 8.0 23 120 M M 9 18 29 120
21 61 53 57 10 8 0 1.70 M M 9.6 26 260 M M 10 1 39 260
22 53 44 49 2 16 0 T M M 15.1 22 270 M M 10 37 260
23 53 34 44 -3 21 0 0.00 M M 5.4 15 260 M M 6 1 19 270
24 64 33 49 3 16 0 0.00 M M 3.2 10 110 M M 4 1 13 100
25 80 39 60 14 5 0 0.00 M M 2.4 12 100 M M 0 15 100
26 76 50 63 17 2 0 0.00 M M 2.2 12 280 M M 5 16 260
27 79 50 65 20 0 0 0.00 M M 1.7 15 260 M M 1 1 19 270
28 74 47 61 16 4 0 T M M 6.0 23 270 M M 4 29 280
29 48 43 46 1 19 0 0.47 M M 5.1 16 100 M M 8 18 20 110
30 50 41 46 2 19 0 0.71 M M 7.3 17 270 M M 10 1 23 120
31 46 30 38 -6 27 0 0.00 M M 1.0 10 250 M M 6 12 14 260
================================================================================
SM 2024 1393 309 13 5.78 M 133.7 M 194
================================================================================
AV 65.3 44.9 4.3 FASTST M M 6 MAX(MPH)
MISC ----> 26 260 39 260
================================================================================
NOTES:
# LAST OF SEVERAL OCCURRENCES
COLUMN 17 PEAK WIND IN M.P.H.
PRELIMINARY LOCAL CLIMATOLOGICAL DATA (WS FORM: F-6) , PAGE 2
STATION: NORTH ADAMS MA ASOS
MONTH: OCTOBER
YEAR: 2023
LATITUDE: 42 42 N
LONGITUDE: 73 10 W
[TEMPERATURE DATA] [PRECIPITATION DATA] SYMBOLS USED IN COLUMN 16
AVERAGE MONTHLY: 55.1 TOTAL FOR MONTH: 5.78 1 = FOG OR MIST
DPTR FM NORMAL: 5.9 DPTR FM NORMAL: 1.50 2 = FOG REDUCING VISIBILITY
HIGHEST: 88 ON 4 GRTST 24HR 2.33 ON 20-21 TO 1/4 MILE OR LESS
LOWEST: 30 ON 31 3 = THUNDER
SNOW, ICE PELLETS, HAIL 4 = ICE PELLETS
TOTAL MONTH: M 5 = HAIL
GRTST 24HR M ON M 6 = FREEZING RAIN OR DRIZZLE
GRTST DEPTH: M ON M 7 = DUSTSTORM OR SANDSTORM:
VSBY 1/2 MILE OR LESS
8 = SMOKE OR HAZE
[NO. OF DAYS WITH] [WEATHER - DAYS WITH] 9 = BLOWING SNOW
X = TORNADO
MAX 32 OR BELOW: 0 0.01 INCH OR MORE: 9
MAX 90 OR ABOVE: 0 0.10 INCH OR MORE: 6
MIN 32 OR BELOW: 1 0.50 INCH OR MORE: 4
MIN 0 OR BELOW: 0 1.00 INCH OR MORE: 2
[HDD (BASE 65) ]
TOTAL THIS MO. 309 CLEAR (SCALE 0-3) 5
DPTR FM NORMAL -183 PTCLDY (SCALE 4-7) 15
TOTAL FM JUL 1 435 CLOUDY (SCALE 8-10) 11
DPTR FM NORMAL -277
[CDD (BASE 65) ]
TOTAL THIS MO. 13
DPTR FM NORMAL 11 [PRESSURE DATA]
TOTAL FM JAN 1 622 HIGHEST SLP M ON M
DPTR FM NORMAL 235 LOWEST SLP 29.19 ON 21
[REMARKS]
#FINAL-10-23#