000
CXUS54 KLZK 011230
CF6ARG
PRELIMINARY LOCAL CLIMATOLOGICAL DATA (WS FORM: F-6)
STATION: WALNUT RIDGE AIRPORT
MONTH: APRIL
YEAR: 2023
LATITUDE: 36 7 N
LONGITUDE: 90 55 W
TEMPERATURE IN F: :PCPN: SNOW: WIND :SUNSHINE: SKY :PK WND
================================================================================
1 2 3 4 5 6A 6B 7 8 9 10 11 12 13 14 15 16 17 18
12Z AVG MX 2MIN
DY MAX MIN AVG DEP HDD CDD WTR SNW DPTH SPD SPD DIR MIN PSBL S-S WX SPD DR
================================================================================
1 66 47 57 M 8 0 0.00 M M 15.1 29 300 M M 0 45 300
2 73 40 57 M 8 0 T M M 10.1 20 190 M M 1 3 23 180
3 73 55 64 M 1 0 0.00 0.0 M 11.9 18 170 M M 7 M M
4 80 67 74 M 0 9 T 0.0 M 19.6 32 180 M M 5 40 180
5 76 54 65 M 0 0 0.53 0.0 M 16.4 25 190 M M 7 3 37 200
6 58 47 53 M 12 0 0.00 M M 12.6 18 40 M M 6 8 22 40
7 61 44 53 M 12 0 0.00 M M 12.9 18 40 M M 0 23 50
8 67 43 55 M 10 0 0.00 M M 10.3 15 50 M M 2 17 50
9 67 47 57 M 8 0 0.00 M M 6.8 12 50 M M 5 8 M M
10 73 46 60 M 5 0 0.00 M M 4.4 9 160 M M 3 12 M M
11 76 45 61 M 4 0 0.00 M M 4.0 9 160 M M 0 M M
12 78 46 62 M 3 0 0.00 M M 4.0 12 180 M M 0 M M
13 81 50 66 M 0 1 0.00 M M 6.8 15 100 M M 3 8 16 50
14 78 54 66 M 0 1 0.00 0.0 M 7.1 13 140 M M 2 20 190
15 80 55 68 M 0 3 0.59 0.0 M 13.0 36 300 M M 6 13 56 300
16 66 45 56 M 9 0 0.00 M M 15.0 23 270 M M 3 40 290
17 74 45 60 M 5 0 0.00 M M 11.1 16 260 M M 0 22 270
18 81 49 65 M 0 0 0.00 M M 13.3 26 180 M M 0 33 190
19 83 55 69 M 0 4 0.00 0.0 M 14.7 25 190 M M 0 36 200
20 79 64 72 M 0 7 0.28 0.0 M 17.9 29 200 M M 5 3 43 210
21 69 51 60 M 5 0 0.84 0.0 M 11.7 37 350 M M 5 1 45 10
22 66 45 56 M 9 0 0.00 M M 10.9 20 310 M M 1 23 310
23 59 41 50 M 15 0 0.00 M M 6.5 13 10 M M 1 M M
24 63 39 51 M 14 0 0.00 M M 6.7 12 80 M M 0 16 80
25 66 49 58 M 7 0 0.00 M M 5.1 13 90 M M 5 8 M M
26 71 53 62 M 3 0 T 0.0 M 7.9 17 50 M M 6 18 21 100
27 60 53 57 M 8 0 0.10 0.0 M 9.3 14 30 M M 10 1 M M
28 68 55 62 M 3 0 0.01 0.0 M 5.5 10 340 M M 8 1 M M
29 70 57 64 M 1 0 0.29 0.0 M 5.7 10 300 M M 6 1 M M
30 68 47 58 M 7 0 0.00 M M 15.7 26 310 M M 2 41 310
================================================================================
SM 2130 1488 157 25 2.64 0.0 312.0 M 99
================================================================================
AV 71.0 49.6 10.4 FASTST M M 3 MAX(MPH)
MISC ----> 37 350 56 300
================================================================================
NOTES:
# LAST OF SEVERAL OCCURRENCES
COLUMN 17 PEAK WIND IN M.P.H.
PRELIMINARY LOCAL CLIMATOLOGICAL DATA (WS FORM: F-6) , PAGE 2
STATION: WALNUT RIDGE AIRPORT
MONTH: APRIL
YEAR: 2023
LATITUDE: 36 7 N
LONGITUDE: 90 55 W
[TEMPERATURE DATA] [PRECIPITATION DATA] SYMBOLS USED IN COLUMN 16
AVERAGE MONTHLY: 60.3 TOTAL FOR MONTH: 2.64 1 = FOG OR MIST
DPTR FM NORMAL: 0.0 DPTR FM NORMAL: M 2 = FOG REDUCING VISIBILITY
HIGHEST: 83 ON 19 GRTST 24HR 1.19 ON 20-21 TO 1/4 MILE OR LESS
LOWEST: 39 ON 24 3 = THUNDER
SNOW, ICE PELLETS, HAIL 4 = ICE PELLETS
TOTAL MONTH: 0.0 INCH 5 = HAIL
GRTST 24HR 0.0 6 = FREEZING RAIN OR DRIZZLE
GRTST DEPTH: M ON M 7 = DUSTSTORM OR SANDSTORM:
VSBY 1/2 MILE OR LESS
8 = SMOKE OR HAZE
[NO. OF DAYS WITH] [WEATHER - DAYS WITH] 9 = BLOWING SNOW
X = TORNADO
MAX 32 OR BELOW: 0 0.01 INCH OR MORE: 7
MAX 90 OR ABOVE: 0 0.10 INCH OR MORE: 6
MIN 32 OR BELOW: 0 0.50 INCH OR MORE: 3
MIN 0 OR BELOW: 0 1.00 INCH OR MORE: 0
[HDD (BASE 65) ]
TOTAL THIS MO. 157 CLEAR (SCALE 0-3) 15
DPTR FM NORMAL M PTCLDY (SCALE 4-7) 14
TOTAL FM JUL 1 3141 CLOUDY (SCALE 8-10) 1
DPTR FM NORMAL M
[CDD (BASE 65) ]
TOTAL THIS MO. 25
DPTR FM NORMAL M [PRESSURE DATA]
TOTAL FM JAN 1 34 HIGHEST SLP 30.44 ON 7
DPTR FM NORMAL M LOWEST SLP 29.65 ON 4
[REMARKS]
#FINAL-04-23#