000
CXUS54 KHGX 011535
CF6ARM
PRELIMINARY LOCAL CLIMATOLOGICAL DATA (WS FORM: F-6)
STATION: Wharton
MONTH: FEBRUARY
YEAR: 2022
LATITUDE: 29 15 N
LONGITUDE: 96 9 W
TEMPERATURE IN F: :PCPN: SNOW: WIND :SUNSHINE: SKY :PK WND
================================================================================
1 2 3 4 5 6A 6B 7 8 9 10 11 12 13 14 15 16 17 18
12Z AVG MX 2MIN
DY MAX MIN AVG DEP HDD CDD WTR SNW DPTH SPD SPD DIR MIN PSBL S-S WX SPD DR
================================================================================
1 69 54 62 M 3 0 0.00 0.0 0 5.7 15 90 M M 7 21 90
2 75 44 60 M 5 0 0.08 0.0 0 6.2 21 340 M M 9 12 28 340
3 44 28 36 M 29 0 0.08 T 0 18.5 24 340 M M 10 35 340
4 34 24 29 M 36 0 0.00 0.0 0 16.2 22 330 M M 8 28 340
5 49 25 37 M 28 0 0.00 0.0 0 4.4 9 350 M M 0 M M
6 60 27 44 M 21 0 0.00 0.0 0 2.7 8 110 M M 4 M M
7 62 41 52 M 13 0 0.00 0.0 0 7.0 14 360 M M 1 22 360
8 64 32 48 M 17 0 0.00 0.0 0 3.4 10 150 M M 0 16 360
9 69 33 51 M 14 0 0.00 0.0 0 3.6 9 180 M M 0 1 18 250
10 70 34 52 M 13 0 M M M 2.3 7 180 M M 2 12 M M
11 73 37 55 M 10 0 M M M 4.4 13 180 M M 2 12 18 210
12 60 34 47 M 18 0 M M M 12.6 30 360 M M 7 12 38 350
13 61 28 45 M 20 0 M M M 5.4 10 320 M M 0 18 320
14 67 32 50 M 15 0 0.00 0.0 0 4.8 12 160 M M 0 20 190
15 75 43 59 M 6 0 0.00 0.0 0 8.6 23 170 M M 4 28 170
16 76 57 67 M 0 2 0.03 0.0 0 12.9 29 150 M M 7 36 150
17 81 39 60 M 5 0 0.01 0.0 0 17.5 29 340 M M 5 1 36 350
18 57 34 46 M 19 0 0.00 0.0 0 12.4 20 340 M M 1 31 340
19 66 39 53 M 12 0 0.00 0.0 0 5.6 12 90 M M 0 16 50
20 70 46 58 M 7 0 0.00 0.0 0 5.6 16 150 M M 8 1 18 130
21 78 63 71 M 0 6 M 0.0 0 18.4 29 200 M M 9 1 36 190
22 78 62 70 M 0 5 M 0.0 0 12.8 21 170 M M 10 1 29 170
23 61 33 47 M 18 0 0.01 0.0 0 14.9 21 360 M M 10 1 28 350
24 41 33 37 M 28 0 0.00 0.0 0 12.4 18 360 M M 10 1 24 360
25 44 35 40 M 25 0 0.01 0.0 0 12.9 18 360 M M 10 24 360
26 43 37 40 M 25 0 0.07 0.0 0 9.4 13 10 M M 10 1 20 360
27 60 38 49 M 16 0 0.01 0.0 0 12.1 17 340 M M 5 27 10
28 65 31 48 M 17 0 0.00 0.0 0 3.6 9 70 M M 0 M M
================================================================================
SM 1752 1063 420 13 0.30 T 256.3 M 139
================================================================================
AV 62.6 38.0 9.2 FASTST M M 5 MAX(MPH)
MISC ----> 30 360 38 350
================================================================================
NOTES:
# LAST OF SEVERAL OCCURRENCES
COLUMN 17 PEAK WIND IN M.P.H.
PRELIMINARY LOCAL CLIMATOLOGICAL DATA (WS FORM: F-6) , PAGE 2
STATION: Wharton
MONTH: FEBRUARY
YEAR: 2022
LATITUDE: 29 15 N
LONGITUDE: 96 9 W
[TEMPERATURE DATA] [PRECIPITATION DATA] SYMBOLS USED IN COLUMN 16
AVERAGE MONTHLY: 50.3 TOTAL FOR MONTH: 0.30 1 = FOG OR MIST
DPTR FM NORMAL: 0.0 DPTR FM NORMAL: 0.30 2 = FOG REDUCING VISIBILITY
HIGHEST: 81 ON 17 GRTST 24HR 0.08 ON 2- 2 TO 1/4 MILE OR LESS
LOWEST: 24 ON 4 3 = THUNDER
SNOW, ICE PELLETS, HAIL 4 = ICE PELLETS
TOTAL MONTH: T 5 = HAIL
GRTST 24HR T ON 3- 3 6 = FREEZING RAIN OR DRIZZLE
GRTST DEPTH: 0 7 = DUSTSTORM OR SANDSTORM:
VSBY 1/2 MILE OR LESS
8 = SMOKE OR HAZE
[NO. OF DAYS WITH] [WEATHER - DAYS WITH] 9 = BLOWING SNOW
X = TORNADO
MAX 32 OR BELOW: 0 0.01 INCH OR MORE: 8
MAX 90 OR ABOVE: 0 0.10 INCH OR MORE: 0
MIN 32 OR BELOW: 8 0.50 INCH OR MORE: 0
MIN 0 OR BELOW: 0 1.00 INCH OR MORE: 0
[HDD (BASE 65) ]
TOTAL THIS MO. 420 CLEAR (SCALE 0-3) 11
DPTR FM NORMAL M PTCLDY (SCALE 4-7) 8
TOTAL FM JUL 1 1080 CLOUDY (SCALE 8-10) 9
DPTR FM NORMAL M
[CDD (BASE 65) ]
TOTAL THIS MO. 13
DPTR FM NORMAL M [PRESSURE DATA]
TOTAL FM JAN 1 26 HIGHEST SLP M ON M
DPTR FM NORMAL M LOWEST SLP M ON M
[REMARKS]
#FINAL-02-22#