000
CXUS51 KBUF 010905
CF6ART
PRELIMINARY LOCAL CLIMATOLOGICAL DATA (WS FORM: F-6)
STATION: WATERTOWN NY
MONTH: APRIL
YEAR: 2020
LATITUDE: 43 59 N
LONGITUDE: 76 2 W
TEMPERATURE IN F: :PCPN: SNOW: WIND :SUNSHINE: SKY :PK WND
================================================================================
1 2 3 4 5 6A 6B 7 8 9 10 11 12 13 14 15 16 17 18
12Z AVG MX 2MIN
DY MAX MIN AVG DEP HDD CDD WTR SNW DPTH SPD SPD DIR MIN PSBL S-S WX SPD DR
================================================================================
1 48 25 37 -1 28 0 0.00 M M 8.8 20 20 M M 3 26 30
2 55 30 43 5 22 0 0.00 M M 8.3 21 350 M M 6 1 29 360
3 48 39 44 6 21 0 0.04 M M 11.5 18 40 M M 10 18 25 50
4 56 36 46 7 19 0 0.00 M M 5.8 18 260 M M 7 1 23 260
5 51 31 41 2 24 0 T M M 4.6 16 220 M M 8 18 21 220
6 50 22 36 -4 29 0 0.00 M M 7.1 21 220 M M 1 1 26 220
7 57 27 42 2 23 0 0.03 M M 4.7 15 260 M M 4 19 260
8 52 35 44 3 21 0 T M M 4.7 12 240 M M 8 14 230
9 47 37 42 1 23 0 0.10 M M 11.9 29 310 M M 7 1 36 280
10 43 34 39 -3 26 0 0.01 M M 15.8 25 330 M M 9 1 34 320
11 43 27 35 -7 30 0 0.00 M M 12.0 23 240 M M 2 33 230
12 60 35 48 6 17 0 0.00 M M 9.0 16 180 M M 6 25 160
13 64 40 52 9 13 0 0.52 M M 18.4 36 220 M M 10 1 51 230
14 44 34 39 -4 26 0 T M M 14.9 29 250 M M 5 37 260
15 41 30 36 -8 29 0 0.00 M M 11.9 22 230 M M 4 32 220
16 41 27 34 -10 31 0 T M M 13.3 25 260 M M 5 18 33 230
17 43 32 38 -7 27 0 0.01 M M 10.3 22 250 M M 4 18 31 230
18 47 28 38 -7 27 0 0.00 0.0 0 7.6 22 230 M M 4 8 28 230
19 54 37 46 1 19 0 0.10 M 0 12.6 28 260 M M 6 18 37 230
20 46 24 35 -11 30 0 0.00 0.0 0 5.6 15 40 M M 1 18 80
21 48 25 37 -9 28 0 0.06 M M 17.9 31 270 M M 7 47 210
22 41 27 34 -13 31 0 0.00 M M 18.1 29 260 M M 4 39 260
23 49 17 33 -14 32 0 0.00 M M 4.4 13 60 M M 1 18 270
24 52 36 44 -3 21 0 T M M 9.1 17 20 M M 10 8 24 360
25 62 23 43 -5 22 0 0.00 M M 5.0 15 30 M M 1 20 30
26 50 40 45 -3 20 0 0.48 M M 13.4 29 50 M M 10 1 37 40
27 50 28 39 -9 26 0 T M M 11.6 22 50 M M 7 29 50
28 59 25 42 -7 23 0 0.00 M M 5.5 12 50 M M 4 18 14 100
29 65 37 51 2 14 0 0.00 M M 11.5 24 160 M M 6 40 150
30 63 51 57 7 8 0 1.12 0.0 0 12.9 28 150 M M 9 1 41 140
================================================================================
SM 1529 939 710 0 2.47 0.0 308.2 M 169
================================================================================
AV 51.0 31.3 10.3 FASTST M M 6 MAX(MPH)
MISC ----> # 36 220 # 51 230
================================================================================
NOTES:
# LAST OF SEVERAL OCCURRENCES
COLUMN 17 PEAK WIND IN M.P.H.
PRELIMINARY LOCAL CLIMATOLOGICAL DATA (WS FORM: F-6) , PAGE 2
STATION: WATERTOWN NY
MONTH: APRIL
YEAR: 2020
LATITUDE: 43 59 N
LONGITUDE: 76 2 W
[TEMPERATURE DATA] [PRECIPITATION DATA] SYMBOLS USED IN COLUMN 16
AVERAGE MONTHLY: 41.1 TOTAL FOR MONTH: 2.47 1 = FOG OR MIST
DPTR FM NORMAL: -2.8 DPTR FM NORMAL: -0.43 2 = FOG REDUCING VISIBILITY
HIGHEST: 65 ON 29 GRTST 24HR 1.12 ON 30-30 TO 1/4 MILE OR LESS
LOWEST: 17 ON 23 3 = THUNDER
SNOW, ICE PELLETS, HAIL 4 = ICE PELLETS
TOTAL MONTH: 0.0 INCH 5 = HAIL
GRTST 24HR 0.0 6 = FREEZING RAIN OR DRIZZLE
GRTST DEPTH: 0 7 = DUSTSTORM OR SANDSTORM:
VSBY 1/2 MILE OR LESS
8 = SMOKE OR HAZE
[NO. OF DAYS WITH] [WEATHER - DAYS WITH] 9 = BLOWING SNOW
X = TORNADO
MAX 32 OR BELOW: 0 0.01 INCH OR MORE: 10
MAX 90 OR ABOVE: 0 0.10 INCH OR MORE: 5
MIN 32 OR BELOW: 17 0.50 INCH OR MORE: 2
MIN 0 OR BELOW: 0 1.00 INCH OR MORE: 1
[HDD (BASE 65) ]
TOTAL THIS MO. 710 CLEAR (SCALE 0-3) 6
DPTR FM NORMAL 74 PTCLDY (SCALE 4-7) 17
TOTAL FM JUL 1 6714 CLOUDY (SCALE 8-10) 7
DPTR FM NORMAL -429
[CDD (BASE 65) ]
TOTAL THIS MO. 0
DPTR FM NORMAL -1 [PRESSURE DATA]
TOTAL FM JAN 1 0 HIGHEST SLP 30.19 ON 17
DPTR FM NORMAL -1 LOWEST SLP 29.16 ON 9
[REMARKS]
#FINAL-04-20#