000
CXUS51 KBUF 011323
CLMART
CLIMATE REPORT
NATIONAL WEATHER SERVICE BUFFALO NY
923 AM EDT MON APR 01 2024
...................................
...THE WATERTOWN NY CLIMATE SUMMARY FOR THE MONTH OF MARCH 2024...
CLIMATE NORMAL PERIOD: 1991 TO 2020
CLIMATE RECORD PERIOD: 1949 TO 2024
WEATHER OBSERVED NORMAL DEPART LAST YEAR`S
VALUE DATE(S) VALUE FROM VALUE DATE(S)
NORMAL
................................................................
TEMPERATURE (F)
RECORD
HIGH 84 03/30/1977
LOW -24 03/12/1984
HIGHEST 67 03/04 53 03/22
03/29
LOWEST -2 03/24 8 03/12
AVG. MAXIMUM 47.3 40.0 7.3 39.9
AVG. MINIMUM 28.2 20.7 7.5 22.5
MEAN 37.7 30.4 7.3 31.2
DAYS MAX >= 90 0 0.0 0.0 0
DAYS MAX <= 32 4 7.5 -3.5 2
DAYS MIN <= 32 19 25.3 -6.3 29
DAYS MIN <= 0 1 2.6 -1.6 0
PRECIPITATION (INCHES)
RECORD
MAXIMUM 5.72 1999
MINIMUM 0.15 2004
TOTALS MM 2.37 MM 2.37
DAYS >= .01 13 12.5 0.5 13
DAYS >= .10 8 6.3 1.7 9
DAYS >= .50 0 1.2 -1.2 0
DAYS >= 1.00 0 0.2 -0.2 0
GREATEST
24 HR. TOTAL 0.47 03/09 TO 03/10 0.50 03/25 TO 03/26
DEGREE DAYS
HEATING TOTAL 838 1074 -236 1038
SINCE 7/1 5301 6440 -1139 MM
COOLING TOTAL 0 0 0 0
SINCE 1/1 0 0 0 MM
................................................................
WIND (MPH)
AVERAGE WIND SPEED 9.2
HIGHEST WIND SPEED/DIRECTION 29/270
HIGHEST GUST SPEED/DIRECTION 49/160 DATE 03/09
SKY COVER
POSSIBLE SUNSHINE (PERCENT) MM
AVERAGE SKY COVER 0.54
NUMBER OF DAYS FAIR 8
NUMBER OF DAYS PC 13
NUMBER OF DAYS CLOUDY 10
AVERAGE RH (PERCENT) 67
WEATHER CONDITIONS. NUMBER OF DAYS WITH
THUNDERSTORM 0 MIXED PRECIP 0
HEAVY RAIN 0 RAIN 2
LIGHT RAIN 10 FREEZING RAIN 0
LT FREEZING RAIN 0 HAIL 0
HEAVY SNOW 1 SNOW 2
LIGHT SNOW 7 SLEET 0
FOG 10 FOG W/VIS <= 1/4 MILE 1
HAZE 1
- INDICATES NEGATIVE NUMBERS.
R INDICATES RECORD WAS SET OR TIED.
MM INDICATES DATA IS MISSING.
T INDICATES TRACE AMOUNT.
$$