000
CXUS53 KARX 011000
CF6ARX
PRELIMINARY LOCAL CLIMATOLOGICAL DATA (WS FORM: F-6)
STATION: LA CROSSE WEATHER OFFICE WI
MONTH: NOVEMBER
YEAR: 2023
LATITUDE: 43 49 N
LONGITUDE: 91 12 W
TEMPERATURE IN F: :PCPN: SNOW: WIND :SUNSHINE: SKY :PK WND
================================================================================
1 2 3 4 5 6A 6B 7 8 9 10 11 12 13 14 15 16 17 18
12Z AVG MX 2MIN
DY MAX MIN AVG DEP HDD CDD WTR SNW DPTH SPD SPD DIR MIN PSBL S-S WX SPD DR
================================================================================
1 33 19 26 -16 39 0 0.00 0.0 1 M M M M M M 19 M
2 47 27 37 -4 28 0 0.00 0.0 T M M M M M M 19 M
3 50 36 43 2 22 0 T 0.0 0 M M M M M M 24 M
4 51 29 40 0 25 0 0.00 0.0 0 M M M M M M 12 M
5 55 40 48 8 17 0 0.00 0.0 0 M M M M M M 32 M
6 61 40 51 12 14 0 T 0.0 0 M M M M M M 32 M
7 47 37 42 3 23 0 T 0.0 0 M M M M M M 31 M
8 44 37 41 3 24 0 T 0.0 0 M M M M M M 1 30 M
9 50 31 41 3 24 0 0.00 0.0 0 M M M M M M 31 M
10 39 33 36 -1 29 0 0.00 0.0 0 M M M M M M 24 M
11 42 32 37 0 28 0 0.00 0.0 0 M M M M M M 25 M
12 58 41 50 14 15 0 0.00 0.0 0 M M M M M M 30 M
13 56 37 47 11 18 0 0.00 0.0 0 M M M M M M 14 M
14 60 41 51 16 14 0 0.00 0.0 0 M M M M M M 32 M
15 61 43 52 17 13 0 0.00 0.0 0 M M M M M M 32 M
16 64 40 52 18 13 0 0.00 0.0 0 M M M M M M 36 M
17 42 28 35 1 30 0 0.00 0.0 0 M M M M M M 22 M
18 53 31 42 9 23 0 0.00 0.0 0 M M M M M M 15 M
19 54 32 43 10 22 0 0.00 0.0 0 M M M M M M 15 M
20 44 35 40 8 25 0 0.00 0.0 0 M M M M M M 6 M
21 45 29 37 5 28 0 T 0.0 0 M M M M M M M M
22 43 23 33 1 32 0 0.00 0.0 0 M M M M M M 20 M
23 36 19 28 -3 37 0 0.00 0.0 0 M M M M M M 16 M
24 27 12 20 -11 45 0 0.00 0.0 0 M M M M M M 20 M
25 29 19 24 -6 41 0 0.04 0.3 0 M M M M M M 12 M
26 27 18 23 -7 42 0 0.16 1.4 1 M M M M M M 31 M
27 19 12 16 -13 49 0 T T 1 M M M M M M 31 M
28 21 4 13 -16 52 0 T T 1 M M M M M M 29 M
29 43 17 30 2 35 0 0.00 0.0 1 M M M M M M 12 M
30 44 27 36 8 29 0 0.00 0.0 T M M M M M M 13 M
================================================================================
SM 1345 869 836 0 0.20 1.7 M M M
================================================================================
AV 44.8 29.0 M FASTST M M M MAX(MPH)
MISC ----> M M 36 9999
================================================================================
NOTES:
# LAST OF SEVERAL OCCURRENCES
COLUMN 17 PEAK WIND IN M.P.H.
PRELIMINARY LOCAL CLIMATOLOGICAL DATA (WS FORM: F-6) , PAGE 2
STATION: LA CROSSE WEATHER OFFICE WI
MONTH: NOVEMBER
YEAR: 2023
LATITUDE: 43 49 N
LONGITUDE: 91 12 W
[TEMPERATURE DATA] [PRECIPITATION DATA] SYMBOLS USED IN COLUMN 16
AVERAGE MONTHLY: 36.9 TOTAL FOR MONTH: 0.20 1 = FOG OR MIST
DPTR FM NORMAL: 2.2 DPTR FM NORMAL: -1.74 2 = FOG REDUCING VISIBILITY
HIGHEST: 64 ON 16 GRTST 24HR 0.16 ON 26-26 TO 1/4 MILE OR LESS
LOWEST: 4 ON 28 3 = THUNDER
SNOW, ICE PELLETS, HAIL 4 = ICE PELLETS
TOTAL MONTH: 3.4 INCHES 5 = HAIL
GRTST 24HR 1.4 ON 26-26 6 = FREEZING RAIN OR DRIZZLE
GRTST DEPTH: 1 ON 29,28 7 = DUSTSTORM OR SANDSTORM:
VSBY 1/2 MILE OR LESS
8 = SMOKE OR HAZE
[NO. OF DAYS WITH] [WEATHER - DAYS WITH] 9 = BLOWING SNOW
X = TORNADO
MAX 32 OR BELOW: 5 0.01 INCH OR MORE: 2
MAX 90 OR ABOVE: 0 0.10 INCH OR MORE: 1
MIN 32 OR BELOW: 18 0.50 INCH OR MORE: 0
MIN 0 OR BELOW: 0 1.00 INCH OR MORE: 0
[HDD (BASE 65) ]
TOTAL THIS MO. 836 CLEAR (SCALE 0-3) 0
DPTR FM NORMAL -73 PTCLDY (SCALE 4-7) 0
TOTAL FM JUL 1 1405 CLOUDY (SCALE 8-10) 30
DPTR FM NORMAL -211
[CDD (BASE 65) ]
TOTAL THIS MO. 0
DPTR FM NORMAL 0 [PRESSURE DATA]
TOTAL FM JAN 1 692 HIGHEST SLP M ON M
DPTR FM NORMAL 149 LOWEST SLP M ON M
[REMARKS]
#FINAL-11-23#