000
CXUS55 KGJT 011010
CF6ASE
PRELIMINARY LOCAL CLIMATOLOGICAL DATA (WS FORM: F-6)
STATION: ASPEN CO
MONTH: FEBRUARY
YEAR: 2022
LATITUDE: 39 13 N
LONGITUDE: 106 52 W
TEMPERATURE IN F: :PCPN: SNOW: WIND :SUNSHINE: SKY :PK WND
================================================================================
1 2 3 4 5 6A 6B 7 8 9 10 11 12 13 14 15 16 17 18
12Z AVG MX 2MIN
DY MAX MIN AVG DEP HDD CDD WTR SNW DPTH SPD SPD DIR MIN PSBL S-S WX SPD DR
================================================================================
1 30 7 19 -4 46 0 T M M 5.0 13 360 M M 7 18 19 360
2 18 -1 9 -14 56 0 T M M 3.9 12 350 M M 10 18 15 340
3 17 -12 3 -20 62 0 T M M 5.8 12 210 M M 1 16 210
4 25 -11 7 -16 58 0 0.00 M M 5.3 10 200 M M 0 8 12 170
5 33 -4 15 -8 50 0 0.00 M M 5.0 12 320 M M 1 8 20 220
6 31 6 19 -5 46 0 0.03 M M 4.9 12 220 M M 5 1 17 340
7 35 0 18 -6 47 0 0.00 M M 4.8 10 210 M M 0 13 200
8 40 6 23 -1 42 0 0.00 M M 6.6 14 20 M M 0 18 20
9 41 12 27 3 38 0 0.00 M M 4.6 15 350 M M 7 23 350
10 40 16 28 4 37 0 0.00 M M 4.7 16 320 M M 5 20 310
11 42 13 28 4 37 0 0.00 M M 9.5 30 320 M M 2 8 46 340
12 35 7 21 -3 44 0 0.00 M M 5.4 12 220 M M 0 14 200
13 42 6 24 -1 41 0 0.00 M M 5.8 12 210 M M 0 17 230
14 45 13 29 4 36 0 0.00 M M 6.2 12 210 M M 0 15 220
15 48 18 33 8 32 0 0.00 M M 6.1 20 170 M M 1 26 180
16 40 22 31 6 34 0 0.26 M M 4.6 21 330 M M 8 128 32 340
17 27 10 19 -6 46 0 0.06 M M 4.6 12 10 M M 7 18 19 360
18 37 8 23 -3 42 0 0.00 M M 5.9 15 340 M M 4 24 330
19 41 8 25 -1 40 0 0.00 M M 6.1 12 210 M M 0 18 310
20 47 10 29 3 36 0 0.00 M M 7.3 22 220 M M 0 34 240
21 38 25 32 6 33 0 0.05 M M 10.1 26 170 M M 6 1 35 180
22 27 19 23 -4 42 0 0.18 M M 5.1 14 350 M M 10 18 20 350
23 30 19 25 -2 40 0 0.34 M M 4.2 24 340 M M 10 128 38 330
24 20 9 15 -12 50 0 0.10 M M 3.5 14 310 M M 8 18 17 310
25 25 8 17 -11 48 0 0.02 M M 4.0 10 170 M M 8 18 15 330
26 28 -4 12 -16 53 0 0.01 M M 3.9 10 220 M M 3 18 17 220
27 36 -4 16 -12 49 0 0.00 M M 5.6 12 200 M M 0 15 210
28 42 9 26 -2 39 0 0.00 M M 5.1 10 220 M M 0 16 210
================================================================================
SM 960 215 1224 0 1.05 M 153.6 M 103
================================================================================
AV 34.3 7.7 5.5 FASTST M M 4 MAX(MPH)
MISC ----> 30 320 46 340
================================================================================
NOTES:
# LAST OF SEVERAL OCCURRENCES
COLUMN 17 PEAK WIND IN M.P.H.
PRELIMINARY LOCAL CLIMATOLOGICAL DATA (WS FORM: F-6) , PAGE 2
STATION: ASPEN CO
MONTH: FEBRUARY
YEAR: 2022
LATITUDE: 39 13 N
LONGITUDE: 106 52 W
[TEMPERATURE DATA] [PRECIPITATION DATA] SYMBOLS USED IN COLUMN 16
AVERAGE MONTHLY: 21.0 TOTAL FOR MONTH: 1.05 1 = FOG OR MIST
DPTR FM NORMAL: -4.2 DPTR FM NORMAL: 0.15 2 = FOG REDUCING VISIBILITY
HIGHEST: 48 ON 15 GRTST 24HR 0.48 ON 22-23 TO 1/4 MILE OR LESS
LOWEST: -12 ON 3 3 = THUNDER
SNOW, ICE PELLETS, HAIL 4 = ICE PELLETS
TOTAL MONTH: M 5 = HAIL
GRTST 24HR M ON M 6 = FREEZING RAIN OR DRIZZLE
GRTST DEPTH: M ON M 7 = DUSTSTORM OR SANDSTORM:
VSBY 1/2 MILE OR LESS
8 = SMOKE OR HAZE
[NO. OF DAYS WITH] [WEATHER - DAYS WITH] 9 = BLOWING SNOW
X = TORNADO
MAX 32 OR BELOW: 11 0.01 INCH OR MORE: 9
MAX 90 OR ABOVE: 0 0.10 INCH OR MORE: 4
MIN 32 OR BELOW: 28 0.50 INCH OR MORE: 0
MIN 0 OR BELOW: 7 1.00 INCH OR MORE: 0
[HDD (BASE 65) ]
TOTAL THIS MO. 1224 CLEAR (SCALE 0-3) 15
DPTR FM NORMAL 110 PTCLDY (SCALE 4-7) 10
TOTAL FM JUL 1 5539 CLOUDY (SCALE 8-10) 3
DPTR FM NORMAL -281
[CDD (BASE 65) ]
TOTAL THIS MO. 0
DPTR FM NORMAL 0 [PRESSURE DATA]
TOTAL FM JAN 1 0 HIGHEST SLP 30.84 ON 4
DPTR FM NORMAL 0 LOWEST SLP 29.38 ON 21
[REMARKS]
#FINAL-02-22#