000
CXUS53 KGJT 011548
CLAASE
CLIMATE REPORT
NATIONAL WEATHER SERVICE GRAND JUNCTION CO
848 AM MST SAT JAN 01 2022
...................................
...THE ASPEN CO CLIMATE SUMMARY FOR THE YEAR OF 2021...
CLIMATE NORMAL PERIOD 1991 TO 2020
CLIMATE RECORD PERIOD 9999 TO 9999
WEATHER OBSERVED NORMAL DEPART LAST YEAR`S
VALUE DATE(S) VALUE FROM VALUE DATE(S)
NORMAL
................................................................
TEMPERATURE (F)
RECORD
HIGH MM MM
LOW MM MM
HIGHEST 92 07/09 MM MM 90 07/11
08/19
08/18
LOWEST -7 12/11 MM MM -14 02/05
AVG. MAXIMUM 58.7 57.4 1.3 58.4
AVG. MINIMUM 29.7 28.3 1.4 28.3
MEAN 44.2 42.8 1.4 43.4
DAYS MAX >= 90 8 1.9 6.1 3
DAYS MAX <= 32 31 46.4 -15.4 49
DAYS MIN <= 32 205 211.9 -6.9 202
DAYS MIN <= 0 8 18.6 -10.6 15
PRECIPITATION (INCHES)
RECORD
MAXIMUM MM MM
MINIMUM MM MM
TOTALS 12.85 14.92 -2.07 9.17
DAILY AVG. 0.04 0.04 -0.00 0.03
DAYS >= .01 107 120.1 -13.1 87
DAYS >= .10 39 49.7 -10.7 30
DAYS >= .50 4 4.1 -0.1 2
DAYS >= 1.00 0 0.0 0.0 0
GREATEST
24 HR. TOTAL 1.15 MM 0.73
STORM TOTAL 0.86 0.25
(MM/DD(HH)) MM
SNOWFALL (INCHES)
RECORDS
TOTAL MM MM
24 HR TOTAL MM
SNOW DEPTH MM MM
TOTALS MM MM MM MM
LIQUID EQUIV MM MM MM MM
SINCE 7/1 MM MM MM MM
LIQUID 7/1 MM MM MM MM
SNOWDEPTH AVG. MM MM
DAYS >= TRACE MM MM MM MM
DAYS >= 1.0 MM MM MM MM
GREATEST
SNOW DEPTH MM MM MM
24 HR TOTAL MM MM
STORM TOTAL MM MM
(MM/DD(HH)) MM
DEGREE DAYS
HEATING TOTAL 7651 8142 -491 7936
SINCE 7/1 2923 3360 -437 3192
COOLING TOTAL 183 90 93 135
SINCE 1/1 183 88 95 135
FREEZE DATES
RECORD
EARLIEST MM
LATEST MM
EARLIEST 09/21
LATEST 05/25
................................................................
WIND (MPH)
AVERAGE WIND SPEED 6.1
RESULTANT WIND SPEED/DIRECTION 2/210
HIGHEST WIND SPEED/DIRECTION 37/190 DATE 05/22
HIGHEST GUST SPEED/DIRECTION 54/190 DATE 05/22
SKY COVER
POSSIBLE SUNSHINE (PERCENT) MM
AVERAGE SKY COVER 0.35
NUMBER OF DAYS FAIR 216
NUMBER OF DAYS PC 86
NUMBER OF DAYS CLOUDY 63
AVERAGE RH (PERCENT) 52
WEATHER CONDITIONS. NUMBER OF DAYS WITH
THUNDERSTORM 42 MIXED PRECIP 0
HEAVY RAIN 2 RAIN 21
LIGHT RAIN 96 FREEZING RAIN 0
LT FREEZING RAIN 0 HAIL 0
HEAVY SNOW 10 SNOW 31
LIGHT SNOW 85 SLEET 0
FOG 92 FOG W/VIS <= 1/4 MILE 11
HAZE 89
- INDICATES NEGATIVE NUMBERS.
R INDICATES RECORD WAS SET OR TIED.
MM INDICATES DATA IS MISSING.
T INDICATES TRACE AMOUNT.
$$