000
CXAK56 PAJK 011310
CF6ASI
PRELIMINARY LOCAL CLIMATOLOGICAL DATA (WS FORM: F-6)
STATION: SITKA
MONTH: MARCH
YEAR: 2023
LATITUDE: 57 4 N
LONGITUDE: 135 21 W
TEMPERATURE IN F: :PCPN: SNOW: WIND :SUNSHINE: SKY :PK WND
================================================================================
1 2 3 4 5 6A 6B 7 8 9 10 11 12 13 14 15 16 17 18
12Z AVG MX 2MIN
DY MAX MIN AVG DEP HDD CDD WTR SNW DPTH SPD SPD DIR MIN PSBL S-S WX SPD DR
================================================================================
1 45 32 39 3 26 0 0.63 M M 25.0 39 250 M M 10 18 57 220
2 39 32 36 0 29 0 0.30 M M 9.3 31 260 M M 9 1248 37 260
3 39 31 35 -1 30 0 0.03 M M 9.0 24 110 M M 8 18 33 110
4 41 30 36 0 29 0 0.00 M M 5.1 15 80 M M 5 19 80
5 32 21 27 -9 38 0 0.00 M M 7.5 17 30 M M 0 22 40
6 34 19 27 -9 38 0 0.00 M M 5.5 13 130 M M 0 18 140
7 41 27 34 -3 31 0 0.00 M M 7.7 25 30 M M 3 36 30
8 37 23 30 -7 35 0 0.00 M M 5.7 17 110 M M 0 22 270
9 36 22 29 -8 36 0 T M M 2.5 8 290 M M 6 10 300
10 36 29 33 -4 32 0 0.00 M M 7.5 17 90 M M 8 24 80
11 35 29 32 -5 33 0 0.00 M M 9.0 17 120 M M 3 24 70
12 36 25 31 -6 34 0 0.00 M M 7.9 15 110 M M 2 23 110
13 36 21 29 -8 36 0 0.00 M M 5.6 14 130 M M 5 17 110
14 38 31 35 -2 30 0 T M M 8.5 17 110 M M 7 23 110
15 44 32 38 1 27 0 0.40 M M 13.5 29 180 M M 9 128 39 180
16 47 43 45 8 20 0 0.33 M M 18.4 38 170 M M 10 54 180
17 47 41 44 7 21 0 0.01 M M 16.8 30 110 M M 8 40 110
18 52 38 45 8 20 0 0.17 M M 20.0 38 110 M M 8 1 52 110
19 42 36 39 1 26 0 0.29 M M 3.4 9 330 M M 10 1 10 330
20 45 33 39 1 26 0 0.01 M M 6.6 17 310 M M 6 1 19 310
21 43 30 37 -1 28 0 0.05 M M 7.0 14 170 M M 6 19 200
22 46 40 43 5 22 0 0.03 M M 14.2 22 130 M M 10 30 130
23 43 35 39 1 26 0 0.06 M M 6.8 21 110 M M 9 18 26 200
24 44 36 40 2 25 0 0.03 M M 6.8 15 320 M M 8 8 18 320
25 41 34 38 0 27 0 0.38 M M 4.9 15 240 M M 10 148 20 260
26 48 33 41 2 24 0 0.00 M M 5.2 12 340 M M 2 14 340
27 48 30 39 0 26 0 0.00 M M 7.5 18 330 M M 0 21 330
28 44 32 38 -1 27 0 T M M 10.1 18 300 M M 7 21 310
29 46 35 41 2 24 0 0.00 M M 12.1 23 290 M M 3 26 290
30 43 33 38 -1 27 0 T M M 8.0 22 130 M M 8 29 130
31 47 38 43 3 22 0 0.34 M M 11.5 23 220 M M 10 1 27 130
================================================================================
SM 1295 971 875 0 3.06 M 288.6 M 190
================================================================================
AV 41.8 31.3 9.3 FASTST M M 6 MAX(MPH)
MISC ----> 39 250 57 220
================================================================================
NOTES:
# LAST OF SEVERAL OCCURRENCES
COLUMN 17 PEAK WIND IN M.P.H.
PRELIMINARY LOCAL CLIMATOLOGICAL DATA (WS FORM: F-6) , PAGE 2
STATION: SITKA
MONTH: MARCH
YEAR: 2023
LATITUDE: 57 4 N
LONGITUDE: 135 21 W
[TEMPERATURE DATA] [PRECIPITATION DATA] SYMBOLS USED IN COLUMN 16
AVERAGE MONTHLY: 36.5 TOTAL FOR MONTH: 3.06 1 = FOG OR MIST
DPTR FM NORMAL: -1.0 DPTR FM NORMAL: -2.54 2 = FOG REDUCING VISIBILITY
HIGHEST: 52 ON 18 GRTST 24HR 0.76 ON 1- 2 TO 1/4 MILE OR LESS
LOWEST: 19 ON 6 3 = THUNDER
SNOW, ICE PELLETS, HAIL 4 = ICE PELLETS
TOTAL MONTH: M 5 = HAIL
GRTST 24HR M ON M 6 = FREEZING RAIN OR DRIZZLE
GRTST DEPTH: M ON M 7 = DUSTSTORM OR SANDSTORM:
VSBY 1/2 MILE OR LESS
8 = SMOKE OR HAZE
[NO. OF DAYS WITH] [WEATHER - DAYS WITH] 9 = BLOWING SNOW
X = TORNADO
MAX 32 OR BELOW: 1 0.01 INCH OR MORE: 15
MAX 90 OR ABOVE: 0 0.10 INCH OR MORE: 8
MIN 32 OR BELOW: 18 0.50 INCH OR MORE: 1
MIN 0 OR BELOW: 0 1.00 INCH OR MORE: 0
[HDD (BASE 65) ]
TOTAL THIS MO. 875 CLEAR (SCALE 0-3) 8
DPTR FM NORMAL 23 PTCLDY (SCALE 4-7) 12
TOTAL FM JUL 1 5161 CLOUDY (SCALE 8-10) 11
DPTR FM NORMAL -405
[CDD (BASE 65) ]
TOTAL THIS MO. 0
DPTR FM NORMAL 0 [PRESSURE DATA]
TOTAL FM JAN 1 0 HIGHEST SLP 30.50 ON 27
DPTR FM NORMAL 0 LOWEST SLP 28.67 ON 1
[REMARKS]
#FINAL-03-23#