000
CXAK56 PAJK 011310
CF6ASI
PRELIMINARY LOCAL CLIMATOLOGICAL DATA (WS FORM: F-6)
STATION: SITKA
MONTH: JUNE
YEAR: 2021
LATITUDE: 57 4 N
LONGITUDE: 135 21 W
TEMPERATURE IN F: :PCPN: SNOW: WIND :SUNSHINE: SKY :PK WND
================================================================================
1 2 3 4 5 6A 6B 7 8 9 10 11 12 13 14 15 16 17 18
12Z AVG MX 2MIN
DY MAX MIN AVG DEP HDD CDD WTR SNW DPTH SPD SPD DIR MIN PSBL S-S WX SPD DR
================================================================================
1 56 50 53 2 12 0 0.02 M M 3.6 15 210 M M 10 2 19 210
2 53 49 51 0 14 0 0.22 M M 11.2 21 190 M M 10 18 26 180
3 51 47 49 -2 16 0 0.50 M M 6.9 17 190 M M 10 1 22 200
4 56 47 52 1 13 0 0.05 M M 5.3 22 100 M M 10 1 27 100
5 58 47 53 1 12 0 0.01 M M 5.8 14 320 M M 8 18 15 300
6 54 48 51 -1 14 0 0.00 M M 3.3 8 230 M M 9 9 270
7 58 48 53 1 12 0 0.00 M M 3.9 9 210 M M 8 11 210
8 59 46 53 1 12 0 0.00 M M 3.6 9 230 M M 1 12 220
9 53 49 51 -1 14 0 0.00 M M 6.4 14 220 M M 8 2 17 220
10 55 50 53 1 12 0 T M M 2.8 12 320 M M 9 14 340
11 59 50 55 3 10 0 T M M 4.5 16 310 M M 8 20 290
12 61 47 54 1 11 0 T M M 3.5 9 320 M M 6 11 330
13 67 49 58 5 7 0 T M M 7.0 20 300 M M 5 21 310
14 64 53 59 6 6 0 T M M 3.7 13 230 M M 7 15 230
15 58 54 56 3 9 0 0.05 M M 9.6 16 190 M M 9 1 21 210
16 60 52 56 3 9 0 T M M 4.3 13 190 M M 7 18 190
17 66 53 60 7 5 0 T M M 6.2 14 230 M M 7 16 230
18 58 52 55 2 10 0 0.08 M M 6.9 22 190 M M 9 18 27 190
19 68 49 59 5 6 0 0.00 M M 5.5 12 330 M M 4 13 200
20 59 52 56 2 9 0 0.72 M M 9.9 25 200 M M 10 1 33 200
21 55 50 53 -1 12 0 0.08 M M 7.2 15 230 M M 10 18 17 230
22 56 49 53 -1 12 0 0.02 M M 1.9 7 230 M M 9 1 8 240
23 63 52 58 4 7 0 0.95 M M 5.7 22 170 M M 10 1 28 130
24 63 55 59 5 6 0 1.51 M M 12.6 28 190 M M 10 18 38 190
25 59 55 57 3 8 0 0.06 M M 6.2 23 220 M M 10 1 29 220
26 63 54 59 5 6 0 0.00 M M 4.7 9 330 M M 9 12 11 330
27 78 54 66 12 0 1 0.00 M M 4.3 17 330 M M 3 19 330
28 75 57 66 12 0 1 0.00 M M 9.2 23 320 M M 1 26 320
29 61 54 58 3 7 0 0.00 M M 13.7 22 300 M M 7 18 23 300
30 62 53 58 3 7 0 T M M 11.7 17 300 M M 8 18 19 290
================================================================================
SM 1808 1525 278 2 4.27 M 191.1 M 232
================================================================================
AV 60.3 50.8 6.4 FASTST M M 8 MAX(MPH)
MISC ----> 28 190 38 190
================================================================================
NOTES:
# LAST OF SEVERAL OCCURRENCES
COLUMN 17 PEAK WIND IN M.P.H.
PRELIMINARY LOCAL CLIMATOLOGICAL DATA (WS FORM: F-6) , PAGE 2
STATION: SITKA
MONTH: JUNE
YEAR: 2021
LATITUDE: 57 4 N
LONGITUDE: 135 21 W
[TEMPERATURE DATA] [PRECIPITATION DATA] SYMBOLS USED IN COLUMN 16
AVERAGE MONTHLY: 55.6 TOTAL FOR MONTH: 4.27 1 = FOG OR MIST
DPTR FM NORMAL: 2.5 DPTR FM NORMAL: 1.35 2 = FOG REDUCING VISIBILITY
HIGHEST: 78 ON 27 GRTST 24HR 2.26 ON 23-24 TO 1/4 MILE OR LESS
LOWEST: 46 ON 8 3 = THUNDER
SNOW, ICE PELLETS, HAIL 4 = ICE PELLETS
TOTAL MONTH: M 5 = HAIL
GRTST 24HR M ON M 6 = FREEZING RAIN OR DRIZZLE
GRTST DEPTH: M ON M 7 = DUSTSTORM OR SANDSTORM:
VSBY 1/2 MILE OR LESS
8 = SMOKE OR HAZE
[NO. OF DAYS WITH] [WEATHER - DAYS WITH] 9 = BLOWING SNOW
X = TORNADO
MAX 32 OR BELOW: 0 0.01 INCH OR MORE: 13
MAX 90 OR ABOVE: 0 0.10 INCH OR MORE: 5
MIN 32 OR BELOW: 0 0.50 INCH OR MORE: 4
MIN 0 OR BELOW: 0 1.00 INCH OR MORE: 1
[HDD (BASE 65) ]
TOTAL THIS MO. 278 CLEAR (SCALE 0-3) 2
DPTR FM NORMAL -84 PTCLDY (SCALE 4-7) 12
TOTAL FM JUL 1 6899 CLOUDY (SCALE 8-10) 16
DPTR FM NORMAL -224
[CDD (BASE 65) ]
TOTAL THIS MO. 2
DPTR FM NORMAL 2 [PRESSURE DATA]
TOTAL FM JAN 1 2 HIGHEST SLP 30.30 ON 25
DPTR FM NORMAL 2 LOWEST SLP 29.46 ON 4
[REMARKS]
#FINAL-06-21#