000
CXUS53 KDLH 041440
CF6ASX
PRELIMINARY LOCAL CLIMATOLOGICAL DATA (WS FORM: F-6)
STATION: ASHLAND
MONTH: NOVEMBER
YEAR: 2022
LATITUDE: 46 32 N
LONGITUDE: 90 55 W
TEMPERATURE IN F: :PCPN: SNOW: WIND :SUNSHINE: SKY :PK WND
================================================================================
1 2 3 4 5 6A 6B 7 8 9 10 11 12 13 14 15 16 17 18
12Z AVG MX 2MIN
DY MAX MIN AVG DEP HDD CDD WTR SNW DPTH SPD SPD DIR MIN PSBL S-S WX SPD DR
================================================================================
1 70 32 51 12 14 0 0.00 M M 5.4 12 220 M M 0 12 15 210
2 76 32 54 16 11 0 0.00 M M 11.4 23 200 M M 0 12 38 200
3 67 59 63 25 2 0 0.01 M M 13.8 24 200 M M 5 3 35 200
4 61 31 46 9 19 0 0.47 M M 5.8 21 280 M M 7 13 32 250
5 41 32 37 0 28 0 0.32 M M 9.1 25 50 M M 10 1 34 40
6 51 35 43 7 22 0 0.02 M M 15.8 31 230 M M 7 1 48 230
7 44 30 37 1 28 0 0.00 M M 9.9 29 240 M M 5 45 240
8 51 33 42 6 23 0 0.08 M M 7.4 16 210 M M 6 28 190
9 50 43 47 12 18 0 1.33 M M 6.5 16 30 M M 10 123 23 190
10 45 35 40 5 25 0 1.39 M M 17.7 31 50 M M 10 13 43 50
11 34 26 30 -4 35 0 0.01 M M 12.2 21 240 M M 10 18 31 230
12 31 22 27 -7 38 0 0.01 M M 10.7 21 350 M M 9 18 28 350
13 32 22 27 -7 38 0 T M M 5.0 13 20 M M 9 18 260
14 29 17 23 -10 42 0 0.01 M M 3.3 8 90 M M 8 18 12 100
15 33 26 30 -3 35 0 0.02 M M 2.9 7 90 M M 10 1 9 90
16 35 25 30 -2 35 0 0.01 M M 4.6 10 260 M M 9 18 14 250
17 27 20 24 -8 41 0 T M M 9.4 16 270 M M 9 18 22 260
18 23 16 20 -11 45 0 T M M 12.7 26 220 M M 8 18 36 210
19 19 11 15 -16 50 0 0.05 M M 11.8 21 290 M M 10 128 29 280
20 29 7 18 -12 47 0 0.00 M M 9.9 18 210 M M 4 26 210
21 28 19 24 -6 41 0 0.00 M M 9.3 16 330 M M 6 24 240
22 34 17 26 -3 39 0 T M M 5.6 15 230 M M 6 8 21 250
23 48 14 31 2 34 0 0.00 M M 2.9 10 200 M M 0 18 14 200
24 40 21 31 3 34 0 0.00 M M 6.1 13 280 M M 3 18 19 250
25 48 22 35 7 30 0 0.00 M M 10.1 20 220 M M 0 27 230
26 56 34 45 17 20 0 0.00 M M 10.9 21 220 M M 0 32 230
27 41 23 32 5 33 0 0.00 M M 5.9 14 20 M M 5 20 20
28 38 23 31 4 34 0 0.00 M M 5.1 12 150 M M 5 17 140
29 31 20 26 0 39 0 0.50 M M M M M M M M M M
30 20 10 15 -11 50 0 T M M 17.9 30 260 M M M 42 240
================================================================================
SM 1232 757 950 0 4.23 M 259.1 M 171
================================================================================
AV 41.1 25.2 8.9 FASTST M M 6 MAX(MPH)
MISC ----> # 31 230 48 230
================================================================================
NOTES:
# LAST OF SEVERAL OCCURRENCES
COLUMN 17 PEAK WIND IN M.P.H.
PRELIMINARY LOCAL CLIMATOLOGICAL DATA (WS FORM: F-6) , PAGE 2
STATION: ASHLAND
MONTH: NOVEMBER
YEAR: 2022
LATITUDE: 46 32 N
LONGITUDE: 90 55 W
[TEMPERATURE DATA] [PRECIPITATION DATA] SYMBOLS USED IN COLUMN 16
AVERAGE MONTHLY: 33.2 TOTAL FOR MONTH: 4.23 1 = FOG OR MIST
DPTR FM NORMAL: 0.9 DPTR FM NORMAL: 2.68 2 = FOG REDUCING VISIBILITY
HIGHEST: 76 ON 2 GRTST 24HR 2.53 ON 9-10 TO 1/4 MILE OR LESS
LOWEST: 7 ON 20 3 = THUNDER
SNOW, ICE PELLETS, HAIL 4 = ICE PELLETS
TOTAL MONTH: M 5 = HAIL
GRTST 24HR M ON M 6 = FREEZING RAIN OR DRIZZLE
GRTST DEPTH: M ON M 7 = DUSTSTORM OR SANDSTORM:
VSBY 1/2 MILE OR LESS
8 = SMOKE OR HAZE
[NO. OF DAYS WITH] [WEATHER - DAYS WITH] 9 = BLOWING SNOW
X = TORNADO
MAX 32 OR BELOW: 10 0.01 INCH OR MORE: 14
MAX 90 OR ABOVE: 0 0.10 INCH OR MORE: 5
MIN 32 OR BELOW: 24 0.50 INCH OR MORE: 3
MIN 0 OR BELOW: 0 1.00 INCH OR MORE: 2
[HDD (BASE 65) ]
TOTAL THIS MO. 950 CLEAR (SCALE 0-3) 5
DPTR FM NORMAL -31 PTCLDY (SCALE 4-7) 12
TOTAL FM JUL 1 1826 CLOUDY (SCALE 8-10) 13
DPTR FM NORMAL -154
[CDD (BASE 65) ]
TOTAL THIS MO. 0
DPTR FM NORMAL 0 [PRESSURE DATA]
TOTAL FM JAN 1 285 HIGHEST SLP 30.72 ON 8
DPTR FM NORMAL 26 LOWEST SLP 29.33 ON 5
[REMARKS]
#FINAL-11-22#