000
CXUS53 KDLH 010920
CF6ASX
PRELIMINARY LOCAL CLIMATOLOGICAL DATA (WS FORM: F-6)
STATION: ASHLAND
MONTH: JANUARY
YEAR: 2022
LATITUDE: 46 32 N
LONGITUDE: 90 55 W
TEMPERATURE IN F: :PCPN: SNOW: WIND :SUNSHINE: SKY :PK WND
================================================================================
1 2 3 4 5 6A 6B 7 8 9 10 11 12 13 14 15 16 17 18
12Z AVG MX 2MIN
DY MAX MIN AVG DEP HDD CDD WTR SNW DPTH SPD SPD DIR MIN PSBL S-S WX SPD DR
================================================================================
1 5 -11 -3 -19 68 0 0.00 M M 7.5 13 250 M M 4 16 250
2 6 -14 -4 -20 69 0 0.00 M M 8.0 13 250 M M 1 8 17 230
3 17 -4 7 -8 58 0 0.00 M M 7.0 16 240 M M 2 23 240
4 23 4 14 -1 51 0 T M M 5.8 13 60 M M 5 1 16 50
5 23 8 16 1 49 0 M M M 17.4 31 10 M M 10 128 45 10
6 9 -4 3 -12 62 0 T M M 11.1 16 310 M M 9 18 22 320
7 12 -17 -2 -17 67 0 T M M 8.0 15 180 M M 2 8 27 220
8 25 12 19 5 46 0 T M M 14.6 24 270 M M 6 33 160
9 16 -9 4 -10 61 0 0.00 M M 14.4 29 280 M M 2 8 39 290
10 -3 -19 -11 -25 76 0 0.00 M M 9.3 16 280 M M 2 8 21 280
11 29 -5 12 -2 53 0 0.00 M M 10.2 23 220 M M 4 33 210
12 30 17 24 10 41 0 0.00 M M 5.7 16 20 M M 10 20 20
13 30 18 24 10 41 0 T M M 8.9 18 60 M M 10 1 27 70
14 18 8 13 -1 52 0 T M M 11.7 24 60 M M 9 18 30 80
15 18 4 11 -3 54 0 0.00 M M 6.3 22 200 M M 5 31 190
16 23 12 18 4 47 0 T M M 10.8 23 200 M M 8 8 32 180
17 27 21 24 10 41 0 T M M 6.0 13 280 M M 10 16 270
18 36 15 26 12 39 0 0.06 M M 10.7 31 280 M M 10 128 41 290
19 15 -1 7 -7 58 0 T M M 13.3 25 260 M M 10 8 37 280
20 6 -16 -5 -19 70 0 T M M 7.5 10 200 M M 3 8 16 290
21 17 -18 0 -13 65 0 T M M 15.3 29 210 M M 2 8 40 200
22 19 -2 9 -4 56 0 T M M 11.9 25 290 M M 8 18 34 270
23 8 -7 1 -12 64 0 T M M 7.6 14 240 M M 7 8 19 230
24 11 0 6 -7 59 0 T M M 7.5 17 350 M M 8 8 23 350
25 1 -14 -6 -19 71 0 T M M 8.7 14 260 M M 3 18 19 250
26 22 -19 2 -12 63 0 T M M 15.4 32 210 M M 3 18 43 210
27 27 -7 10 -4 55 0 T M M 10.5 20 330 M M 6 18 29 350
28 12 -9 2 -12 63 0 0.00 M M 9.3 17 240 M M 7 23 220
29 24 4 14 0 51 0 0.00 M M 4.3 9 360 M M 8 13 160
30 23 0 12 -2 53 0 T M M 4.9 14 320 M M 7 18 19 320
31 33 6 20 6 45 0 0.00 M M 6.9 16 200 M M 4 25 180
================================================================================
SM 562 -47 1748 0 0.06 M 296.5 M 185
================================================================================
AV 18.1 -1.5 9.6 FASTST M M 6 MAX(MPH)
MISC ----> 32 210 45 10
================================================================================
NOTES:
# LAST OF SEVERAL OCCURRENCES
COLUMN 17 PEAK WIND IN M.P.H.
PRELIMINARY LOCAL CLIMATOLOGICAL DATA (WS FORM: F-6) , PAGE 2
STATION: ASHLAND
MONTH: JANUARY
YEAR: 2022
LATITUDE: 46 32 N
LONGITUDE: 90 55 W
[TEMPERATURE DATA] [PRECIPITATION DATA] SYMBOLS USED IN COLUMN 16
AVERAGE MONTHLY: 8.3 TOTAL FOR MONTH: 0.06 1 = FOG OR MIST
DPTR FM NORMAL: -5.7 DPTR FM NORMAL: -0.58 2 = FOG REDUCING VISIBILITY
HIGHEST: 36 ON 18 GRTST 24HR 0.14 ON 21-22 TO 1/4 MILE OR LESS
LOWEST: -19 ON 26,10 3 = THUNDER
SNOW, ICE PELLETS, HAIL 4 = ICE PELLETS
TOTAL MONTH: M 5 = HAIL
GRTST 24HR M ON M 6 = FREEZING RAIN OR DRIZZLE
GRTST DEPTH: M ON M 7 = DUSTSTORM OR SANDSTORM:
VSBY 1/2 MILE OR LESS
8 = SMOKE OR HAZE
[NO. OF DAYS WITH] [WEATHER - DAYS WITH] 9 = BLOWING SNOW
X = TORNADO
MAX 32 OR BELOW: 29 0.01 INCH OR MORE: 1
MAX 90 OR ABOVE: 0 0.10 INCH OR MORE: 0
MIN 32 OR BELOW: 31 0.50 INCH OR MORE: 0
MIN 0 OR BELOW: 19 1.00 INCH OR MORE: 0
[HDD (BASE 65) ]
TOTAL THIS MO. 1748 CLEAR (SCALE 0-3) 6
DPTR FM NORMAL 169 PTCLDY (SCALE 4-7) 16
TOTAL FM JUL 1 4763 CLOUDY (SCALE 8-10) 9
DPTR FM NORMAL -192
[CDD (BASE 65) ]
TOTAL THIS MO. 0
DPTR FM NORMAL 0 [PRESSURE DATA]
TOTAL FM JAN 1 0 HIGHEST SLP 30.73 ON 20
DPTR FM NORMAL 0 LOWEST SLP 29.39 ON 18
[REMARKS]
#FINAL-01-22#