000
CXUS53 KDLH 010820
CF6ASX
PRELIMINARY LOCAL CLIMATOLOGICAL DATA (WS FORM: F-6)
STATION: ASHLAND
MONTH: MAY
YEAR: 2021
LATITUDE: 46 32 N
LONGITUDE: 90 55 W
TEMPERATURE IN F: :PCPN: SNOW: WIND :SUNSHINE: SKY :PK WND
================================================================================
1 2 3 4 5 6A 6B 7 8 9 10 11 12 13 14 15 16 17 18
12Z AVG MX 2MIN
DY MAX MIN AVG DEP HDD CDD WTR SNW DPTH SPD SPD DIR MIN PSBL S-S WX SPD DR
================================================================================
1 85 49 67 21 0 2 0.00 M M 9.7 23 200 M M 2 32 190
2 56 38 47 1 18 0 0.00 M M 6.2 14 50 M M 0 20 40
3 48 39 44 -3 21 0 0.05 M M 7.6 14 40 M M 8 18 18 50
4 54 38 46 -1 19 0 T M M 7.5 17 350 M M 10 24 340
5 59 32 46 -2 19 0 0.00 M M 5.9 20 290 M M 3 28 290
6 59 28 44 -4 21 0 T M M 7.8 21 310 M M 5 36 330
7 50 27 39 -9 26 0 0.00 M M 7.8 18 340 M M 5 25 350
8 61 27 44 -5 21 0 0.00 M M 8.9 16 320 M M 4 27 270
9 50 29 40 -9 25 0 0.00 M M 10.3 23 20 M M 5 29 10
10 52 26 39 -11 26 0 0.00 M M 6.8 16 40 M M 5 24 40
11 57 28 43 -7 22 0 0.00 M M 5.6 15 20 M M 1 20 360
12 69 27 48 -2 17 0 0.00 M M 6.0 16 30 M M 1 20 240
13 73 34 54 3 11 0 0.00 M M 5.7 15 260 M M 2 21 260
14 74 40 57 6 8 0 0.00 M M 7.2 18 210 M M 4 25 210
15 66 36 51 0 14 0 0.13 M M 2.1 12 190 M M 6 12 19 200
16 74 36 55 3 10 0 0.00 M M 3.6 13 350 M M 3 12 16 130
17 84 46 65 13 0 0 0.00 M M 7.3 17 220 M M 0 23 230
18 81 53 67 15 0 2 0.00 M M 6.2 18 210 M M 4 25 210
19 77 61 69 16 0 4 0.03 M M 7.0 18 200 M M 8 18 28 210
20 70 66 68 15 0 3 0.57 M M 6.0 15 190 M M 10 1 21 200
21 78 62 70 17 0 5 0.72 M M 5.3 17 210 M M 7 18 25 200
22 82 49 66 12 0 1 T M M 10.7 28 50 M M 6 37 50
23 49 40 45 -9 20 0 0.18 M M 12.7 25 50 M M 10 13 36 70
24 67 43 55 1 10 0 0.01 M M 3.5 10 350 M M 7 13 14 350
25 84 54 69 14 0 4 0.13 M M 13.3 30 230 M M 5 13 47 230
26 64 38 51 -4 14 0 0.00 M M 9.4 22 290 M M 4 32 310
27 43 34 39 -16 26 0 0.00 M M 10.7 20 50 M M 0 27 40
28 53 28 41 -15 24 0 0.00 M M 9.0 21 10 M M 0 28 30
29 70 25 48 -8 17 0 0.00 M M 5.4 15 200 M M 0 21 200
30 62 37 50 -6 15 0 0.14 M M 6.8 20 210 M M 9 1 28 220
31 70 42 56 0 9 0 0.01 M M 5.3 15 10 M M 1 12 19 10
================================================================================
SM 2021 1212 413 21 1.97 M 227.3 M 135
================================================================================
AV 65.2 39.1 7.3 FASTST M M 4 MAX(MPH)
MISC ----> 30 230 47 230
================================================================================
NOTES:
# LAST OF SEVERAL OCCURRENCES
COLUMN 17 PEAK WIND IN M.P.H.
PRELIMINARY LOCAL CLIMATOLOGICAL DATA (WS FORM: F-6) , PAGE 2
STATION: ASHLAND
MONTH: MAY
YEAR: 2021
LATITUDE: 46 32 N
LONGITUDE: 90 55 W
[TEMPERATURE DATA] [PRECIPITATION DATA] SYMBOLS USED IN COLUMN 16
AVERAGE MONTHLY: 52.1 TOTAL FOR MONTH: 1.97 1 = FOG OR MIST
DPTR FM NORMAL: 0.6 DPTR FM NORMAL: -1.48 2 = FOG REDUCING VISIBILITY
HIGHEST: 85 ON 1 GRTST 24HR 0.89 ON 20-21 TO 1/4 MILE OR LESS
LOWEST: 25 ON 29 3 = THUNDER
SNOW, ICE PELLETS, HAIL 4 = ICE PELLETS
TOTAL MONTH: M 5 = HAIL
GRTST 24HR M ON M 6 = FREEZING RAIN OR DRIZZLE
GRTST DEPTH: M ON M 7 = DUSTSTORM OR SANDSTORM:
VSBY 1/2 MILE OR LESS
8 = SMOKE OR HAZE
[NO. OF DAYS WITH] [WEATHER - DAYS WITH] 9 = BLOWING SNOW
X = TORNADO
MAX 32 OR BELOW: 0 0.01 INCH OR MORE: 10
MAX 90 OR ABOVE: 0 0.10 INCH OR MORE: 6
MIN 32 OR BELOW: 10 0.50 INCH OR MORE: 2
MIN 0 OR BELOW: 0 1.00 INCH OR MORE: 0
[HDD (BASE 65) ]
TOTAL THIS MO. 413 CLEAR (SCALE 0-3) 12
DPTR FM NORMAL -14 PTCLDY (SCALE 4-7) 15
TOTAL FM JUL 1 8359 CLOUDY (SCALE 8-10) 4
DPTR FM NORMAL -276
[CDD (BASE 65) ]
TOTAL THIS MO. 21
DPTR FM NORMAL 13 [PRESSURE DATA]
TOTAL FM JAN 1 21 HIGHEST SLP 30.46 ON 12
DPTR FM NORMAL 13 LOWEST SLP 29.43 ON 1
[REMARKS]
#FINAL-05-21#