000
CXUS52 KFFC 011110
CF6ATL
PRELIMINARY LOCAL CLIMATOLOGICAL DATA (WS FORM: F-6)
STATION: ATLANTA
MONTH: NOVEMBER
YEAR: 2022
LATITUDE: 33 39 N
LONGITUDE: 84 26 W
TEMPERATURE IN F: :PCPN: SNOW: WIND :SUNSHINE: SKY :PK WND
================================================================================
1 2 3 4 5 6A 6B 7 8 9 10 11 12 13 14 15 16 17 18
12Z AVG MX 2MIN
DY MAX MIN AVG DEP HDD CDD WTR SNW DPTH SPD SPD DIR MIN PSBL S-S WX SPD DR
================================================================================
1 74 54 64 5 1 0 0.00 0.0 M 6.7 13 350 M M 5 1 20 340
2 76 57 67 9 0 2 0.00 0.0 M 6.3 14 90 M M 6 17 50
3 75 57 66 8 0 1 0.00 0.0 M 7.0 13 90 M M 2 20 50
4 76 54 65 7 0 0 0.00 0.0 M 7.6 16 100 M M 3 22 140
5 79 62 71 14 0 6 T 0.0 M 8.8 18 150 M M 8 12 28 130
6 83 68 76 19 0 11 0.00 0.0 M 4.3 9 200 M M 6 15 160
7 83 68 76 19 0 11 0.00 0.0 0 5.3 14 350 M M 7 128 20 20
8 80 62 71 15 0 6 0.00 0.0 0 10.4 22 90 M M 3 29 90
9 69 51 60 4 5 0 0.00 0.0 0 16.7 25 90 M M 5 34 90
10 68 59 64 8 1 0 0.13 0.0 M 20.0 29 80 M M 10 1 41 60
11 71 64 68 13 0 3 0.97 0.0 0 10.2 25 70 M M 10 1 33 70
12 70 42 56 1 9 0 T 0.0 0 10.7 23 350 M M 8 12 34 340
13 48 33 41 -14 24 0 0.00 0.0 M 13.2 23 350 M M 4 31 340
14 55 33 44 -10 21 0 0.00 0.0 0 11.2 21 100 M M 5 28 80
15 49 45 47 -7 18 0 0.38 0.0 0 10.3 21 150 M M 10 1 31 140
16 49 39 44 -10 21 0 0.00 0.0 0 11.8 20 330 M M 7 27 330
17 47 33 40 -14 25 0 0.00 0.0 M 8.6 17 340 M M 2 25 340
18 54 30 42 -11 23 0 0.00 0.0 0 7.7 14 10 M M 3 19 330
19 53 33 43 -10 22 0 0.00 0.0 M 6.9 14 320 M M 7 20 320
20 47 34 41 -12 24 0 0.00 0.0 M 9.8 17 330 M M 8 24 340
21 58 31 45 -7 20 0 0.00 0.0 0 4.9 13 100 M M 4 17 150
22 64 44 54 2 11 0 T 0.0 0 3.8 8 20 M M 8 13 40
23 71 43 57 5 8 0 0.00 0.0 0 3.6 8 150 M M 5 12 140
24 63 52 58 6 7 0 T 0.0 0 10.2 16 100 M M 9 21 80
25 66 51 59 8 6 0 0.25 0.0 0 7.6 16 350 M M 9 1 22 340
26 66 49 58 7 7 0 0.11 0.0 0 9.2 16 140 M M 7 1 25 120
27 67 53 60 9 5 0 0.54 0.0 M 11.3 25 280 M M 5 1 36 270
28 65 48 57 6 8 0 0.00 0.0 0 6.2 17 300 M M 2 8 25 310
29 69 44 57 7 8 0 0.51 M M 7.0 15 150 M M 4 13 22 140
30 69 41 55 5 10 0 1.34 0.0 0 12.4 25 350 M M 6 13 39 240
================================================================================
SM 1964 1434 284 40 4.23 0.0 269.7 M 178
================================================================================
AV 65.5 47.8 9.0 FASTST M M 6 MAX(MPH)
MISC ----> 29 80 41 60
================================================================================
NOTES:
# LAST OF SEVERAL OCCURRENCES
COLUMN 17 PEAK WIND IN M.P.H.
PRELIMINARY LOCAL CLIMATOLOGICAL DATA (WS FORM: F-6) , PAGE 2
STATION: ATLANTA
MONTH: NOVEMBER
YEAR: 2022
LATITUDE: 33 39 N
LONGITUDE: 84 26 W
[TEMPERATURE DATA] [PRECIPITATION DATA] SYMBOLS USED IN COLUMN 16
AVERAGE MONTHLY: 56.6 TOTAL FOR MONTH: 4.23 1 = FOG OR MIST
DPTR FM NORMAL: 2.4 DPTR FM NORMAL: 0.25 2 = FOG REDUCING VISIBILITY
HIGHEST: 83 ON 7, 6 GRTST 24HR 1.85 ON 29-30 TO 1/4 MILE OR LESS
LOWEST: 30 ON 18 3 = THUNDER
SNOW, ICE PELLETS, HAIL 4 = ICE PELLETS
TOTAL MONTH: 0.0 INCH 5 = HAIL
GRTST 24HR 0.0 6 = FREEZING RAIN OR DRIZZLE
GRTST DEPTH: 0 7 = DUSTSTORM OR SANDSTORM:
VSBY 1/2 MILE OR LESS
8 = SMOKE OR HAZE
[NO. OF DAYS WITH] [WEATHER - DAYS WITH] 9 = BLOWING SNOW
X = TORNADO
MAX 32 OR BELOW: 0 0.01 INCH OR MORE: 8
MAX 90 OR ABOVE: 0 0.10 INCH OR MORE: 8
MIN 32 OR BELOW: 2 0.50 INCH OR MORE: 4
MIN 0 OR BELOW: 0 1.00 INCH OR MORE: 1
[HDD (BASE 65) ]
TOTAL THIS MO. 284 CLEAR (SCALE 0-3) 5
DPTR FM NORMAL -52 PTCLDY (SCALE 4-7) 19
TOTAL FM JUL 1 387 CLOUDY (SCALE 8-10) 6
DPTR FM NORMAL -53
[CDD (BASE 65) ]
TOTAL THIS MO. 40
DPTR FM NORMAL 30 [PRESSURE DATA]
TOTAL FM JAN 1 2213 HIGHEST SLP 30.49 ON 21
DPTR FM NORMAL 165 LOWEST SLP 29.53 ON 11
[REMARKS]
#FINAL-11-22#