000
CXUS54 KMAF 011110
CF6ATS
PRELIMINARY LOCAL CLIMATOLOGICAL DATA (WS FORM: F-6)
STATION: ARTESIA
MONTH: JUNE
YEAR: 2023
LATITUDE: 32 54 N
LONGITUDE: 104 30 W
TEMPERATURE IN F: :PCPN: SNOW: WIND :SUNSHINE: SKY :PK WND
================================================================================
1 2 3 4 5 6A 6B 7 8 9 10 11 12 13 14 15 16 17 18
12Z AVG MX 2MIN
DY MAX MIN AVG DEP HDD CDD WTR SNW DPTH SPD SPD DIR MIN PSBL S-S WX SPD DR
================================================================================
1 91 68 80 M 0 15 0.00 M M 11.7 24 150 M M 2 33 230
2 91 63 77 M 0 12 0.00 M M 8.2 23 50 M M 1 28 50
3 86 57 72 M 0 7 0.18 M M 8.4 21 320 M M 0 3 28 340
4 86 54 70 M 0 5 0.00 M M 5.9 13 120 M M 1 23 120
5 81 61 71 M 0 6 0.00 M M 7.8 13 70 M M 3 22 70
6 84 63 74 M 0 9 0.00 M M 9.4 21 240 M M 2 31 240
7 90 61 76 M 0 11 0.00 M M 9.9 25 50 M M 1 3 33 50
8 95 55 75 M 0 10 0.00 M M 9.1 17 120 M M 0 30 120
9 95 59 77 M 0 12 0.00 M M 9.4 25 240 M M 0 31 240
10 97 57 77 M 0 12 0.00 M M 9.9 22 240 M M 0 32 260
11 97 66 82 M 0 17 0.00 M M 10.9 23 210 M M 0 32 210
12 95 64 80 M 0 15 0.00 M M 13.5 28 250 M M 0 39 250
13 97 57 77 M 0 12 0.00 M M 12.1 29 250 M M 0 39 250
14 99 61 80 M 0 15 0.00 M M 12.4 29 230 M M 0 35 230
15 99 66 83 M 0 18 0.00 M M 14.3 28 260 M M 0 39 260
16 102 68 85 M 0 20 0.00 M M 12.5 28 260 M M 0 44 260
17 100 70 85 M 0 20 0.00 M M 14.7 29 250 M M 0 44 250
18 100 70 85 M 0 20 0.00 M M 11.2 20 250 M M 0 32 270
19 104 72 88 M 0 23 0.00 M M 13.1 26 250 M M 0 44 240
20 104 79 92 M 0 27 0.00 M M 11.9 25 250 M M 0 31 250
21 106 73 90 M 0 25 0.00 M M 11.1 21 250 M M 0 30 250
22 106 73 90 M 0 25 0.00 M M 10.0 22 210 M M 0 8 33 240
23 106 70 88 M 0 23 0.00 M M 10.5 23 240 M M 0 33 230
24 106 68 87 M 0 22 0.00 M M 12.7 25 270 M M 0 35 260
25 104 72 88 M 0 23 0.00 M M 9.5 17 130 M M 0 24 50
26 108 72 90 M 0 25 0.00 M M 8.8 13 40 M M 0 8 18 170
27 108 77 93 M 0 28 0.00 M M 13.7 25 160 M M 0 37 160
28 106 73 90 M 0 25 0.00 M M 13.6 20 130 M M 0 32 120
29 102 73 88 M 0 23 0.00 M M 11.5 21 130 M M 0 33 130
30 93 73 83 M 0 18 0.00 M M 10.8 25 160 M M 0 32 170
================================================================================
SM 2938 1995 0 523 0.18 M 328.5 M 10
================================================================================
AV 97.9 66.5 10.9 FASTST M M 0 MAX(MPH)
MISC ----> # 29 250 # 44 260
================================================================================
NOTES:
# LAST OF SEVERAL OCCURRENCES
COLUMN 17 PEAK WIND IN M.P.H.
PRELIMINARY LOCAL CLIMATOLOGICAL DATA (WS FORM: F-6) , PAGE 2
STATION: ARTESIA
MONTH: JUNE
YEAR: 2023
LATITUDE: 32 54 N
LONGITUDE: 104 30 W
[TEMPERATURE DATA] [PRECIPITATION DATA] SYMBOLS USED IN COLUMN 16
AVERAGE MONTHLY: 82.2 TOTAL FOR MONTH: 0.18 1 = FOG OR MIST
DPTR FM NORMAL: 0.0 DPTR FM NORMAL: M 2 = FOG REDUCING VISIBILITY
HIGHEST: 108 ON 27,26 GRTST 24HR 0.18 ON 3- 3 TO 1/4 MILE OR LESS
LOWEST: 54 ON 4 3 = THUNDER
SNOW, ICE PELLETS, HAIL 4 = ICE PELLETS
TOTAL MONTH: M 5 = HAIL
GRTST 24HR M ON M 6 = FREEZING RAIN OR DRIZZLE
GRTST DEPTH: M ON M 7 = DUSTSTORM OR SANDSTORM:
VSBY 1/2 MILE OR LESS
8 = SMOKE OR HAZE
[NO. OF DAYS WITH] [WEATHER - DAYS WITH] 9 = BLOWING SNOW
X = TORNADO
MAX 32 OR BELOW: 0 0.01 INCH OR MORE: 1
MAX 90 OR ABOVE: 26 0.10 INCH OR MORE: 1
MIN 32 OR BELOW: 0 0.50 INCH OR MORE: 0
MIN 0 OR BELOW: 0 1.00 INCH OR MORE: 0
[HDD (BASE 65) ]
TOTAL THIS MO. 0 CLEAR (SCALE 0-3) 30
DPTR FM NORMAL M PTCLDY (SCALE 4-7) 0
TOTAL FM JUL 1 2846 CLOUDY (SCALE 8-10) 0
DPTR FM NORMAL M
[CDD (BASE 65) ]
TOTAL THIS MO. 523
DPTR FM NORMAL M [PRESSURE DATA]
TOTAL FM JAN 1 764 HIGHEST SLP M ON M
DPTR FM NORMAL M LOWEST SLP M ON M
[REMARKS]
#FINAL-06-23#