124
CXUS53 KGID 011647
CF6AUH
PRELIMINARY LOCAL CLIMATOLOGICAL DATA (WS FORM: F-6)
STATION: AURORA
MONTH: AUGUST
YEAR: 2020
LATITUDE: 40 54 N
LONGITUDE: 97 59 W
TEMPERATURE IN F: :PCPN: SNOW: WIND :SUNSHINE: SKY :PK WND
================================================================================
1 2 3 4 5 6A 6B 7 8 9 10 11 12 13 14 15 16 17 18
12Z AVG MX 2MIN
DY MAX MIN AVG DEP HDD CDD WTR SNW DPTH SPD SPD DIR MIN PSBL S-S WX SPD DR
================================================================================
1 83 61 72 -3 0 7 0.00 M M 7.3 17 350 M M 2 22 350
2 78 57 68 -7 0 3 0.00 M M 8.2 16 10 M M 1 22 10
3 76 54 65 -10 0 0 0.00 M M 3.4 12 80 M M 3 17 80
4 74 56 65 -10 0 0 0.00 M M 6.5 13 160 M M 5 16 160
5 82 61 72 -3 0 7 0.00 M M 8.8 13 200 M M 4 18 190
6 88 66 77 2 0 12 0.00 M M 8.1 13 160 M M 3 3 M M
7 87 70 79 4 0 14 0.00 M M 10.1 15 160 M M 6 1 20 160
8 91 71 81 7 0 16 0.00 M M 9.2 13 160 M M 3 1 17 130
9 93 74 84 10 0 19 T M M 6.9 13 160 M M 1 13 M M
10 82 65 74 0 0 9 0.00 M M 8.7 24 40 M M 1 31 40
11 89 63 76 2 0 11 0.00 M M 7.3 13 190 M M 3 18 190
12 88 68 78 4 0 13 0.00 M M 8.8 14 160 M M 0 17 170
13 91 69 80 6 0 15 0.00 M M 8.2 15 160 M M 3 21 160
14 90 67 79 5 0 14 T M M 7.3 15 340 M M 3 13 20 180
15 84 59 72 -2 0 7 0.00 M M 4.5 9 110 M M 1 3 M M
16 89 63 76 2 0 11 0.42 M M 8.4 25 20 M M 4 3 39 20
17 85 61 73 -1 0 8 0.00 M M 2.7 6 40 M M 0 M M
18 82 58 70 -4 0 5 T M M 3.7 9 150 M M 1 13 M M
19 83 63 73 0 0 8 0.00 M M 7.9 13 170 M M 2 20 170
20 89 64 77 4 0 12 0.00 M M 9.8 14 190 M M 0 20 190
21 90 68 79 6 0 14 0.00 M M 9.0 13 160 M M 0 16 170
22 91 65 78 5 0 13 0.00 M M 6.5 13 160 M M 0 M M
23 93 67 80 7 0 15 0.00 M M 5.2 8 170 M M 0 M M
24 93 64 79 7 0 14 0.00 M M 7.9 14 170 M M 0 20 170
25 92 69 81 9 0 16 0.00 M M 10.0 15 170 M M 0 21 200
26 92 67 80 8 0 15 0.00 M M 11.5 18 180 M M 0 24 180
27 92 70 81 9 0 16 0.00 M M 8.2 12 180 M M 0 17 180
28 92 66 79 7 0 14 0.00 M M 6.6 17 10 M M 1 16 350
29 78 59 69 -2 0 4 0.00 M M 4.8 10 50 M M 0 M M
30 81 57 69 -2 0 4 0.00 M M 10.0 16 160 M M 2 23 190
31 75 55 65 -6 0 0 0.00 M M 11.1 20 360 M M 3 3 28 360
================================================================================
SM 2673 1977 0 316 0.42 M 236.6 M 52
================================================================================
AV 86.2 63.8 7.6 FASTST M M 2 MAX(MPH)
MISC ----> # 25 20 # M M
================================================================================
NOTES:
# LAST OF SEVERAL OCCURRENCES
COLUMN 17 PEAK WIND IN M.P.H.
PRELIMINARY LOCAL CLIMATOLOGICAL DATA (WS FORM: F-6) , PAGE 2
STATION: AURORA
MONTH: AUGUST
YEAR: 2020
LATITUDE: 40 54 N
LONGITUDE: 97 59 W
[TEMPERATURE DATA] [PRECIPITATION DATA] SYMBOLS USED IN COLUMN 16
AVERAGE MONTHLY: 75.0 TOTAL FOR MONTH: 0.42 1 = FOG OR MIST
DPTR FM NORMAL: 1.6 DPTR FM NORMAL: -3.20 2 = FOG REDUCING VISIBILITY
HIGHEST: 93 ON 24,23 GRTST 24HR 0.42 ON 16-16 TO 1/4 MILE OR LESS
LOWEST: 54 ON 3 3 = THUNDER
SNOW, ICE PELLETS, HAIL 4 = ICE PELLETS
TOTAL MONTH: M 5 = HAIL
GRTST 24HR M ON M 6 = FREEZING RAIN OR DRIZZLE
GRTST DEPTH: M ON M 7 = DUSTSTORM OR SANDSTORM:
VSBY 1/2 MILE OR LESS
8 = SMOKE OR HAZE
[NO. OF DAYS WITH] [WEATHER - DAYS WITH] 9 = BLOWING SNOW
X = TORNADO
MAX 32 OR BELOW: 0 0.01 INCH OR MORE: 1
MAX 90 OR ABOVE: 12 0.10 INCH OR MORE: 1
MIN 32 OR BELOW: 0 0.50 INCH OR MORE: 0
MIN 0 OR BELOW: 0 1.00 INCH OR MORE: 0
[HDD (BASE 65) ]
TOTAL THIS MO. 0 CLEAR (SCALE 0-3) 27
DPTR FM NORMAL -8 PTCLDY (SCALE 4-7) 4
TOTAL FM JUL 1 0 CLOUDY (SCALE 8-10) 0
DPTR FM NORMAL -11
[CDD (BASE 65) ]
TOTAL THIS MO. 316
DPTR FM NORMAL 46 [PRESSURE DATA]
TOTAL FM JAN 1 1102 HIGHEST SLP M ON M
DPTR FM NORMAL 233 LOWEST SLP M ON M
[REMARKS]
#FINAL-08-20#