000
CXUS53 KARX 012218
CF6AUM
PRELIMINARY LOCAL CLIMATOLOGICAL DATA (WS FORM: F-6)
STATION: AUSTIN MUNI MN
MONTH: JULY
YEAR: 2023
LATITUDE: 43 40 N
LONGITUDE: 92 56 W
TEMPERATURE IN F: :PCPN: SNOW: WIND :SUNSHINE: SKY :PK WND
================================================================================
1 2 3 4 5 6A 6B 7 8 9 10 11 12 13 14 15 16 17 18
12Z AVG MX 2MIN
DY MAX MIN AVG DEP HDD CDD WTR SNW DPTH SPD SPD DIR MIN PSBL S-S WX SPD DR
================================================================================
1 82 64 73 M 0 8 0.00 0.0 0 2.9 8 50 M M 3 M M
2 88 61 75 M 0 10 0.00 0.0 0 2.4 9 360 M M 1 M M
3 91 63 77 M 0 12 M 0.0 0 5.5 16 210 M M 1 27 0
4 86 66 76 M 0 11 0.00 0.0 0 8.7 17 210 M M 2 21 210
5 79 59 69 M 0 4 0.00 0.0 0 8.3 15 330 M M 4 21 320
6 73 52 63 M 2 0 0.00 0.0 0 5.5 12 290 M M 3 20 320
7 72 46 59 M 6 0 T 0.0 0 3.1 13 220 M M 2 M M
8 77 52 65 M 0 0 0.00 0.0 0 5.0 13 330 M M 2 1 17 320
9 82 48 65 M 0 0 0.00 0.0 0 6.3 18 260 M M 0 22 260
10 90 59 75 M 0 10 M 0.0 0 10.8 20 230 M M 1 25 220
11 75 57 66 M 0 1 M 0.0 0 4.0 8 50 M M 1 M M
12 72 59 66 M 0 1 0.13 0.0 0 3.9 9 100 M M 7 1 M M
13 84 61 73 M 0 8 0.08 0.0 0 6.4 18 240 M M 5 123 24 240
14 82 61 72 M 0 7 0.01 0.0 0 4.7 10 240 M M 2 1 17 220
15 81 57 69 M 0 4 0.00 0.0 0 5.4 16 290 M M 0 18 21 300
16 79 54 67 M 0 2 0.00 0.0 0 7.9 17 270 M M 0 18 24 260
17 73 54 64 M 1 0 0.00 0.0 0 7.1 13 320 M M 3 21 290
18 79 52 66 M 0 1 0.00 0.0 0 2.2 7 140 M M 1 M M
19 84 59 72 M 0 7 M 0.0 0 7.6 15 240 M M 1 20 230
20 75 63 69 M 0 4 0.00 0.0 0 10.1 18 340 M M 2 23 330
21 82 55 69 M 0 4 0.00 0.0 0 2.3 12 310 M M 2 1 17 300
22 84 55 70 M 0 5 M 0.0 0 4.6 15 250 M M 1 20 250
23 86 55 71 M 0 6 0.00 0.0 0 1.8 8 300 M M 2 M M
24 88 59 74 M 0 9 M 0.0 0 2.2 7 230 M M 0 1 M M
25 91 61 76 M 0 11 0.00 0.0 0 5.2 12 180 M M 1 1 18 180
26 91 64 78 M 0 13 0.06 0.0 0 4.7 13 70 M M 1 3 31 0
27 93 70 82 M 0 17 0.00 0.0 0 7.0 18 200 M M 2 1 25 200
28 90 66 78 M 0 13 M 0.0 0 6.4 17 110 M M 3 22 110
29 84 63 74 M 0 9 0.00 0.0 0 6.3 12 320 M M 1 20 310
30 82 55 69 M 0 4 0.00 0.0 0 3.5 10 290 M M 2 1 17 290
31 84 55 70 M 0 5 0.00 0.0 0 3.2 8 100 M M 0 M M
================================================================================
SM 2559 1805 9 186 0.28 0.0 165.0 M 56
================================================================================
AV 82.5 58.2 5.3 FASTST M M 2 MAX(MPH)
MISC ----> 20 230 31 0
================================================================================
NOTES:
# LAST OF SEVERAL OCCURRENCES
COLUMN 17 PEAK WIND IN M.P.H.
PRELIMINARY LOCAL CLIMATOLOGICAL DATA (WS FORM: F-6) , PAGE 2
STATION: AUSTIN MUNI MN
MONTH: JULY
YEAR: 2023
LATITUDE: 43 40 N
LONGITUDE: 92 56 W
[TEMPERATURE DATA] [PRECIPITATION DATA] SYMBOLS USED IN COLUMN 16
AVERAGE MONTHLY: 70.4 TOTAL FOR MONTH: 0.28 1 = FOG OR MIST
DPTR FM NORMAL: 0.0 DPTR FM NORMAL: M 2 = FOG REDUCING VISIBILITY
HIGHEST: 93 ON 27 GRTST 24HR 0.13 ON 12-12 TO 1/4 MILE OR LESS
LOWEST: 46 ON 7 3 = THUNDER
SNOW, ICE PELLETS, HAIL 4 = ICE PELLETS
TOTAL MONTH: 0.0 INCH 5 = HAIL
GRTST 24HR 0.0 6 = FREEZING RAIN OR DRIZZLE
GRTST DEPTH: 0 7 = DUSTSTORM OR SANDSTORM:
VSBY 1/2 MILE OR LESS
8 = SMOKE OR HAZE
[NO. OF DAYS WITH] [WEATHER - DAYS WITH] 9 = BLOWING SNOW
X = TORNADO
MAX 32 OR BELOW: 0 0.01 INCH OR MORE: 4
MAX 90 OR ABOVE: 6 0.10 INCH OR MORE: 1
MIN 32 OR BELOW: 0 0.50 INCH OR MORE: 0
MIN 0 OR BELOW: 0 1.00 INCH OR MORE: 0
[HDD (BASE 65) ]
TOTAL THIS MO. 9 CLEAR (SCALE 0-3) 28
DPTR FM NORMAL M PTCLDY (SCALE 4-7) 3
TOTAL FM JUL 1 9 CLOUDY (SCALE 8-10) 0
DPTR FM NORMAL M
[CDD (BASE 65) ]
TOTAL THIS MO. 186
DPTR FM NORMAL M [PRESSURE DATA]
TOTAL FM JAN 1 464 HIGHEST SLP M ON M
DPTR FM NORMAL M LOWEST SLP M ON M
[REMARKS]
#FINAL-07-23#