000
CXUS53 KGRB 131102
CF6AUW
PRELIMINARY LOCAL CLIMATOLOGICAL DATA (WS FORM: F-6)
STATION: WAUSAU WI
MONTH: JULY
YEAR: 2022
LATITUDE: 44 55 N
LONGITUDE: 89 37 W
TEMPERATURE IN F: :PCPN: SNOW: WIND :SUNSHINE: SKY :PK WND
================================================================================
1 2 3 4 5 6A 6B 7 8 9 10 11 12 13 14 15 16 17 18
12Z AVG MX 2MIN
DY MAX MIN AVG DEP HDD CDD WTR SNW DPTH SPD SPD DIR MIN PSBL S-S WX SPD DR
================================================================================
1 79 61 70 1 0 5 0.00 0.0 0 8.5 17 220 M M 1 28 210
2 80 55 68 -1 0 3 T 0.0 0 3.9 14 270 M M 2 19 280
3 81 53 67 -2 0 2 T 0.0 0 3.6 8 70 M M 3 11 150
4 81 64 73 4 0 8 0.55 0.0 0 5.0 17 210 M M 6 138 25 220
5 88 69 79 10 0 14 0.00 0.0 0 5.1 15 70 M M 7 18 23 80
6 78 66 72 3 0 7 T 0.0 0 6.9 15 60 M M 9 21 60
7 87 63 75 6 0 10 T 0.0 0 4.3 9 150 M M 5 3 13 140
8 79 60 70 1 0 5 1.32 0.0 0 8.1 20 60 M M 6 13 27 60
9 82 57 70 0 0 5 0.00 0.0 0 3.7 10 130 M M 2 15 120
10 83 59 71 1 0 6 0.07 0.0 0 7.4 16 160 M M 3 3 22 210
11 80 65 73 3 0 8 0.15 0.0 0 8.1 32 290 M M 5 3 51 270
12 83 61 72 2 0 7 0.17 0.0 0 8.2 28 310 M M 5 3 42 300
13 79 61 70 0 0 5 0.00 0.0 0 4.2 8 300 M M 6 M M
14 81 56 69 -1 0 4 0.00 0.0 0 6.9 13 140 M M 2 18 160
15 77 60 69 -1 0 4 0.42 0.0 0 6.4 23 100 M M 7 13 33 120
16 82 60 71 1 0 6 0.00 0.0 0 2.5 9 150 M M 4 12 12 120
17 86 63 75 5 0 10 0.00 0.0 0 3.6 10 290 M M 0 14 290
18 93 64 79 9 0 14 0.85 0.0 0 5.1 29 340 M M 1 13 45 10
19 87 69 78 8 0 13 T 0.0 0 10.5 23 160 M M 2 18 32 180
20 79 68 74 4 0 9 0.09 0.0 0 12.1 23 270 M M 5 32 300
21 86 66 76 6 0 11 0.00 0.0 0 11.6 24 270 M M 0 31 260
22 89 60 75 5 0 10 0.00 0.0 0 7.9 23 250 M M 2 32 260
23 89 69 79 9 0 14 0.28 0.0 0 5.3 16 230 M M 2 3 22 230
24 80 62 71 1 0 6 0.80 0.0 0 10.3 23 280 M M 5 13 33 260
25 77 55 66 -4 0 1 0.00 0.0 0 6.7 17 270 M M 1 23 260
26 81 54 68 -2 0 3 0.00 0.0 0 4.4 12 210 M M 3 18 250
27 82 67 75 5 0 10 0.00 0.0 0 9.6 21 260 M M 4 28 260
28 76 59 68 -2 0 3 T 0.0 0 11.7 25 260 M M 4 33 250
29 79 57 68 -2 0 3 0.00 0.0 0 7.6 17 290 M M 4 24 300
30 83 55 69 0 0 4 0.00 0.0 0 4.1 13 190 M M 0 17 210
31 84 60 72 3 0 7 T 0.0 0 8.7 20 170 M M 3 27 190
================================================================================
SM 2551 1898 0 217 4.70 0.0 212.0 M 109
================================================================================
AV 82.3 61.2 6.8 FASTST M M 4 MAX(MPH)
MISC ----> 32 290 51 270
================================================================================
NOTES:
# LAST OF SEVERAL OCCURRENCES
COLUMN 17 PEAK WIND IN M.P.H.
PRELIMINARY LOCAL CLIMATOLOGICAL DATA (WS FORM: F-6) , PAGE 2
STATION: WAUSAU WI
MONTH: JULY
YEAR: 2022
LATITUDE: 44 55 N
LONGITUDE: 89 37 W
[TEMPERATURE DATA] [PRECIPITATION DATA] SYMBOLS USED IN COLUMN 16
AVERAGE MONTHLY: 71.8 TOTAL FOR MONTH: 4.70 1 = FOG OR MIST
DPTR FM NORMAL: 2.3 DPTR FM NORMAL: 0.84 2 = FOG REDUCING VISIBILITY
HIGHEST: 93 ON 18 GRTST 24HR 1.32 ON 7- 8 TO 1/4 MILE OR LESS
LOWEST: 53 ON 3 3 = THUNDER
SNOW, ICE PELLETS, HAIL 4 = ICE PELLETS
TOTAL MONTH: 0.0 INCH 5 = HAIL
GRTST 24HR 0.0 6 = FREEZING RAIN OR DRIZZLE
GRTST DEPTH: 0 7 = DUSTSTORM OR SANDSTORM:
VSBY 1/2 MILE OR LESS
8 = SMOKE OR HAZE
[NO. OF DAYS WITH] [WEATHER - DAYS WITH] 9 = BLOWING SNOW
X = TORNADO
MAX 32 OR BELOW: 0 0.01 INCH OR MORE: 10
MAX 90 OR ABOVE: 1 0.10 INCH OR MORE: 8
MIN 32 OR BELOW: 0 0.50 INCH OR MORE: 4
MIN 0 OR BELOW: 0 1.00 INCH OR MORE: 1
[HDD (BASE 65) ]
TOTAL THIS MO. 0 CLEAR (SCALE 0-3) 15
DPTR FM NORMAL -21 PTCLDY (SCALE 4-7) 15
TOTAL FM JUL 1 0 CLOUDY (SCALE 8-10) 1
DPTR FM NORMAL -27
[CDD (BASE 65) ]
TOTAL THIS MO. 217
DPTR FM NORMAL 56 [PRESSURE DATA]
TOTAL FM JAN 1 427 HIGHEST SLP 30.29 ON 9
DPTR FM NORMAL 156 LOWEST SLP 29.43 ON 20
[REMARKS]
#FINAL-07-22#