000
CXUS53 KGRB 010738
CLMAUW
CLIMATE REPORT
NATIONAL WEATHER SERVICE GREEN BAY
238 AM CDT FRI SEP 01 2023
...................................
...THE WAUSAU WI CLIMATE SUMMARY FOR THE MONTH OF AUGUST 2023...
CLIMATE NORMAL PERIOD: 1991 TO 2020
CLIMATE RECORD PERIOD: 1896 TO 2023
WEATHER OBSERVED NORMAL DEPART LAST YEAR`S
VALUE DATE(S) VALUE FROM VALUE DATE(S)
NORMAL
................................................................
TEMPERATURE (F)
RECORD
HIGH 99 08/16/1988
08/02/1964
08/21/1955
LOW 32 08/30/1915
HIGHEST 95 08/23 90 5 89 08/03
LOWEST 45 08/31 46 -1 53 08/09
AVG. MAXIMUM 80.1 77.9 2.2 80.0
AVG. MINIMUM 58.0 56.9 1.1 60.5
MEAN 69.0 67.4 1.6 70.2
DAYS MAX >= 90 2 1.0 1.0 0
DAYS MAX <= 32 0 0.0 0.0 0
DAYS MIN <= 32 0 0.0 0.0 0
DAYS MIN <= 0 0 0.0 0.0 0
PRECIPITATION (INCHES)
RECORD
MAXIMUM 13.87 1995
MINIMUM 0.82 1913
TOTALS 1.81 4.07 -2.26 4.65
DAYS >= .01 7 10.6 -3.6 16
DAYS >= .10 5 6.8 -1.8 9
DAYS >= .50 1 2.7 -1.7
DAYS >= 1.00 0 1.2 -1.2 2
GREATEST
STORM TOTAL 0.80
(MM/DD(HH))
SNOWFALL (INCHES)
RECORDS
TOTAL 0.0 MM
24 HR TOTAL 0.0 MM
TOTALS 0.0 0.0 0.0 0.0
SINCE 7/1 0.0 0.0 0.0 MM
DAYS >= TRACE 0 0.0 0.0
DAYS >= 1.0 0 0.0 0.0 0
GREATEST
SNOW DEPTH 0 0 MM
24 HR TOTAL 0.0
DEGREE DAYS
HEATING TOTAL 25 40 -15 7
SINCE 7/1 33 64 -31 MM
COOLING TOTAL 157 114 43 175
SINCE 1/1 509 385 124 MM
................................................................
WIND (MPH)
AVERAGE WIND SPEED 6.3
HIGHEST WIND SPEED/DIRECTION 28/MM DATE 08/17
HIGHEST GUST SPEED/DIRECTION 46/310 DATE 08/17
SKY COVER
POSSIBLE SUNSHINE (PERCENT) MM
AVERAGE SKY COVER 0.32
NUMBER OF DAYS FAIR 17
NUMBER OF DAYS PC 9
NUMBER OF DAYS CLOUDY 4
AVERAGE RH (PERCENT) 68
WEATHER CONDITIONS. NUMBER OF DAYS WITH
THUNDERSTORM 4 MIXED PRECIP 0
HEAVY RAIN 2 RAIN 4
LIGHT RAIN 6 FREEZING RAIN 0
LT FREEZING RAIN 0 HAIL 0
HEAVY SNOW 0 SNOW 0
LIGHT SNOW 0 SLEET 0
FOG 15 FOG W/VIS <= 1/4 MILE 1
HAZE 5
- INDICATES NEGATIVE NUMBERS.
R INDICATES RECORD WAS SET OR TIED.
MM INDICATES DATA IS MISSING.
T INDICATES TRACE AMOUNT.
$$