000
CXUS52 KGSP 011931
CLMAVL
CLIMATE REPORT
NATIONAL WEATHER SERVICE GREENVILLE-SPARTANBURG SC
331 PM EDT SAT APR 01 2023
...................................
...THE ASHEVILLE NC CLIMATE SUMMARY FOR THE MONTH OF MARCH 2023...
CLIMATE NORMAL PERIOD 1991 TO 2020
CLIMATE RECORD PERIOD 1869 TO 2023
WEATHER OBSERVED NORMAL DEPART LAST YEAR`S
VALUE DATE(S) VALUE FROM VALUE DATE(S)
NORMAL
................................................................
TEMPERATURE (F)
RECORD
HIGH 87 03/25/1929
LOW 2 03/15/1993
HIGHEST 81 03/24 MM MM 75 03/03
LOWEST 22 03/20 MM MM 16 03/13
AVG. MAXIMUM 61.1 59.8 1.3 62.7
AVG. MINIMUM 37.5 37.0 0.5 38.8
MEAN 49.3 48.4 0.9 50.8
DAYS MAX >= 90 0 0.0 0.0 0
DAYS MAX <= 32 0 0.3 -0.3 0
DAYS MIN <= 32 9 11.1 -2.1 6
DAYS MIN <= 0 0 0.0 0.0 0
PRECIPITATION (INCHES)
RECORD
MAXIMUM 9.86 1975
MINIMUM 0.43 1889
TOTALS 1.92 3.80 -1.88 5.95
DAILY AVG. 0.06 0.12 -0.06 0.19
DAYS >= .01 9 11.9 -2.9 9
DAYS >= .10 5 7.5 -2.5 8
DAYS >= .50 1 2.4 -1.4 5
DAYS >= 1.00 0 0.8 -0.8 1
GREATEST
24 HR. TOTAL 0.51 03/11 TO 03/12 2.15 03/23 TO 03/23
STORM TOTAL 0.50 2.15
(MM/DD(HH)) MM
SNOWFALL (INCHES)
RECORDS
TOTAL 28.9 1960
24 HR TOTAL 16.5 03/13/1993 TO 03/14/1993
SNOW DEPTH 18 03/14/1993
TOTALS 0.0 1.9 -1.9 0.3
LIQUID EQUIV 0.00 0.10 -0.10 0.00
SINCE 7/1 T 10.1 -10.1 MM
LIQUID 7/1 -0.10 1.00 -1.10 MM
SNOWDEPTH AVG. 0 -1
DAYS >= TRACE 0 1.0 -1.0 1
DAYS >= 1.0 0 0.4 -0.4 0
GREATEST
SNOW DEPTH 0 MM 03/29
03/30
03/12
24 HR TOTAL MM 0.3 03/12 TO 03/12
STORM TOTAL 0.0 0.3
(MM/DD(HH)) MM
DEGREE DAYS
HEATING TOTAL 480 515 -35 435
SINCE 7/1 3258 3496 -238 MM
COOLING TOTAL 1 1 0 0
SINCE 1/1 1 1 0 MM
FREEZE DATES
RECORD
EARLIEST MM
LATEST MM
EARLIEST 10/18
LATEST 04/20
................................................................
WIND (MPH)
AVERAGE WIND SPEED 8.3
HIGHEST WIND SPEED/DIRECTION 36/180 DATE 03/03
HIGHEST GUST SPEED/DIRECTION 48/180 DATE 03/03
SKY COVER
POSSIBLE SUNSHINE (PERCENT) MM
AVERAGE SKY COVER 0.31
NUMBER OF DAYS FAIR 18
NUMBER OF DAYS PC 8
NUMBER OF DAYS CLOUDY 5
AVERAGE RH (PERCENT) 56
WEATHER CONDITIONS. NUMBER OF DAYS WITH
THUNDERSTORM 2 MIXED PRECIP 0
HEAVY RAIN 3 RAIN 5
LIGHT RAIN 10 FREEZING RAIN 0
LT FREEZING RAIN 0 HAIL 0
HEAVY SNOW 0 SNOW 0
LIGHT SNOW 0 SLEET 0
FOG 6 FOG W/VIS <= 1/4 MILE 1
HAZE 0
- INDICATES NEGATIVE NUMBERS.
R INDICATES RECORD WAS SET OR TIED.
MM INDICATES DATA IS MISSING.
T INDICATES TRACE AMOUNT.
$$