000
CXUS56 KLOX 011255
CF6AVX
PRELIMINARY LOCAL CLIMATOLOGICAL DATA (WS FORM: F-6)
STATION: AVALON
MONTH: NOVEMBER
YEAR: 2022
LATITUDE: 33 24 N
LONGITUDE: 118 25 W
TEMPERATURE IN F: :PCPN: SNOW: WIND :SUNSHINE: SKY :PK WND
================================================================================
1 2 3 4 5 6A 6B 7 8 9 10 11 12 13 14 15 16 17 18
12Z AVG MX 2MIN
DY MAX MIN AVG DEP HDD CDD WTR SNW DPTH SPD SPD DIR MIN PSBL S-S WX SPD DR
================================================================================
1 65 54 60 -4 5 0 0.01 M M 6.7 21 260 M M 5 128 25 260
2 60 51 56 -7 9 0 0.06 M M 17.7 32 270 M M 3 12 39 260
3 55 49 52 -11 13 0 0.00 M M 18.5 32 280 M M 1 39 270
4 63 51 57 -6 8 0 0.00 M M 6.8 10 270 M M M 18 270
5 64 53 59 -4 6 0 0.00 M M 5.4 9 240 M M M 11 250
6 64 52 58 -5 7 0 0.00 M M 4.7 12 240 M M 2 128 13 230
7 62 50 56 -6 9 0 0.03 M M 5.7 16 240 M M 10 12 20 220
8 60 49 55 -7 10 0 1.05 M M 16.9 35 240 M M 10 12 49 210
9 54 48 51 -11 14 0 0.11 M M 11.9 22 260 M M 4 1 27 260
10 60 47 54 -8 11 0 0.00 M M 6.0 12 340 M M 0 12 340
11 64 51 58 -4 7 0 0.00 M M 6.7 13 80 M M 0 14 80
12 63 50 57 -4 8 0 0.00 M M 5.5 15 250 M M 0 1 19 260
13 58 48 53 -8 12 0 0.00 M M 10.4 17 320 M M M 2 24 310
14 62 53 58 -3 7 0 0.00 M M 6.7 12 260 M M M 14 280
15 65 49 57 -3 8 0 0.00 M M 6.9 18 90 M M M 18 25 80
16 68 56 62 2 3 0 0.00 M M 13.7 31 80 M M 0 44 80
17 68 56 62 2 3 0 0.00 M M 8.5 17 90 M M M 22 80
18 65 52 59 -1 6 0 0.00 M M 5.0 14 90 M M 0 17 80
19 67 56 62 3 3 0 0.00 M M 10.8 22 70 M M 0 30 90
20 72 55 64 5 1 0 0.00 M M 7.1 12 320 M M 0 14 320
21 71 59 65 6 0 0 0.00 M M 5.1 16 320 M M 0 21 320
22 70 60 65 7 0 0 0.00 M M 4.9 12 310 M M 0 15 310
23 69 55 62 4 3 0 0.00 M M 4.3 9 70 M M 0 13 50
24 72 61 67 9 0 2 0.00 M M 13.7 26 90 M M 0 35 80
25 71 59 65 7 0 0 0.00 M M 9.7 18 100 M M M 25 90
26 68 53 61 4 4 0 0.00 M M 5.4 10 290 M M M 14 270
27 69 50 60 3 5 0 0.00 M M 5.0 10 140 M M M 2 13 150
28 58 49 54 -3 11 0 0.00 M M 4.7 12 270 M M M 1 15 150
29 58 49 54 -3 11 0 0.00 M M 3.9 8 130 M M 3 1 10 140
30 55 48 52 -4 13 0 0.00 M M 5.0 13 140 M M 8 15 160
================================================================================
SM 1920 1573 197 2 1.26 M 243.3 M 46
================================================================================
AV 64.0 52.4 8.1 FASTST M M 2 MAX(MPH)
MISC ----> 35 240 49 210
================================================================================
NOTES:
# LAST OF SEVERAL OCCURRENCES
COLUMN 17 PEAK WIND IN M.P.H.
PRELIMINARY LOCAL CLIMATOLOGICAL DATA (WS FORM: F-6) , PAGE 2
STATION: AVALON
MONTH: NOVEMBER
YEAR: 2022
LATITUDE: 33 24 N
LONGITUDE: 118 25 W
[TEMPERATURE DATA] [PRECIPITATION DATA] SYMBOLS USED IN COLUMN 16
AVERAGE MONTHLY: 58.2 TOTAL FOR MONTH: 1.26 1 = FOG OR MIST
DPTR FM NORMAL: -2.0 DPTR FM NORMAL: 0.29 2 = FOG REDUCING VISIBILITY
HIGHEST: 72 ON 24,20 GRTST 24HR 1.16 ON 8- 9 TO 1/4 MILE OR LESS
LOWEST: 47 ON 10 3 = THUNDER
SNOW, ICE PELLETS, HAIL 4 = ICE PELLETS
TOTAL MONTH: M 5 = HAIL
GRTST 24HR M ON M 6 = FREEZING RAIN OR DRIZZLE
GRTST DEPTH: M ON M 7 = DUSTSTORM OR SANDSTORM:
VSBY 1/2 MILE OR LESS
8 = SMOKE OR HAZE
[NO. OF DAYS WITH] [WEATHER - DAYS WITH] 9 = BLOWING SNOW
X = TORNADO
MAX 32 OR BELOW: 0 0.01 INCH OR MORE: 5
MAX 90 OR ABOVE: 0 0.10 INCH OR MORE: 2
MIN 32 OR BELOW: 0 0.50 INCH OR MORE: 1
MIN 0 OR BELOW: 0 1.00 INCH OR MORE: 1
[HDD (BASE 65) ]
TOTAL THIS MO. 197 CLEAR (SCALE 0-3) 14
DPTR FM NORMAL 8 PTCLDY (SCALE 4-7) 3
TOTAL FM JUL 1 272 CLOUDY (SCALE 8-10) 13
DPTR FM NORMAL -115
[CDD (BASE 65) ]
TOTAL THIS MO. 2
DPTR FM NORMAL -43 [PRESSURE DATA]
TOTAL FM JAN 1 1068 HIGHEST SLP 30.28 ON 4
DPTR FM NORMAL 240 LOWEST SLP 29.77 ON 8
[REMARKS]
#FINAL-11-22#