000
CXUS56 KLOX 011155
CF6AVX
PRELIMINARY LOCAL CLIMATOLOGICAL DATA (WS FORM: F-6)
STATION: AVALON
MONTH: APRIL
YEAR: 2021
LATITUDE: 33 24 N
LONGITUDE: 118 25 W
TEMPERATURE IN F: :PCPN: SNOW: WIND :SUNSHINE: SKY :PK WND
================================================================================
1 2 3 4 5 6A 6B 7 8 9 10 11 12 13 14 15 16 17 18
12Z AVG MX 2MIN
DY MAX MIN AVG DEP HDD CDD WTR SNW DPTH SPD SPD DIR MIN PSBL S-S WX SPD DR
================================================================================
1 81 64 73 M 0 8 0.00 M M 8.1 16 260 M M 0 19 260
2 72 52 62 M 3 0 0.00 M M 4.3 13 270 M M 0 14 290
3 68 47 58 M 7 0 0.00 M M 5.8 12 260 M M 0 M M
4 75 53 64 M 1 0 0.00 M M 7.9 20 270 M M 0 25 260
5 63 48 56 M 9 0 0.00 M M 6.3 17 270 M M 1 128 M M
6 63 46 55 M 10 0 0.00 M M 4.9 14 240 M M 2 128 16 240
7 74 53 64 M 1 0 0.00 M M 6.0 15 270 M M 0 M M
8 67 54 61 M 4 0 0.00 M M 8.2 15 290 M M 0 18 290
9 72 56 64 M 1 0 0.00 M M 5.5 12 300 M M 0 M M
10 70 53 62 M 3 0 0.00 M M 7.2 12 240 M M 0 M M
11 65 51 58 M 7 0 0.00 M M 5.8 12 240 M M 1 18 M M
12 59 48 54 M 11 0 0.00 M M 6.6 15 250 M M 9 128 17 260
13 53 47 50 M 15 0 0.00 M M 5.8 13 250 M M 10 12 16 250
14 54 45 50 M 15 0 0.00 M M 11.1 21 260 M M 6 1 25 270
15 56 46 51 M 14 0 0.00 M M 10.0 18 250 M M 6 128 23 270
16 62 47 55 M 10 0 0.00 M M 6.2 13 250 M M 1 12 16 250
17 65 49 57 M 8 0 0.00 M M 6.9 16 320 M M 3 12 21 320
18 81 59 70 M 0 5 0.00 M M 10.1 22 270 M M 0 28 270
19 81 49 65 M 0 0 0.00 M M 9.3 22 270 M M 0 29 270
20 64 48 56 M 9 0 0.00 M M 5.7 12 230 M M 3 12 15 230
21 55 49 52 M 13 0 0.00 M M 7.9 14 260 M M 10 12 17 240
22 55 49 52 M 13 0 0.00 M M 7.7 13 240 M M 10 1 M M
23 56 48 52 M 13 0 0.00 M M 5.5 13 260 M M 10 128 16 240
24 56 49 53 M 12 0 0.00 M M 7.2 13 260 M M 10 12 16 240
25 60 47 54 M 11 0 0.00 M M 10.7 22 260 M M 7 1 25 260
26 55 48 52 M 13 0 0.03 M M 14.9 21 280 M M 9 12 28 260
27 60 46 53 M 12 0 0.00 M M 9.0 21 260 M M 2 24 280
28 76 52 64 M 1 0 0.00 M M 11.5 23 270 M M 0 30 270
29 88 67 78 M 0 13 0.00 M M 8.2 16 250 M M 0 21 260
30 87 65 76 M 0 11 0.00 M M 6.3 14 240 M M 0 8 17 250
================================================================================
SM 1993 1535 216 37 0.03 M 230.6 M 100
================================================================================
AV 66.4 51.2 7.7 FASTST M M 3 MAX(MPH)
MISC ----> 23 270 30 270
================================================================================
NOTES:
# LAST OF SEVERAL OCCURRENCES
COLUMN 17 PEAK WIND IN M.P.H.
PRELIMINARY LOCAL CLIMATOLOGICAL DATA (WS FORM: F-6) , PAGE 2
STATION: AVALON
MONTH: APRIL
YEAR: 2021
LATITUDE: 33 24 N
LONGITUDE: 118 25 W
[TEMPERATURE DATA] [PRECIPITATION DATA] SYMBOLS USED IN COLUMN 16
AVERAGE MONTHLY: 58.8 TOTAL FOR MONTH: 0.03 1 = FOG OR MIST
DPTR FM NORMAL: 0.0 DPTR FM NORMAL: M 2 = FOG REDUCING VISIBILITY
HIGHEST: 88 ON 29 GRTST 24HR 0.03 ON 26-26 TO 1/4 MILE OR LESS
LOWEST: 45 ON 14 3 = THUNDER
SNOW, ICE PELLETS, HAIL 4 = ICE PELLETS
TOTAL MONTH: M 5 = HAIL
GRTST 24HR M ON M 6 = FREEZING RAIN OR DRIZZLE
GRTST DEPTH: M ON M 7 = DUSTSTORM OR SANDSTORM:
VSBY 1/2 MILE OR LESS
8 = SMOKE OR HAZE
[NO. OF DAYS WITH] [WEATHER - DAYS WITH] 9 = BLOWING SNOW
X = TORNADO
MAX 32 OR BELOW: 0 0.01 INCH OR MORE: 1
MAX 90 OR ABOVE: 0 0.10 INCH OR MORE: 0
MIN 32 OR BELOW: 0 0.50 INCH OR MORE: 0
MIN 0 OR BELOW: 0 1.00 INCH OR MORE: 0
[HDD (BASE 65) ]
TOTAL THIS MO. 216 CLEAR (SCALE 0-3) 20
DPTR FM NORMAL M PTCLDY (SCALE 4-7) 3
TOTAL FM JUL 1 1467 CLOUDY (SCALE 8-10) 7
DPTR FM NORMAL M
[CDD (BASE 65) ]
TOTAL THIS MO. 37
DPTR FM NORMAL M [PRESSURE DATA]
TOTAL FM JAN 1 95 HIGHEST SLP 30.13 ON 3
DPTR FM NORMAL M LOWEST SLP 29.72 ON 11
[REMARKS]
#FINAL-04-21#