000
CXUS53 KGRR 010910
CF6AZO
PRELIMINARY LOCAL CLIMATOLOGICAL DATA (WS FORM: F-6)
STATION: KALAMAZOO
MONTH: SEPTEMBER
YEAR: 2022
LATITUDE: 42 13 N
LONGITUDE: 85 33 W
TEMPERATURE IN F: :PCPN: SNOW: WIND :SUNSHINE: SKY :PK WND
================================================================================
1 2 3 4 5 6A 6B 7 8 9 10 11 12 13 14 15 16 17 18
12Z AVG MX 2MIN
DY MAX MIN AVG DEP HDD CDD WTR SNW DPTH SPD SPD DIR MIN PSBL S-S WX SPD DR
================================================================================
1 86 63 75 7 0 10 0.00 M M 3.3 12 180 M M 1 1 15 190
2 86 68 77 9 0 12 0.00 M M 4.6 14 190 M M 2 18 200
3 87 66 77 9 0 12 T M M 3.9 12 300 M M 2 13 17 200
4 70 63 67 0 0 2 0.01 M M 6.0 12 50 M M 9 1 19 40
5 75 61 68 1 0 3 0.00 M M 5.5 9 50 M M 10 18 15 60
6 77 63 70 3 0 5 0.00 M M 3.5 8 70 M M 8 14 50
7 81 58 70 4 0 5 0.00 M M 5.1 14 350 M M 2 12 18 340
8 82 54 68 2 0 3 0.00 M M 1.3 8 180 M M 2 12 12 180
9 84 53 69 3 0 4 0.00 M M 4.3 15 180 M M 1 1 19 200
10 86 62 74 9 0 9 0.00 M M 4.7 16 190 M M 3 1 26 180
11 75 63 69 4 0 4 0.11 M M 6.2 18 230 M M 7 1 27 230
12 64 50 57 -8 8 0 T M M 8.7 17 200 M M 9 1 24 180
13 76 47 62 -2 3 0 0.00 M M 4.5 14 310 M M 3 18 19 240
14 82 54 68 4 0 3 0.00 M M 4.4 14 290 M M 3 12 19 320
15 80 53 67 3 0 2 0.00 M M 3.3 10 230 M M 2 12 17 200
16 84 58 71 8 0 6 0.00 M M 4.7 14 190 M M 0 12 17 180
17 86 64 75 12 0 10 0.00 M M 8.4 22 190 M M 2 29 190
18 86 66 76 13 0 11 0.00 M M 8.1 16 200 M M 3 8 22 210
19 82 61 72 10 0 7 1.03 M M 6.9 30 240 M M 3 13 45 240
20 79 54 67 5 0 2 0.02 M M 5.7 20 190 M M 3 123 29 150
21 84 63 74 13 0 9 T M M 12.2 23 300 M M 1 3 32 300
22 66 46 56 -5 9 0 0.00 M M 12.9 24 340 M M 4 33 320
23 65 39 52 -9 13 0 0.00 M M 2.5 9 180 M M 1 14 170
24 69 55 62 2 3 0 0.01 M M 5.9 17 210 M M 10 23 190
25 66 52 59 -1 6 0 0.35 M M 8.1 26 310 M M 9 1 36 290
26 61 51 56 -3 9 0 0.22 M M 9.9 24 290 M M 7 1 38 300
27 59 47 53 -6 12 0 0.06 M M 10.8 21 320 M M 8 1 31 290
28 59 48 54 -5 11 0 0.00 M M 8.8 17 360 M M 10 23 350
29 64 42 53 -5 12 0 0.00 M M 1.4 8 10 M M 4 12 11 310
30 69 40 55 -3 10 0 0.00 M M 1.8 9 60 M M 0 1 16 20
================================================================================
SM 2270 1664 96 119 1.81 M 177.4 M 129
================================================================================
AV 75.7 55.5 5.9 FASTST M M 4 MAX(MPH)
MISC ----> 30 240 45 240
================================================================================
NOTES:
# LAST OF SEVERAL OCCURRENCES
COLUMN 17 PEAK WIND IN M.P.H.
PRELIMINARY LOCAL CLIMATOLOGICAL DATA (WS FORM: F-6) , PAGE 2
STATION: KALAMAZOO
MONTH: SEPTEMBER
YEAR: 2022
LATITUDE: 42 13 N
LONGITUDE: 85 33 W
[TEMPERATURE DATA] [PRECIPITATION DATA] SYMBOLS USED IN COLUMN 16
AVERAGE MONTHLY: 65.6 TOTAL FOR MONTH: 1.81 1 = FOG OR MIST
DPTR FM NORMAL: 2.3 DPTR FM NORMAL: -1.46 2 = FOG REDUCING VISIBILITY
HIGHEST: 87 ON 3 GRTST 24HR 1.03 ON 19-19 TO 1/4 MILE OR LESS
LOWEST: 39 ON 23 3 = THUNDER
SNOW, ICE PELLETS, HAIL 4 = ICE PELLETS
TOTAL MONTH: M 5 = HAIL
GRTST 24HR M ON M 6 = FREEZING RAIN OR DRIZZLE
GRTST DEPTH: M ON M 7 = DUSTSTORM OR SANDSTORM:
VSBY 1/2 MILE OR LESS
8 = SMOKE OR HAZE
[NO. OF DAYS WITH] [WEATHER - DAYS WITH] 9 = BLOWING SNOW
X = TORNADO
MAX 32 OR BELOW: 0 0.01 INCH OR MORE: 8
MAX 90 OR ABOVE: 0 0.10 INCH OR MORE: 4
MIN 32 OR BELOW: 0 0.50 INCH OR MORE: 1
MIN 0 OR BELOW: 0 1.00 INCH OR MORE: 1
[HDD (BASE 65) ]
TOTAL THIS MO. 96 CLEAR (SCALE 0-3) 17
DPTR FM NORMAL -24 PTCLDY (SCALE 4-7) 5
TOTAL FM JUL 1 100 CLOUDY (SCALE 8-10) 8
DPTR FM NORMAL -38
[CDD (BASE 65) ]
TOTAL THIS MO. 119
DPTR FM NORMAL 50 [PRESSURE DATA]
TOTAL FM JAN 1 961 HIGHEST SLP 30.55 ON 29
DPTR FM NORMAL 260 LOWEST SLP 29.65 ON 25
[REMARKS]
#FINAL-09-22#