000
CXUS54 KEWX 011010
CF6BAZ
PRELIMINARY LOCAL CLIMATOLOGICAL DATA (WS FORM: F-6)
STATION: NEW BRAUNFELS
MONTH: OCTOBER
YEAR: 2021
LATITUDE: 29 43 N
LONGITUDE: 98 3 W
TEMPERATURE IN F: :PCPN: SNOW: WIND :SUNSHINE: SKY :PK WND
================================================================================
1 2 3 4 5 6A 6B 7 8 9 10 11 12 13 14 15 16 17 18
12Z AVG MX 2MIN
DY MAX MIN AVG DEP HDD CDD WTR SNW DPTH SPD SPD DIR MIN PSBL S-S WX SPD DR
================================================================================
1 88 68 78 2 0 13 0.79 M 0 7.7 18 10 M M 5 13 26 20
2 89 69 79 3 0 14 0.00 M M 1.8 9 50 M M 5 12 70
3 92 69 81 6 0 16 0.00 M M 4.6 15 30 M M 1 1 19 30
4 91 65 78 3 0 13 0.00 M M 5.9 18 360 M M 0 27 350
5 91 60 76 1 0 11 0.00 M M 7.0 14 350 M M 0 19 10
6 90 60 75 1 0 10 0.00 M M 3.9 9 200 M M 1 12 170
7 90 62 76 2 0 11 0.00 M M 4.6 14 210 M M 0 19 180
8 89 61 75 1 0 10 0.00 M M 5.2 15 190 M M 0 1 19 190
9 88 58 73 -1 0 8 0.00 M M 6.3 16 200 M M 1 12 23 180
10 92 68 80 7 0 15 0.00 M M 13.8 24 160 M M 8 1 35 170
11 85 63 74 1 0 9 0.31 M M 6.9 21 340 M M 6 13 29 350
12 91 73 82 9 0 17 0.18 M M 11.1 23 180 M M 7 138 34 170
13 90 71 81 9 0 16 0.88 M M 14.4 22 180 M M 9 13 31 180
14 84 69 77 5 0 12 2.83 0.0 0 4.4 16 50 M M 7 13 22 40
15 91 67 79 7 0 14 0.02 0.0 0 7.4 22 360 M M 6 18 31 20
16 76 55 66 -5 0 1 0.00 M M 11.5 24 50 M M 1 31 50
17 75 47 61 -10 4 0 0.00 M M 4.3 13 100 M M 0 16 70
18 79 47 63 -8 2 0 0.00 M M 6.6 13 160 M M 0 18 160
19 85 55 70 0 0 5 0.00 0.0 0 6.9 17 160 M M 1 22 180
20 84 62 73 3 0 8 0.00 0.0 0 1.6 9 200 M M 5 12 13 210
21 86 62 74 4 0 9 0.00 M M 3.4 9 20 M M 2 1 13 40
22 86 62 74 5 0 9 0.00 M M 4.1 12 140 M M 1 1 16 140
23 88 67 78 9 0 13 T M M 7.8 18 140 M M 5 12 28 200
24 87 69 78 9 0 13 0.00 M M 5.2 14 180 M M 6 1 19 170
25 89 69 79 11 0 14 0.00 M M 5.3 15 120 M M 5 1 20 130
26 89 69 79 11 0 14 0.00 M M 11.2 23 150 M M 7 1 32 160
27 80 57 69 1 0 4 0.76 M M 13.3 36 330 M M 5 13 48 340
28 81 52 67 0 0 2 0.00 M M 14.4 29 330 M M 0 42 340
29 78 47 63 -4 2 0 0.00 M M 10.6 24 330 M M 0 31 330
30 80 46 63 -3 2 0 0.00 M M 5.6 14 210 M M 0 18 210
31 84 48 66 0 0 1 0.00 M M 5.8 15 140 M M 0 20 170
================================================================================
SM 2668 1897 10 282 5.77 0.0 222.6 M 94
================================================================================
AV 86.1 61.2 7.2 FASTST M M 3 MAX(MPH)
MISC ----> 36 330 48 340
================================================================================
NOTES:
# LAST OF SEVERAL OCCURRENCES
COLUMN 17 PEAK WIND IN M.P.H.
PRELIMINARY LOCAL CLIMATOLOGICAL DATA (WS FORM: F-6) , PAGE 2
STATION: NEW BRAUNFELS
MONTH: OCTOBER
YEAR: 2021
LATITUDE: 29 43 N
LONGITUDE: 98 3 W
[TEMPERATURE DATA] [PRECIPITATION DATA] SYMBOLS USED IN COLUMN 16
AVERAGE MONTHLY: 73.6 TOTAL FOR MONTH: 5.77 1 = FOG OR MIST
DPTR FM NORMAL: 2.3 DPTR FM NORMAL: 2.47 2 = FOG REDUCING VISIBILITY
HIGHEST: 92 ON 10, 3 GRTST 24HR 3.71 ON 13-14 TO 1/4 MILE OR LESS
LOWEST: 46 ON 30 3 = THUNDER
SNOW, ICE PELLETS, HAIL 4 = ICE PELLETS
TOTAL MONTH: 0.0 INCH 5 = HAIL
GRTST 24HR 0.0 6 = FREEZING RAIN OR DRIZZLE
GRTST DEPTH: 0 7 = DUSTSTORM OR SANDSTORM:
VSBY 1/2 MILE OR LESS
8 = SMOKE OR HAZE
[NO. OF DAYS WITH] [WEATHER - DAYS WITH] 9 = BLOWING SNOW
X = TORNADO
MAX 32 OR BELOW: 0 0.01 INCH OR MORE: 7
MAX 90 OR ABOVE: 9 0.10 INCH OR MORE: 6
MIN 32 OR BELOW: 0 0.50 INCH OR MORE: 4
MIN 0 OR BELOW: 0 1.00 INCH OR MORE: 1
[HDD (BASE 65) ]
TOTAL THIS MO. 10 CLEAR (SCALE 0-3) 17
DPTR FM NORMAL -22 PTCLDY (SCALE 4-7) 12
TOTAL FM JUL 1 10 CLOUDY (SCALE 8-10) 2
DPTR FM NORMAL -21
[CDD (BASE 65) ]
TOTAL THIS MO. 282
DPTR FM NORMAL 56 [PRESSURE DATA]
TOTAL FM JAN 1 3079 HIGHEST SLP 30.34 ON 16
DPTR FM NORMAL 11 LOWEST SLP 29.55 ON 27
[REMARKS]
#FINAL-10-21#