000
CXUS53 KFGF 010815
CF6BDE
PRELIMINARY LOCAL CLIMATOLOGICAL DATA (WS FORM: F-6)
STATION: BAUDETTE MN
MONTH: JUNE
YEAR: 2023
LATITUDE: 48 43 N
LONGITUDE: 94 36 W
TEMPERATURE IN F: :PCPN: SNOW: WIND :SUNSHINE: SKY :PK WND
================================================================================
1 2 3 4 5 6A 6B 7 8 9 10 11 12 13 14 15 16 17 18
12Z AVG MX 2MIN
DY MAX MIN AVG DEP HDD CDD WTR SNW DPTH SPD SPD DIR MIN PSBL S-S WX SPD DR
================================================================================
1 89 64 77 19 0 12 0.52 M M 6.9 21 140 M M 4 3 29 130
2 85 67 76 17 0 11 0.13 M M 7.8 17 110 M M 4 3 24 120
3 88 66 77 18 0 12 0.00 M M 5.1 12 120 M M 1 16 110
4 88 66 77 18 0 12 T M M 4.3 17 120 M M 1 3 23 120
5 86 67 77 17 0 12 T M M 6.0 17 170 M M 3 3 28 170
6 83 62 73 13 0 8 0.00 M M 9.6 16 100 M M 3 18 22 100
7 67 57 62 2 3 0 T M M 6.8 15 120 M M 7 20 140
8 80 57 69 9 0 4 0.00 M M 5.3 13 140 M M 3 17 130
9 82 57 70 9 0 5 T M M 3.3 30 20 M M 3 45 20
10 70 47 59 -2 6 0 0.00 M M 10.0 20 20 M M 3 30 70
11 74 42 58 -3 7 0 0.00 M M 4.6 14 320 M M 0 22 310
12 82 48 65 3 0 0 0.00 M M 4.6 12 320 M M 0 16 320
13 82 50 66 4 0 1 0.00 M M 4.8 13 330 M M 2 18 16 340
14 66 50 58 -4 7 0 0.00 M M 7.6 15 360 M M 3 8 23 350
15 72 47 60 -2 5 0 0.00 M M 7.2 14 120 M M 0 20 100
16 75 48 62 -1 3 0 0.00 M M 5.1 12 210 M M 1 17 190
17 78 57 68 5 0 3 T M M 5.0 13 160 M M 5 18 18 170
18 82 64 73 10 0 8 0.02 M M 5.0 13 170 M M 5 3 18 170
19 81 60 71 7 0 6 0.00 M M 9.7 16 130 M M 2 1 24 130
20 93 68 81 17 0 16 T M M 12.4 20 170 M M 0 32 200
21 89 67 78 14 0 13 0.05 M M 7.2 17 180 M M 3 3 27 190
22 87 62 75 11 0 10 0.18 0.0 0 7.9 20 340 M M 4 13 29 340
23 80 58 69 5 0 4 T 0.0 0 5.5 14 70 M M 2 21 30
24 68 62 65 1 0 0 0.83 0.0 0 11.0 18 70 M M 10 18 29 70
25 68 54 61 -4 4 0 0.05 0.0 0 7.7 13 20 M M 8 128 21 20
26 83 54 69 4 0 4 0.00 0.0 0 6.2 14 280 M M 0 1 22 280
27 83 56 70 5 0 5 1.43 0.0 0 5.6 28 320 M M 3 1238 39 300
28 75 62 69 4 0 4 0.14 0.0 0 4.7 9 230 M M 7 13 M M
29 80 60 70 5 0 5 T M M 5.7 21 320 M M 4 123 28 270
30 82 60 71 5 0 6 0.00 M M 6.7 15 310 M M 1 20 310
================================================================================
SM 2398 1739 35 161 3.35 0.0 199.3 M 92
================================================================================
AV 79.9 58.0 6.6 FASTST M M 3 MAX(MPH)
MISC ----> 30 20 45 20
================================================================================
NOTES:
# LAST OF SEVERAL OCCURRENCES
COLUMN 17 PEAK WIND IN M.P.H.
PRELIMINARY LOCAL CLIMATOLOGICAL DATA (WS FORM: F-6) , PAGE 2
STATION: BAUDETTE MN
MONTH: JUNE
YEAR: 2023
LATITUDE: 48 43 N
LONGITUDE: 94 36 W
[TEMPERATURE DATA] [PRECIPITATION DATA] SYMBOLS USED IN COLUMN 16
AVERAGE MONTHLY: 69.0 TOTAL FOR MONTH: 3.35 1 = FOG OR MIST
DPTR FM NORMAL: 6.6 DPTR FM NORMAL: -0.97 2 = FOG REDUCING VISIBILITY
HIGHEST: 93 ON 20 GRTST 24HR 1.43 ON 27-27 TO 1/4 MILE OR LESS
LOWEST: 42 ON 11 3 = THUNDER
SNOW, ICE PELLETS, HAIL 4 = ICE PELLETS
TOTAL MONTH: 0.0 INCH 5 = HAIL
GRTST 24HR 0.0 6 = FREEZING RAIN OR DRIZZLE
GRTST DEPTH: 0 7 = DUSTSTORM OR SANDSTORM:
VSBY 1/2 MILE OR LESS
8 = SMOKE OR HAZE
[NO. OF DAYS WITH] [WEATHER - DAYS WITH] 9 = BLOWING SNOW
X = TORNADO
MAX 32 OR BELOW: 0 0.01 INCH OR MORE: 9
MAX 90 OR ABOVE: 1 0.10 INCH OR MORE: 6
MIN 32 OR BELOW: 0 0.50 INCH OR MORE: 3
MIN 0 OR BELOW: 0 1.00 INCH OR MORE: 1
[HDD (BASE 65) ]
TOTAL THIS MO. 35 CLEAR (SCALE 0-3) 14
DPTR FM NORMAL -87 PTCLDY (SCALE 4-7) 14
TOTAL FM JUL 1 8907 CLOUDY (SCALE 8-10) 2
DPTR FM NORMAL -972
[CDD (BASE 65) ]
TOTAL THIS MO. 161
DPTR FM NORMAL 119 [PRESSURE DATA]
TOTAL FM JAN 1 207 HIGHEST SLP M ON M
DPTR FM NORMAL 159 LOWEST SLP 29.67 ON 18
[REMARKS]
#FINAL-06-23#