000
CXUS53 KFGF 010815
CF6BDE
PRELIMINARY LOCAL CLIMATOLOGICAL DATA (WS FORM: F-6)
STATION: BAUDETTE MN
MONTH: OCTOBER
YEAR: 2022
LATITUDE: 48 43 N
LONGITUDE: 94 36 W
TEMPERATURE IN F: :PCPN: SNOW: WIND :SUNSHINE: SKY :PK WND
================================================================================
1 2 3 4 5 6A 6B 7 8 9 10 11 12 13 14 15 16 17 18
12Z AVG MX 2MIN
DY MAX MIN AVG DEP HDD CDD WTR SNW DPTH SPD SPD DIR MIN PSBL S-S WX SPD DR
================================================================================
1 65 50 58 9 7 0 0.00 M M 8.2 14 110 M M 7 19 80
2 67 49 58 9 7 0 T M M 8.3 14 130 M M 4 19 130
3 73 53 63 15 2 0 0.00 M M 5.8 10 190 M M 5 16 180
4 73 57 65 17 0 0 0.00 M M 4.6 13 170 M M 8 18 180
5 74 46 60 12 5 0 T M M 9.7 25 330 M M 6 1 36 10
6 47 38 43 -4 22 0 T M M 12.3 23 360 M M 10 34 350
7 50 33 42 -4 23 0 0.00 M M 6.9 16 270 M M 4 23 280
8 62 36 49 3 16 0 0.00 M M 7.2 17 300 M M 3 24 300
9 59 32 46 0 19 0 0.46 M M 3.4 10 330 M M 3 12 17 310
10 64 30 47 2 18 0 0.00 M M 6.3 15 190 M M 1 12 24 150
11 74 47 61 16 4 0 0.00 M M 12.1 26 270 M M 1 41 280
12 51 37 44 0 21 0 0.03 M M 12.1 31 310 M M 7 40 300
13 40 34 37 -7 28 0 0.01 M M 12.6 20 280 M M 10 18 31 270
14 45 34 40 -3 25 0 0.05 M M 6.2 13 350 M M 9 1 17 50
15 46 34 40 -3 25 0 0.12 M M 13.2 26 320 M M 10 18 35 300
16 40 29 35 -7 30 0 0.01 M M 18.6 29 320 M M 10 18 37 300
17 36 26 31 -11 34 0 T M M 11.7 21 20 M M 8 30 40
18 40 22 31 -10 34 0 0.00 M M 5.8 14 340 M M 3 19 360
19 56 22 39 -2 26 0 0.00 M M 2.3 8 290 M M 1 11 290
20 57 27 42 2 23 0 0.00 M M 6.0 13 190 M M 0 17 200
21 62 44 53 13 12 0 0.00 0.0 0 7.9 18 320 M M 3 25 310
22 59 44 52 13 13 0 T M M 7.7 16 70 M M 5 22 70
23 76 42 59 20 6 0 0.05 M M 10.2 18 100 M M 2 3 28 110
24 67 40 54 16 11 0 0.07 M M 17.4 31 200 M M 9 13 52 200
25 40 35 38 0 27 0 T M M 9.2 17 270 M M 10 18 24 290
26 42 29 36 -2 29 0 0.00 M M 6.0 12 280 M M 7 19 230
27 58 28 43 6 22 0 0.00 M M 10.4 21 190 M M 6 32 200
28 64 43 54 18 11 0 0.00 M M 12.1 25 220 M M 0 37 230
29 59 33 46 10 19 0 0.00 M M 4.1 10 160 M M 0 128 15 210
30 60 29 45 10 20 0 0.00 0.0 0 2.4 6 160 M M 0 12 8 330
31 65 33 49 14 16 0 0.00 M M 7.0 16 230 M M 0 24 220
================================================================================
SM 1771 1136 555 0 0.80 0.0 267.7 M 152
================================================================================
AV 57.1 36.6 8.6 FASTST M M 5 MAX(MPH)
MISC ----> # 31 310 52 200
================================================================================
NOTES:
# LAST OF SEVERAL OCCURRENCES
COLUMN 17 PEAK WIND IN M.P.H.
PRELIMINARY LOCAL CLIMATOLOGICAL DATA (WS FORM: F-6) , PAGE 2
STATION: BAUDETTE MN
MONTH: OCTOBER
YEAR: 2022
LATITUDE: 48 43 N
LONGITUDE: 94 36 W
[TEMPERATURE DATA] [PRECIPITATION DATA] SYMBOLS USED IN COLUMN 16
AVERAGE MONTHLY: 46.9 TOTAL FOR MONTH: 0.80 1 = FOG OR MIST
DPTR FM NORMAL: 4.6 DPTR FM NORMAL: -1.46 2 = FOG REDUCING VISIBILITY
HIGHEST: 76 ON 23 GRTST 24HR 0.46 ON 9- 9 TO 1/4 MILE OR LESS
LOWEST: 22 ON 19,18 3 = THUNDER
SNOW, ICE PELLETS, HAIL 4 = ICE PELLETS
TOTAL MONTH: 0.0 INCH 5 = HAIL
GRTST 24HR 0.0 6 = FREEZING RAIN OR DRIZZLE
GRTST DEPTH: 0 7 = DUSTSTORM OR SANDSTORM:
VSBY 1/2 MILE OR LESS
8 = SMOKE OR HAZE
[NO. OF DAYS WITH] [WEATHER - DAYS WITH] 9 = BLOWING SNOW
X = TORNADO
MAX 32 OR BELOW: 0 0.01 INCH OR MORE: 8
MAX 90 OR ABOVE: 0 0.10 INCH OR MORE: 2
MIN 32 OR BELOW: 10 0.50 INCH OR MORE: 0
MIN 0 OR BELOW: 0 1.00 INCH OR MORE: 0
[HDD (BASE 65) ]
TOTAL THIS MO. 555 CLEAR (SCALE 0-3) 12
DPTR FM NORMAL -151 PTCLDY (SCALE 4-7) 11
TOTAL FM JUL 1 790 CLOUDY (SCALE 8-10) 8
DPTR FM NORMAL -331
[CDD (BASE 65) ]
TOTAL THIS MO. 0
DPTR FM NORMAL -1 [PRESSURE DATA]
TOTAL FM JAN 1 338 HIGHEST SLP M ON M
DPTR FM NORMAL 111 LOWEST SLP 29.23 ON 24
[REMARKS]
#FINAL-10-22#