000
CDUS41 KBOX 250557
CLIBDL


CLIMATE REPORT
NATIONAL WEATHER SERVICE BOSTON/NORTON MA
152 AM EDT FRI MAY 25 2018


...................................

...THE HARTFORD CT CLIMATE SUMMARY FOR MAY 24 2018...

CLIMATE NORMAL PERIOD 1981 TO 2010
CLIMATE RECORD PERIOD 1904 TO 2018


WEATHER ITEM   OBSERVED TIME   RECORD YEAR NORMAL DEPARTURE LAST
                VALUE   (LST)  VALUE       VALUE  FROM      YEAR
                                                  NORMAL
..................................................................
TEMPERATURE (F)
 YESTERDAY
  MAXIMUM         82    359 PM  95    1964  74      8       75
  MINIMUM         52    411 AM  35    1963  50      2       54
                                      1956
  AVERAGE         67                        62      5       65

PRECIPITATION (IN)
  YESTERDAY        0.00          4.81 1989   0.17  -0.17     0.00
  MONTH TO DATE    2.11                      3.23  -1.12     3.11
  SINCE MAR 1     10.31                     10.57  -0.26    10.81
  SINCE JAN 1     19.30                     16.69   2.61    16.79

SNOWFALL (IN)
  YESTERDAY        0.0           0.0  2001   0.0    0.0      0.0
                                      2000
  MONTH TO DATE    0.0                       0.0    0.0      0.0
  SINCE MAR 1     24.2                       7.8   16.4     19.6
  SINCE JUL 1     56.0                      40.5   15.5     62.3
  SNOW DEPTH       0

DEGREE DAYS
 HEATING
  YESTERDAY        0                         5     -5        0
  MONTH TO DATE   87                       176    -89      196
  SINCE MAR 1   1562                      1491     71     1538
  SINCE JUL 1   5758                      5929   -171     5431

 COOLING
  YESTERDAY        2                         2      0        0
  MONTH TO DATE   50                        18     32       37
  SINCE MAR 1     50                        24     26       60
  SINCE JAN 1     50                        24     26       60
..................................................................


WIND (MPH)
  RESULTANT WIND SPEED   2   RESULTANT WIND DIRECTION   N (360)
  HIGHEST WIND SPEED    18   HIGHEST WIND DIRECTION     N (360)
  HIGHEST GUST SPEED    28   HIGHEST GUST DIRECTION     N (350)
  AVERAGE WIND SPEED     7.4


SKY COVER
  POSSIBLE SUNSHINE  MM
  AVERAGE SKY COVER 0.1


WEATHER CONDITIONS
 THE FOLLOWING WEATHER WAS RECORDED YESTERDAY.
  NO SIGNIFICANT WEATHER WAS OBSERVED.


RELATIVE HUMIDITY (PERCENT)
 HIGHEST    89           400 AM
 LOWEST     17          1200 PM
 AVERAGE    53

..........................................................


THE HARTFORD CT CLIMATE NORMALS FOR TODAY
                         NORMAL    RECORD    YEAR
 MAXIMUM TEMPERATURE (F)   74        93      2007
 MINIMUM TEMPERATURE (F)   50        33      1956


SUNRISE AND SUNSET
MAY 25 2018...........SUNRISE   522 AM EDT   SUNSET   814 PM EDT
MAY 26 2018...........SUNRISE   521 AM EDT   SUNSET   815 PM EDT


-  INDICATES NEGATIVE NUMBERS.
R  INDICATES RECORD WAS SET OR TIED.
MM INDICATES DATA IS MISSING.
T  INDICATES TRACE AMOUNT.




$$
