000
CDUS41 KBOX 182147
CLIBDL


CLIMATE REPORT
NATIONAL WEATHER SERVICE BOSTON/NORTON MA
537 PM EDT FRI MAY 18 2018


...................................

...THE HARTFORD CT CLIMATE SUMMARY FOR MAY 18 2018...
VALID TODAY AS OF 0500 PM LOCAL TIME.

CLIMATE NORMAL PERIOD 1981 TO 2010
CLIMATE RECORD PERIOD 1904 TO 2018


WEATHER ITEM   OBSERVED TIME   RECORD YEAR NORMAL DEPARTURE LAST
                VALUE   (LST)  VALUE       VALUE  FROM      YEAR
                                                  NORMAL
..................................................................
TEMPERATURE (F)
 TODAY
  MAXIMUM         69    348 PM  96    2017  72     -3       96
  MINIMUM         58    510 AM  31    1984  48     10       67
  AVERAGE         64                        60      4       82

PRECIPITATION (IN)
  TODAY            0.00          1.94 1922   0.14  -0.14     0.03
  MONTH TO DATE    1.59                      2.30  -0.71     3.06
  SINCE MAR 1      9.79                      9.64   0.15    10.76
  SINCE JAN 1     18.78                     15.76   3.02    16.74

SNOWFALL (IN)
  TODAY            0.0           0.0  2001   0.0    0.0      0.0
                                      2000
  MONTH TO DATE    0.0                       0.0    0.0      0.0
  SINCE MAR 1     24.2                       7.8   16.4     19.6
  SINCE JUL 1     56.0                      40.5   15.5     62.3
  SNOW DEPTH       0

DEGREE DAYS
 HEATING
  TODAY            1                         6     -5        0
  MONTH TO DATE   60                       144    -84      171
  SINCE MAR 1   1535                      1459     76     1513
  SINCE JUL 1   5731                      5897   -166     5406

 COOLING
  TODAY            0                         1     -1       17
  MONTH TO DATE   40                        11     29       27
  SINCE MAR 1     40                        17     23       50
  SINCE JAN 1     40                        17     23       50
..................................................................


WIND (MPH)
  HIGHEST WIND SPEED    18   HIGHEST WIND DIRECTION    NE (50)
  HIGHEST GUST SPEED    24   HIGHEST GUST DIRECTION    NE (50)
  AVERAGE WIND SPEED    10.2


SKY COVER
  POSSIBLE SUNSHINE  MM
  AVERAGE SKY COVER 0.8


WEATHER CONDITIONS
 THE FOLLOWING WEATHER WAS RECORDED TODAY.
  NO SIGNIFICANT WEATHER WAS OBSERVED.


RELATIVE HUMIDITY (PERCENT)
 HIGHEST    93          1200 AM
 LOWEST     34          1100 AM
 AVERAGE    64

..........................................................


THE HARTFORD CT CLIMATE NORMALS FOR TOMORROW
                         NORMAL    RECORD    YEAR
 MAXIMUM TEMPERATURE (F)   72        94      1962
 MINIMUM TEMPERATURE (F)   49        34      2009


SUNRISE AND SUNSET
MAY 18 2018...........SUNRISE   528 AM EDT   SUNSET   807 PM EDT
MAY 19 2018...........SUNRISE   527 AM EDT   SUNSET   808 PM EDT


-  INDICATES NEGATIVE NUMBERS.
R  INDICATES RECORD WAS SET OR TIED.
MM INDICATES DATA IS MISSING.
T  INDICATES TRACE AMOUNT.




$$
