000
CDUS41 KBOX 110553
CLIBDL


CLIMATE REPORT
NATIONAL WEATHER SERVICE BOSTON/NORTON MA
153 AM EDT WED APR 11 2018


...................................

...THE HARTFORD CT CLIMATE SUMMARY FOR APRIL 10 2018...

CLIMATE NORMAL PERIOD 1981 TO 2010
CLIMATE RECORD PERIOD 1904 TO 2018


WEATHER ITEM   OBSERVED TIME   RECORD YEAR NORMAL DEPARTURE LAST
                VALUE   (LST)  VALUE       VALUE  FROM      YEAR
                                                  NORMAL
..................................................................
TEMPERATURE (F)
 YESTERDAY
  MAXIMUM         43    404 PM  84    1922  58    -15       79
  MINIMUM         29    947 PM  21    1985  37     -8       42
  AVERAGE         36                        47    -11       61

PRECIPITATION (IN)
  YESTERDAY        0.10          2.47 1983   0.13  -0.03     0.00
  MONTH TO DATE    1.24                      1.26  -0.02     2.18
  SINCE MAR 1      3.89                      4.88  -0.99     6.11
  SINCE JAN 1     12.88                     11.00   1.88    12.09

SNOWFALL (IN)
  YESTERDAY        0.3           6.0  1996   0.1    0.2      0.0
  MONTH TO DATE    6.5                       0.8    5.7      0.5
  SINCE MAR 1     23.1                       7.2   15.9     19.6
  SINCE JUL 1     54.9                      39.9   15.0     62.3
  SNOW DEPTH       0

DEGREE DAYS
 HEATING
  YESTERDAY       29                        18     11        4
  MONTH TO DATE  278                       196     82      187
  SINCE MAR 1   1130                      1039     91     1164
  SINCE JUL 1   5326                      5477   -151     5057

 COOLING
  YESTERDAY        0                         0      0        0
  MONTH TO DATE    0                         0      0        0
  SINCE MAR 1      0                         0      0        0
  SINCE JAN 1      0                         0      0        0
..................................................................


WIND (MPH)
  RESULTANT WIND SPEED   1   RESULTANT WIND DIRECTION   N (20)
  HIGHEST WIND SPEED    13   HIGHEST WIND DIRECTION    NW (320)
  HIGHEST GUST SPEED    16   HIGHEST GUST DIRECTION    NW (320)
  AVERAGE WIND SPEED     3.5


SKY COVER
  POSSIBLE SUNSHINE  MM
  AVERAGE SKY COVER 0.8


WEATHER CONDITIONS
 THE FOLLOWING WEATHER WAS RECORDED YESTERDAY.
  LIGHT RAIN
  LIGHT SNOW
  FOG


RELATIVE HUMIDITY (PERCENT)
 HIGHEST   100          1100 AM
 LOWEST     59          1200 AM
 AVERAGE    80

..........................................................


THE HARTFORD CT CLIMATE NORMALS FOR TODAY
                         NORMAL    RECORD    YEAR
 MAXIMUM TEMPERATURE (F)   59        88      2017
 MINIMUM TEMPERATURE (F)   37        23      1909


SUNRISE AND SUNSET
APRIL 11 2018.........SUNRISE   617 AM EDT   SUNSET   727 PM EDT
APRIL 12 2018.........SUNRISE   615 AM EDT   SUNSET   728 PM EDT


-  INDICATES NEGATIVE NUMBERS.
R  INDICATES RECORD WAS SET OR TIED.
MM INDICATES DATA IS MISSING.
T  INDICATES TRACE AMOUNT.




$$
