000
CDUS41 KBOX 082141
CLIBDL


CLIMATE REPORT
NATIONAL WEATHER SERVICE BOSTON/NORTON MA
540 PM EDT SUN APR 8 2018


...................................

...THE HARTFORD CT CLIMATE SUMMARY FOR APRIL 8 2018...
VALID TODAY AS OF 0500 PM LOCAL TIME.

CLIMATE NORMAL PERIOD 1981 TO 2010
CLIMATE RECORD PERIOD 1904 TO 2018


WEATHER ITEM   OBSERVED TIME   RECORD YEAR NORMAL DEPARTURE LAST
                VALUE   (LST)  VALUE       VALUE  FROM      YEAR
                                                  NORMAL
..................................................................
TEMPERATURE (F)
 TODAY
  MAXIMUM         46    131 PM  89    1991  57    -11       52
  MINIMUM         26    558 AM  20    1982  36    -10       37
  AVERAGE         36                        47    -11       45

PRECIPITATION (IN)
  TODAY            0.00          1.44 1940   0.13  -0.13     0.00
  MONTH TO DATE    1.14                      1.00   0.14     2.18
  SINCE MAR 1      3.79                      4.62  -0.83     6.11
  SINCE JAN 1     12.78                     10.74   2.04    12.09

SNOWFALL (IN)
  TODAY            0.0           4.3  1956   0.0    0.0      0.0
  MONTH TO DATE    6.2                       0.6    5.6      0.5
  SINCE MAR 1     22.8                       7.0   15.8     19.6
  SINCE JUL 1     54.6                      39.7   14.9     62.3
  SNOW DEPTH       0

DEGREE DAYS
 HEATING
  TODAY           29                        19     10       20
  MONTH TO DATE  219                       160     59      168
  SINCE MAR 1   1071                      1003     68     1145
  SINCE JUL 1   5267                      5441   -174     5038

 COOLING
  TODAY            0                         0      0        0
  MONTH TO DATE    0                         0      0        0
  SINCE MAR 1      0                         0      0        0
  SINCE JAN 1      0                         0      0        0
..................................................................


WIND (MPH)
  HIGHEST WIND SPEED    23   HIGHEST WIND DIRECTION    NW (300)
  HIGHEST GUST SPEED    30   HIGHEST GUST DIRECTION    NW (320)
  AVERAGE WIND SPEED    10.4


SKY COVER
  POSSIBLE SUNSHINE  MM
  AVERAGE SKY COVER 0.7


WEATHER CONDITIONS
 THE FOLLOWING WEATHER WAS RECORDED TODAY.
  NO SIGNIFICANT WEATHER WAS OBSERVED.


RELATIVE HUMIDITY (PERCENT)
 HIGHEST    63           400 AM
 LOWEST     29          1200 PM
 AVERAGE    46

..........................................................


THE HARTFORD CT CLIMATE NORMALS FOR TOMORROW
                         NORMAL    RECORD    YEAR
 MAXIMUM TEMPERATURE (F)   58        85      1991
 MINIMUM TEMPERATURE (F)   36        23      1977


SUNRISE AND SUNSET
APRIL  8 2018.........SUNRISE   622 AM EDT   SUNSET   724 PM EDT
APRIL  9 2018.........SUNRISE   620 AM EDT   SUNSET   725 PM EDT


-  INDICATES NEGATIVE NUMBERS.
R  INDICATES RECORD WAS SET OR TIED.
MM INDICATES DATA IS MISSING.
T  INDICATES TRACE AMOUNT.




$$
